INSERT INTO `members` (`id`, `member_id`, `user_id`, `salutation`, `f_name`, `l_name`, `m_name`, `mother_name`, `gender`, `dob`, `marital_status`, `dom`, `contact`, `alt_contact`, `tel`, `email`, `alt_email`, `business_email`, `address_line_1`, `address_line_2`, `address_line_3`, `oaddress_line_1`, `oaddress_line_2`, `oaddress_line_3`, `office_phone`, `correspondence_address`, `direction`, `nearest_railway`, `website`, `blood_group`, `address`, `address2`, `city`, `pincode`, `alt_address`, `alt_city`, `alt_pincode`, `resident_proof`, `khanp`, `up_khanp`, `occupation`, `member_type`, `member_code`, `company_details`, `qualification`, `native_address`, `family_address`, `family_member_id`, `office_address`, `other_address`, `dist`, `is_member`, `inactive_reason`, `inactive_remark`, `inactive_date`, `native_pincode`, `profile_photo`, `member_update_regional`, `member_update_super_admin`, `is_sawarswani`, `approve_on`, `receipt_file`, `receipt_date`, `receipt_no`, `meeting_date`, `member_fee`, `created_at`, `updated_at`) VALUES
(8726, '', '8727', '', 'Damani', 'Pranav', 'Rajkumar', '', '', '', '', '', '9167074198', '', '', 'pranavdamani96@gmail.com,', '', NULL, NULL, NULL, NULL, NULL, NULL, NULL, NULL, NULL, NULL, NULL, NULL, '', '27, Sudarshan Building, 14th Floor,', '22 L. D. Ruparel Margm Malabar Hill', 'MUMBAI', '400006', '', '', '', '', '', '', '', 'LM', '8435', '', '', '', '', NULL, '', '', '', 1, '', '', '', '', '', '', '', 0, '', NULL, NULL, NULL, NULL, NULL, '43740.725', '43740.725'),
(8727, '', '8728', '', 'Mundhra', 'Apoorva', 'Akshay', '', '', '', '', '', '8888432558', '', '', 'apoorva.sonia89@gmail.com,', '', NULL, NULL, NULL, NULL, NULL, NULL, NULL, NULL, NULL, NULL, NULL, NULL, '', '1616/17, Raheja Classique', '2b, Link Road', 'MUMBAI', '400053', '', '', '', '', '', '', '', 'LM', '8436', '', '', '', '', NULL, '', '', '', 1, '', '', '', '', '', '', '', 0, '', NULL, NULL, NULL, NULL, NULL, '43740.72569', '43740.72569'),
(8728, '', '8729', '', 'Mundhra', 'Shradha', 'Satyanarayan', '', '', '', '', '', '9892686274', '', '', 'mshradha5@gmail.com,', '', NULL, NULL, NULL, NULL, NULL, NULL, NULL, NULL, NULL, NULL, NULL, NULL, '', '1616/17, Raheja Classique', '2b New Link Road', 'MUMBAI', '400053', '', '', '', '', '', '', '', 'LM', '8437', '', '', '', '', NULL, '', '', '', 1, '', '', '', '', '', '', '', 0, '', NULL, NULL, NULL, NULL, NULL, '43740.72639', '43740.72639'),
(8729, '', '8730', '', 'Mundhra', 'Akshay', 'Satyanarayan', '', '', '', '', '', '9833872324', '', '', 'akshay1902@gmail.com,', '', NULL, NULL, NULL, NULL, NULL, NULL, NULL, NULL, NULL, NULL, NULL, NULL, '', '1616/17, Raheja Classique', '2b, Link Road', 'MUMBAI', '400053', '', '', '', '', '', '', '', 'LM', '8438', '', '', '', '', NULL, '', '', '', 1, '', '', '', '', '', '', '', 0, '', NULL, NULL, NULL, NULL, NULL, '43740.72708', '43740.72708'),
(8730, '', '8731', '', 'Saboo', 'Asha', 'Radheshyam', '', '', '', '', '', '9820820144', '', '', 'ashasaboo43@gmail.com,', '', NULL, NULL, NULL, NULL, NULL, NULL, NULL, NULL, NULL, NULL, NULL, NULL, '', 'M4/9, Hiramani Ratan Society', 'Bangur Nagar', 'MUMBAI', '400104', '', '', '', '', '', '', '', 'LM', '8439', '', '', '', '', NULL, '', '', '', 1, '', '', '', '', '', '', '', 0, '', NULL, NULL, NULL, NULL, NULL, '43740.72778', '43740.72778'),
(8731, '', '8732', '', 'Malpani', 'Gayatri', 'Arunkumar', '', '', '', '', '', '8080250521', '', '', 'arunkumar_9999@rediffmail.com', '', NULL, NULL, NULL, NULL, NULL, NULL, NULL, NULL, NULL, NULL, NULL, NULL, '', 'L-9/16, Jal Ratan Deep,', 'Bangur Nagar', 'MUMBAI', '400104', '', '', '', '', '', '', '', 'LM', '8440', '', '', '', '', NULL, '', '', '', 1, '', '', '', '', '', '', '', 0, '', NULL, NULL, NULL, NULL, NULL, '43740.72847', '43740.72847'),
(8732, '', '8733', '', 'Baheti', 'Pramita', 'Govind', '', '', '', '', '', '7738843084', '', '', 'ca.pramita.rathi@gmail.com,', '', NULL, NULL, NULL, NULL, NULL, NULL, NULL, NULL, NULL, NULL, NULL, NULL, '', '802, Shrin Tower,shradhanand Road,', 'Near Shiv Sagar Hotel, Next To Syndicate Bank', 'MUMBAI', '400057', '', '', '', '', '', '', '', 'LM', '8441', '', '', '', '', NULL, '', '', '', 1, '', '', '', '', '', '', '', 0, '', NULL, NULL, NULL, NULL, NULL, '43740.72917', '43740.72917'),
(8733, '', '8734', '', 'Kothari', 'Aniruddha', 'Ashwin', '', '', '', '', '', '9892251444', '', '', 'kothari.aniruddha@gmail.com,', '', NULL, NULL, NULL, NULL, NULL, NULL, NULL, NULL, NULL, NULL, NULL, NULL, '', '803, Sangam Building,', 'Peddar Road', 'MUMBAI', '400026', '', '', '', '', '', '', '', 'LM', '8442', '', '', '', '', NULL, '', '', '', 1, '', '', '', '', '', '', '', 0, '', NULL, NULL, NULL, NULL, NULL, '43740.72986', '43740.72986'),
(8734, '', '8735', '', 'Kothari', 'Anish', 'Ashwin', '', '', '', '', '', '9892551444', '', '', 'kothari.anish19@gmail.com,', '', NULL, NULL, NULL, NULL, NULL, NULL, NULL, NULL, NULL, NULL, NULL, NULL, '', '803, Sangam Building,', 'Peddar Road', 'MUMBAI', '400026', '', '', '', '', '', '', '', 'LM', '8443', '', '', '', '', NULL, '', '', '', 1, '', '', '', '', '', '', '', 0, '', NULL, NULL, NULL, NULL, NULL, '43740.73056', '43740.73056'),
(8735, '', '8736', '', 'Biyani', 'Tanushree', 'Vivek', '', '', '', '', '', '9004922222', '', '', 'tdhoot@gmail.com,', '', NULL, NULL, NULL, NULL, NULL, NULL, NULL, NULL, NULL, NULL, NULL, NULL, '', '3603, B-wing, Vivarea Towers', 'Jacob Circle', 'MUMBAI', '400011', '', '', '', '', '', '', '', 'LM', '8444', '', '', '', '', NULL, '', '', '', 1, '', '', '', '', '', '', '', 0, '', NULL, NULL, NULL, NULL, NULL, '43740.73125', '43740.73125'),
(8736, '', '8737', '', 'Biyani', 'Keshav', 'Vijay', '', '', '', '', '', '9820866152', '', '', 'keshav.biyani@futuregroup.in,', '', NULL, NULL, NULL, NULL, NULL, NULL, NULL, NULL, NULL, NULL, NULL, NULL, '', '3603, B-wing, Vivarea Towers', 'Jacob Circle', 'MUMBAI', '400011', '', '', '', '', '', '', '', 'LM', '8445', '', '', '', '', NULL, '', '', '', 1, '', '', '', '', '', '', '', 0, '', NULL, NULL, NULL, NULL, NULL, '43740.73194', '43740.73194'),
(8737, '', '8738', '', 'Biyani', 'Vivek', 'Vijay', '', '', '', '', '', '9323715875', '', '', 'vivek.biyani@futuregroup.in,', '', NULL, NULL, NULL, NULL, NULL, NULL, NULL, NULL, NULL, NULL, NULL, NULL, '', '3601, B-wing, Vivarea Towers', 'Jacob Circle', 'MUMBAI', '400011', '', '', '', '', '', '', '', 'LM', '8446', '', '', '', '', NULL, '', '', '', 1, '', '', '', '', '', '', '', 0, '', NULL, NULL, NULL, NULL, NULL, '43740.73264', '43740.73264'),
(8738, '', '8739', '', 'Damani', 'Yamini', 'Amit', '', '', '', '', '', '9833779161', '', '', 'yaminirameshh@gmail.com,', '', NULL, NULL, NULL, NULL, NULL, NULL, NULL, NULL, NULL, NULL, NULL, NULL, '', 'C-2201, Beaumonde,', 'Appasaheb Marathe Marg', 'MUMBAI', '400025', '', '', '', '', '', '', '', 'LM', '8447', '', '', '', '', NULL, '', '', '', 1, '', '', '', '', '', '', '', 0, '', NULL, NULL, NULL, NULL, NULL, '43740.73333', '43740.73333'),
(8739, '', '8740', '', 'Damani', 'Amit', 'Maheshkumar', '', '', '', '', '', '9323220125', '', '', 'amitdamani188@gmail.com,', '', NULL, NULL, NULL, NULL, NULL, NULL, NULL, NULL, NULL, NULL, NULL, NULL, '', 'C-2201, Beaumonde,', 'Appasaheb Marathe Marg', 'MUMBAI', '400025', '', '', '', '', '', '', '', 'LM', '8448', '', '', '', '', NULL, '', '', '', 1, '', '', '', '', '', '', '', 0, '', NULL, NULL, NULL, NULL, NULL, '43740.73403', '43740.73403'),
(8740, '', '8741', '', 'Damani', 'Parul', 'Aditya', '', '', '', '', '', '9920517310', '', '', '85parul@gmail.com,', '', NULL, NULL, NULL, NULL, NULL, NULL, NULL, NULL, NULL, NULL, NULL, NULL, '', 'C-2201, Beaumonde,', 'Appasaheb Marathe Marg', 'MUMBAI', '400025', '', '', '', '', '', '', '', 'LM', '8449', '', '', '', '', NULL, '', '', '', 1, '', '', '', '', '', '', '', 0, '', NULL, NULL, NULL, NULL, NULL, '43740.73472', '43740.73472'),
(8741, '', '8742', '', 'Damani', 'Aditya', 'Maheshkumar', '', '', '', '', '', '9820603150', '', '', 'adityadamani@gmail.com,', '', NULL, NULL, NULL, NULL, NULL, NULL, NULL, NULL, NULL, NULL, NULL, NULL, '', 'C-2201, Beaumonde,', 'Appasaheb Marathe Marg', 'MUMBAI', '400025', '', '', '', '', '', '', '', 'LM', '8450', '', '', '', '', NULL, '', '', '', 1, '', '', '', '', '', '', '', 0, '', NULL, NULL, NULL, NULL, NULL, '43740.73542', '43740.73542'),
(8742, '', '8743', '', 'Heda', 'Jugalkishore', 'Madanlal', '', '', '', '', '', '9820888915', '', '', 'skcc.jkheda@gmail.com,', '', NULL, NULL, NULL, NULL, NULL, NULL, NULL, NULL, NULL, NULL, NULL, NULL, '', '75/79, Old Hanuman Lane', '4th Floor', 'MUMBAI', '400002', '', '', '', '', '', '', '', 'LM', '8451', '', '', '', '', NULL, '', '', '', 1, '', '', '', '', '', '', '', 0, '', NULL, NULL, NULL, NULL, NULL, '43740.73611', '43740.73611'),
(8743, '', '8744', '', 'Kabra', 'Chaya', 'Jagmohan', '', '', '', '', '', '9821352771', '', '', 'jkabra@vsnl.net,', '', NULL, NULL, NULL, NULL, NULL, NULL, NULL, NULL, NULL, NULL, NULL, NULL, '', '3-a, Lands End, 29-d Dongersi Road', 'Nr. St. Elezabeth Hospital, Malabar Hill', 'MUMBAI', '400006', '', '', '', '', '', '', '', 'LM', '8452', '', '', '', '', NULL, '', '', '', 1, '', '', '', '', '', '', '', 0, '', NULL, NULL, NULL, NULL, NULL, '43740.73681', '43740.73681'),
(8744, '', '8745', '', 'Saboo', 'Navin', 'Roopnarayan', '', '', '', '', '', '9820274031', '', '', 'navin_saboo12@rediffmail.com,', '', NULL, NULL, NULL, NULL, NULL, NULL, NULL, NULL, NULL, NULL, NULL, NULL, '', 'Shree Vishnu Bhawan, 27a, 12, 2nd Floor', 'K.a.s. Road,', 'MUMBAI', '400019', '', '', '', '', '', '', '', 'LM', '8453', '', '', '', '', NULL, '', '', '', 1, '', '', '', '', '', '', '', 0, '', NULL, NULL, NULL, NULL, NULL, '43740.7375', '43740.7375'),
(8745, '', '8746', '', 'Saboo', 'Krishnadevi', 'Navin', '', '', '', '', '', '9833398379', '', '', 'krishnasaboo1003@gmail.com,', '', NULL, NULL, NULL, NULL, NULL, NULL, NULL, NULL, NULL, NULL, NULL, NULL, '', 'Plot No E -104, 2nd floor,', 'Near Rajeev Gandhi Garden, Sector -3, Airali Navi Mumbai', '', '400708', '', '', '', '', '', '', '', 'LM', '8454', '', '', '', '', NULL, '', '', '', 1, '', '', '', '', '', '', '', 0, '', NULL, NULL, NULL, NULL, NULL, '43740.73819', '43740.73819'),
(8746, '', '8747', '', 'Malpani', 'Vipul', 'Goplkrishna', '', '', '', '', '', '9029373202', '', '', 'vp', '', NULL, NULL, NULL, NULL, NULL, NULL, NULL, NULL, NULL, NULL, NULL, NULL, '', 'Flat No. 303, Bldg. No. A-2/9', 'Nirmal Gokuldham', 'MUMBAI', '400063', '', '', '', '', '', '', '', 'LM', '8455', '', '', '', '', NULL, '', '', '', 1, '', '', '', '', '', '', '', 0, '', NULL, NULL, NULL, NULL, NULL, '43740.73889', '43740.73889'),
(8747, '', '8748', '', 'Bharadia', 'Preeti', 'Ashish', '', '', '', '', '', '9768009603', '', '', 'preetiab09@gmail.com,', '', NULL, NULL, NULL, NULL, NULL, NULL, NULL, NULL, NULL, NULL, NULL, NULL, '', 'E-1101, Krishna Residency', 'Nr. Dalmiya College, Behind Sunder Nagar', 'MUMBAI', '400064', '', '', '', '', '', '', '', 'LM', '8456', '', '', '', '', NULL, '', '', '', 1, '', '', '', '', '', '', '', 0, '', NULL, NULL, NULL, NULL, NULL, '43740.73958', '43740.73958'),
(8748, '', '8749', '', 'Bharadiya', 'Ashish', 'Nandkishor', '', '', '', '', '', '9920032444', '', '', 'aashishnb@rediffmail.com, aashishnb@gmail.com', '', NULL, NULL, NULL, NULL, NULL, NULL, NULL, NULL, NULL, NULL, NULL, NULL, '', 'E-1101, Krishna Residency', 'Near Dalmia College, B/h Sunder Nagar', 'MUMBAI', '400064', '', '', '', '', '', '', '', 'LM', '8457', '', '', '', '', NULL, '', '', '', 1, '', '', '', '', '', '', '', 0, '', NULL, NULL, NULL, NULL, NULL, '43740.74028', '43740.74028'),
(8749, '', '8750', '', 'Lahoti', 'Ayush', 'Deepak', '', '', '', '', '', '9967595749', '', '', 'ayush.lahoti@gmail.com,', '', NULL, NULL, NULL, NULL, NULL, NULL, NULL, NULL, NULL, NULL, NULL, NULL, '', '3/13, Ameeta Bldg. J. Bhosale Marg', 'Opp. Y.b. Chauan Hall', 'MUMBAI', '400021', '', '', '', '', '', '', '', 'LM', '8458', '', '', '', '', NULL, '', '', '', 1, '', '', '', '', '', '', '', 0, '', NULL, NULL, NULL, NULL, NULL, '43740.74097', '43740.74097'),
(8750, '', '8751', '', 'Damani', 'Anushree', 'Anand', '', '', '', '', '', '9322920370', '', '', 'anushreedammani@gmail.com,', '', NULL, NULL, NULL, NULL, NULL, NULL, NULL, NULL, NULL, NULL, NULL, NULL, '', 'C-3, Kshitij CHS Ltd. New Sai Baba Nagar', 'Behind Bhatia School', 'MUMBAI', '400067', '', '', '', '', '', '', '', 'LM', '8459', '', '', '', '', NULL, '', '', '', 1, '', '', '', '', '', '', '', 0, '', NULL, NULL, NULL, NULL, NULL, '43740.74167', '43740.74167'),
(8751, '', '8752', '', 'Damani', 'Priyanka', 'Sarvottam', '', '', '', '', '', '9324197678', '', '', 'priyankadamani81@gmail.com,', '', NULL, NULL, NULL, NULL, NULL, NULL, NULL, NULL, NULL, NULL, NULL, NULL, '', 'C-3, Kshitij CHS Ltd. New Sai Baba Nagar', 'Behind Bhatia School', 'MUMBAI', '400067', '', '', '', '', '', '', '', 'LM', '8460', '', '', '', '', NULL, '', '', '', 1, '', '', '', '', '', '', '', 0, '', NULL, NULL, NULL, NULL, NULL, '43740.74236', '43740.74236'),
(8752, '', '8753', '', 'Damani', 'Anuj', 'Anand', '', '', '', '', '', '9892002017', '', '', 'anujdamani97@gmail.com,', '', NULL, NULL, NULL, NULL, NULL, NULL, NULL, NULL, NULL, NULL, NULL, NULL, '', 'C-3, Kshitij CHS Ltd. New Sai Baba Nagar', 'Behind Bhatia School', 'MUMBAI', '400067', '', '', '', '', '', '', '', 'LM', '8461', '', '', '', '', NULL, '', '', '', 1, '', '', '', '', '', '', '', 0, '', NULL, NULL, NULL, NULL, NULL, '43740.74306', '43740.74306'),
(8753, '', '8754', '', 'Damani', 'Vimala', 'Shyamlal', '', '', '', '', '', '98200007827', '', '', 'damanivimala@gmail.com,', '', NULL, NULL, NULL, NULL, NULL, NULL, NULL, NULL, NULL, NULL, NULL, NULL, '', 'C-3, Kshitij CHS Ltd. New Sai Baba Nagar', 'Behind Bhatia School', 'MUMBAI', '400067', '', '', '', '', '', '', '', 'LM', '8462', '', '', '', '', NULL, '', '', '', 1, '', '', '', '', '', '', '', 0, '', NULL, NULL, NULL, NULL, NULL, '43740.74375', '43740.74375'),
(8754, '', '8755', '', 'Kothari', 'Kamal', 'Dhanraj', '', '', '', '', '', '9819059878', '', '', 'kothari.kamal@gmail.com,', '', NULL, NULL, NULL, NULL, NULL, NULL, NULL, NULL, NULL, NULL, NULL, NULL, '', 'Flat No. 1002, 10th Floor, Dheeraj Savera CHSl.', 'Siddharth Nagar', 'MUMBAI', '400066', '', '', '', '', '', '', '', 'LM', '8463', '', '', '', '', NULL, '', '', '', 1, '', '', '', '', '', '', '', 0, '', NULL, NULL, NULL, NULL, NULL, '43740.74444', '43740.74444'),
(8755, '', '8756', '', 'Naval', 'Seema', 'Rajesh', '', '', '', '', '', '9594076251', '', '', 'seemarajeshnaval@gmail.com,', '', NULL, NULL, NULL, NULL, NULL, NULL, NULL, NULL, NULL, NULL, NULL, NULL, '', 'C-501, Manav Mandir', 'Siddharth Nagar, Vidhya Niketan Marg', 'MUMBAI', '400062', '', '', '', '', '', '', '', 'LM', '8464', '', '', '', '', NULL, '', '', '', 1, '', '', '', '', '', '', '', 0, '', NULL, NULL, NULL, NULL, NULL, '43740.74514', '43740.74514'),
(8756, '', '8757', '', 'Mimani', 'Saritadevi', 'Jagdishprasad', '', '', '', '', '', '9022766424', '', '', 'mimanisarita@gmail.com,', '', NULL, NULL, NULL, NULL, NULL, NULL, NULL, NULL, NULL, NULL, NULL, NULL, '', 'Mimani House, Building No. 8, Assembly Lane', '3rd Floor, Dadiseth Agyari Lane', 'MUMBAI', '400002', '', '', '', '', '', '', '', 'LM', '8465', '', '', '', '', NULL, '', '', '', 1, '', '', '', '', '', '', '', 0, '', NULL, NULL, NULL, NULL, NULL, '43740.74583', '43740.74583'),
(8757, '', '8758', '', 'Mimani', 'Kiran', 'Radheshyam', '', '', '', '', '', '9022765424', '', '', 'kiranmimani@gmail.com,', '', NULL, NULL, NULL, NULL, NULL, NULL, NULL, NULL, NULL, NULL, NULL, NULL, '', 'Mimani House, Building No. 8, Assembly Lane', '4th Floor, Dadiseth Agyari Lane', 'MUMBAI', '400002', '', '', '', '', '', '', '', 'LM', '8466', '', '', '', '', NULL, '', '', '', 1, '', '', '', '', '', '', '', 0, '', NULL, NULL, NULL, NULL, NULL, '43740.74653', '43740.74653'),
(8758, '', '8759', '', 'Karwa', 'Manju', 'Narayan', '', '', '', '', '', '8080843434', '', '', 'manjukarwa1961@gmail.com,', '', NULL, NULL, NULL, NULL, NULL, NULL, NULL, NULL, NULL, NULL, NULL, NULL, '', 'Kamal Kunj, 87-b, Bomanji Petit Road', 'Near Parsi General Hospital', 'MUMBAI', '400036', '', '', '', '', '', '', '', 'LM', '8467', '', '', '', '', NULL, '', '', '', 1, '', '', '', '', '', '', '', 0, '', NULL, NULL, NULL, NULL, NULL, '43740.74722', '43740.74722'),
(8759, '', '8760', '', 'Maheshwari', 'Ashwin', 'Roopchand', '', '', '', '', '', '9220275629', '', '', 'ashwinmaheshwari781@gmail.com,', '', NULL, NULL, NULL, NULL, NULL, NULL, NULL, NULL, NULL, NULL, NULL, NULL, '', 'Room No.5,kotushingh Chawl', 'Carter Road No.3', 'MUMBAI', '400066', '', '', '', '', '', '', '', 'LM', '8468', '', '', '', '', NULL, '', '', '', 1, '', '', '', '', '', '', '', 0, '', NULL, NULL, NULL, NULL, NULL, '43740.74792', '43740.74792'),
(8760, '', '8761', '', 'Jhawar', 'Pratiksha', 'Maneesh', '', '', '', '', '', '9833986133', '', '', 'meenu.jhawar03@gmail.com,', '', NULL, NULL, NULL, NULL, NULL, NULL, NULL, NULL, NULL, NULL, NULL, NULL, '', 'B-4102, One Avighna Park, B-wing', '41 Floor, Curry Road,', 'MUMBAI', '400012', '', '', '', '', '', '', '', 'LM', '8469', '', '', '', '', NULL, '', '', '', 1, '', '', '', '', '', '', '', 0, '', NULL, NULL, NULL, NULL, NULL, '43740.74861', '43740.74861'),
(8761, '', '8762', '', 'Naval', 'Rajesh', 'Shyamlal', '', '', '', '', '', '9702016251', '', '', 'rajesh.naval@adityabirla.com,', '', NULL, NULL, NULL, NULL, NULL, NULL, NULL, NULL, NULL, NULL, NULL, NULL, '', 'C-501, Manav Mandir', 'Vidhya Niketan Marg, Road No.17, Siddharth Nagar', 'MUMBAI', '400062', '', '', '', '', '', '', '', 'LM', '8470', '', '', '', '', NULL, '', '', '', 1, '', '', '', '', '', '', '', 0, '', NULL, NULL, NULL, NULL, NULL, '43740.74931', '43740.74931'),
(8762, '', '8763', '', 'Saboo', 'Monika', 'Pradeep', '', '', '', '', '', '9820098849', '', '', '', '', NULL, NULL, NULL, NULL, NULL, NULL, NULL, NULL, NULL, NULL, NULL, NULL, '', '3803 India Bulls Sky', 'Senapati Bapat Marg, Elphistone Road Lower Parel,(W),', 'MUMBAI', '400013', '', '', '', '', '', '', '', 'LM', '8471', '', '', '', '', NULL, '', '', '', 1, '', '', '', '', '', '', '', 0, '', NULL, NULL, NULL, NULL, NULL, '43740.75', '43740.75'),
(8763, '', '8764', '', 'Saboo', 'Monika', 'Pradeep', '', '', '', '', '', '9820055162', '', '', 'monika@guidelinetravels.com,', '', NULL, NULL, NULL, NULL, NULL, NULL, NULL, NULL, NULL, NULL, NULL, NULL, '', '3803, Sky Indiabulls Building,', 'Senapati Bapat Marg', 'MUMBAI', '400013', '', '', '', '', '', '', '', 'LM', '8471', '', '', '', '', NULL, '', '', '', 1, '', '', '', '', '', '', '', 0, '', NULL, NULL, NULL, NULL, NULL, '43740.75069', '43740.75069'),
(8764, '', '8765', '', 'Kabra', 'Gaurav', 'Mukesh', '', '', '', '', '', '9967565533', '', '', 'gauravkabra123@gmail.com,', '', NULL, NULL, NULL, NULL, NULL, NULL, NULL, NULL, NULL, NULL, NULL, NULL, '', '203/c, Suman Appt\'s Cross Road No.3', 'Lokhandwala Complex', 'MUMBAI', '400053', '', '', '', '', '', '', '', 'LM', '8472', '', '', '', '', NULL, '', '', '', 1, '', '', '', '', '', '', '', 0, '', NULL, NULL, NULL, NULL, NULL, '43740.75139', '43740.75139'),
(8765, '', '8766', '', 'Chandak', 'Rakesh', 'Gwaldas', '', '', '', '', '', '9820357833', '', '', 'rakeshchandak@rediffmail.com,', '', NULL, NULL, NULL, NULL, NULL, NULL, NULL, NULL, NULL, NULL, NULL, NULL, '', '401/a, Kukreja Palace', 'Vallabh Baug Lane Extention', 'MUMBAI', '400075', '', '', '', '', '', '', '', 'LM', '8473', '', '', '', '', NULL, '', '', '', 1, '', '', '', '', '', '', '', 0, '', NULL, NULL, NULL, NULL, NULL, '43740.75208', '43740.75208'),
(8766, '', '8767', '', 'Somani', 'Rucha', 'Anand', '', '', '', '', '', '8055515007', '', '', 'ruchafafat@gmail.com,', '', NULL, NULL, NULL, NULL, NULL, NULL, NULL, NULL, NULL, NULL, NULL, NULL, '', 'C-901, Jalaram Park,', 'Sonapur Signal, Lbs Road', 'MUMBAI', '400078', '', '', '', '', '', '', '', 'LM', '8474', '', '', '', '', NULL, '', '', '', 1, '', '', '', '', '', '', '', 0, '', NULL, NULL, NULL, NULL, NULL, '43740.75278', '43740.75278'),
(8767, '', '8768', '', 'Somani', 'Ashish', 'Sureshchandra', '', '', '', '', '', '9594545897', '', '', 'ashish.somani1985@gmail.com,', '', NULL, NULL, NULL, NULL, NULL, NULL, NULL, NULL, NULL, NULL, NULL, NULL, '', 'D-604, Sai Aasha Daya CHS.', 'Neelam Nagar', 'MUMBAI', '400081', '', '', '', '', '', '', '', 'LM', '8475', '', '', '', '', NULL, '', '', '', 1, '', '', '', '', '', '', '', 0, '', NULL, NULL, NULL, NULL, NULL, '43740.75347', '43740.75347'),
(8768, '', '8769', '', 'Binani', 'Kusum', 'Rajesh', '', '', '', '', '', '9321482868', '', '', 'kusummunna6@gmail.com,', '', NULL, NULL, NULL, NULL, NULL, NULL, NULL, NULL, NULL, NULL, NULL, NULL, '', '405/4,  Ashtavinayak CHS.', 'Pant Nagar, Samata Colony', 'MUMBAI', '400075', '', '', '', '', '', '', '', 'LM', '8476', '', '', '', '', NULL, '', '', '', 1, '', '', '', '', '', '', '', 0, '', NULL, NULL, NULL, NULL, NULL, '43740.75417', '43740.75417'),
(8769, '', '8770', '', 'Toshniwal', 'Ashish', 'Pradipkumar', '', '', '', '', '', '7208928828', '', '', 'ashishmaheshwari220@gmail.com,', '', NULL, NULL, NULL, NULL, NULL, NULL, NULL, NULL, NULL, NULL, NULL, NULL, '', 'D-31, Satyalakshmi, Flat No. 29', 'Pestom Sagar Road No. 4', 'MUMBAI', '400089', '', '', '', '', '', '', '', 'LM', '8477', '', '', '', '', NULL, '', '', '', 1, '', '', '', '', '', '', '', 0, '', NULL, NULL, NULL, NULL, NULL, '43740.75486', '43740.75486'),
(8770, '', '8771', '', 'Chandak', 'Rajkumar', 'Doongarmal', '', '', '', '', '', '9869425857', '', '', 'rajkumardchandak@gmail.com,', '', NULL, NULL, NULL, NULL, NULL, NULL, NULL, NULL, NULL, NULL, NULL, NULL, '', '144, Vidya Bhavan, 5th Floor, Flat No. 6,', 'Sitarm Poddar Mang, Fanaswadi,', 'MUMBAI', '400002', '', '', '', '', '', '', '', 'LM', '8478', '', '', '', '', NULL, '', '', '', 1, '', '', '', '', '', '', '', 0, '', NULL, NULL, NULL, NULL, NULL, '43740.75556', '43740.75556'),
(8771, '', '8772', '', 'Panpaliya', 'Vijay', 'Nandlal', '', '', '', '', '', '9869319141', '', '', 'kubertubeindia@gmail.com,', '', NULL, NULL, NULL, NULL, NULL, NULL, NULL, NULL, NULL, NULL, NULL, NULL, '', '185, Kali Dagdi Bldg, Room No. 15, 3rd Floor,', '3 Road Kumbharwada, M M Mahimturu Marg,', 'MUMBAI', '400004', '', '', '', '', '', '', '', 'LM', '8479', '', '', '', '', NULL, '', '', '', 1, '', '', '', '', '', '', '', 0, '', NULL, NULL, NULL, NULL, NULL, '43740.75625', '43740.75625'),
(8772, '', '8773', '', 'Chandak', 'Rohit', 'Rajkumar', '', '', '', '', '', '9773015876', '', '', 'chandakrohit1511@gmail.com,', '', NULL, NULL, NULL, NULL, NULL, NULL, NULL, NULL, NULL, NULL, NULL, NULL, '', '144, Vidya Bhavan, Room / Flat No, 6, 5th Floor, Fanaswadi', 'Sitaram Poddar Marg,', 'MUMBAI', '400002', '', '', '', '', '', '', '', 'LM', '8480', '', '', '', '', NULL, '', '', '', 1, '', '', '', '', '', '', '', 0, '', NULL, NULL, NULL, NULL, NULL, '43740.75694', '43740.75694'),
(8773, '', '8774', '', 'Sarda', 'Krishnav', 'Gopal', '', '', '', '', '', '8767161671', '', '', 'krishnav.sarda@gmail.com,', '', NULL, NULL, NULL, NULL, NULL, NULL, NULL, NULL, NULL, NULL, NULL, NULL, '', 'Mandhana Manor CHS, C/66, 6th Floor,', '18th Mogul Lane,', 'MUMBAI', '400016', '', '', '', '', '', '', '', 'LM', '8481', '', '', '', '', NULL, '', '', '', 1, '', '', '', '', '', '', '', 0, '', NULL, NULL, NULL, NULL, NULL, '43740.75764', '43740.75764'),
(8774, '', '8775', '', 'Pugalia', 'Manish', 'Gokuldas', '', '', '', '', '', '9322905782', '', '', '9322905782.in@gmail.com,', '', NULL, NULL, NULL, NULL, NULL, NULL, NULL, NULL, NULL, NULL, NULL, NULL, '', '601, Green Avenue , 1 Raheja Estate, Kulupwadi,', 'Near National  Park,', 'MUMBAI', '400066', '', '', '', '', '', '', '', 'LM', '8482', '', '', '', '', NULL, '', '', '', 1, '', '', '', '', '', '', '', 0, '', NULL, NULL, NULL, NULL, NULL, '43740.75833', '43740.75833'),
(8775, '', '8776', '', 'Pugalia', 'Sarita', 'Manish', '', '', '', '', '', '9322671443', '', '', 'saritapugalia@gmail.com,', '', NULL, NULL, NULL, NULL, NULL, NULL, NULL, NULL, NULL, NULL, NULL, NULL, '', '601, Green Avenue, 1. Raheja Eatate, Kulupwadi,', 'Near National Park,', 'MUMBAI', '400066', '', '', '', '', '', '', '', 'LM', '8483', '', '', '', '', NULL, '', '', '', 1, '', '', '', '', '', '', '', 0, '', NULL, NULL, NULL, NULL, NULL, '43740.75903', '43740.75903'),
(8776, '', '8777', '', 'Mundhra', 'Rishabh', 'Shankarlal', '', '', '', '', '', '9769818895', '', '', 'rishabhmundhra@live.com,', '', NULL, NULL, NULL, NULL, NULL, NULL, NULL, NULL, NULL, NULL, NULL, NULL, '', 'B -1/701, Jamunotri Sadan, Link Road', 'Bangur Nagar,link Road,', 'MUMBAI', '400104', '', '', '', '', '', '', '', 'LM', '8484', '', '', '', '', NULL, '', '', '', 1, '', '', '', '', '', '', '', 0, '', NULL, NULL, NULL, NULL, NULL, '43740.75972', '43740.75972'),
(8777, '', '8778', '', 'Toshniwal', 'Pranav', 'Jagdishchandra', '', '', '', '', '', '9815222337', '', '', 'ref-pranavtoshniwal@gmail.com,', '', NULL, NULL, NULL, NULL, NULL, NULL, NULL, NULL, NULL, NULL, NULL, NULL, '', 'A - 1101, Silver Leaf, Near Growels Mall', 'Akruli Raod,', 'MUMBAI', '400101', '', '', '', '', '', '', '', 'LM', '8485', '', '', '', '', NULL, '', '', '', 1, '', '', '', '', '', '', '', 0, '', NULL, NULL, NULL, NULL, NULL, '43740.76042', '43740.76042'),
(8778, '', '8779', '', 'Soni', 'Arpit', 'Girdhar', '', '', '', '', '', '9869693528', '', '', 'arpit10@hotmail.com,', '', NULL, NULL, NULL, NULL, NULL, NULL, NULL, NULL, NULL, NULL, NULL, NULL, '', '30/4, Sai Deep,', 'J.b.  Nagar,', 'MUMBAI', '400053', '', '', '', '', '', '', '', 'LM', '8486', '', '', '', '', NULL, '', '', '', 1, '', '', '', '', '', '', '', 0, '', NULL, NULL, NULL, NULL, NULL, '43740.76111', '43740.76111'),
(8779, '', '8780', '', 'Rathi', 'Raghav', 'Kamal', '', '', '', '', '', '9320769095', '', '', 'raghav9rathi@gmail.com,', '', NULL, NULL, NULL, NULL, NULL, NULL, NULL, NULL, NULL, NULL, NULL, NULL, '', '204, Rajendra Ratna', 'Mahesh Nagar,', 'MUMBAI', '400062', '', '', '', '', '', '', '', 'LM', '8487', '', '', '', '', NULL, '', '', '', 1, '', '', '', '', '', '', '', 0, '', NULL, NULL, NULL, NULL, NULL, '43740.76181', '43740.76181'),
(8780, '', '8781', '', 'Kabra', 'Sneh', 'Sanjay', '', '', '', '', '', '9967657235', '', '', 'sanjaykabra@gmail.com,', '', NULL, NULL, NULL, NULL, NULL, NULL, NULL, NULL, NULL, NULL, NULL, NULL, '', '1504, C-wing, Oberoi Gardens,', 'Thakur Village,', 'MUMBAI', '400101', '', '', '', '', '', '', '', 'LM', '8488', '', '', '', '', NULL, '', '', '', 1, '', '', '', '', '', '', '', 0, '', NULL, NULL, NULL, NULL, NULL, '43740.7625', '43740.7625'),
(8781, '', '8782', '', 'Baheti', 'Prachur', 'Sureshkumar', '', '', '', '', '', '9833041537', '', '', 'prachur.baheti@gmail.com,', '', NULL, NULL, NULL, NULL, NULL, NULL, NULL, NULL, NULL, NULL, NULL, NULL, '', 'T2/6, Sheesh Vinay,', 'Bangur Nagar', 'MUMBAI', '400104', '', '', '', '', '', '', '', 'LM', '8489', '', '', '', '', NULL, '', '', '', 1, '', '', '', '', '', '', '', 0, '', NULL, NULL, NULL, NULL, NULL, '43740.76319', '43740.76319'),
(8782, '', '8783', '', 'Maheshwari', 'Mehul', 'Dilip', '', '', '', '', '', '7506809269', '', '', 'mehu', '', NULL, NULL, NULL, NULL, NULL, NULL, NULL, NULL, NULL, NULL, NULL, NULL, '', 'A-1301, Ivy Towers, Vasant Valley', 'Near Dindoshi Bus Depot,', 'MUMBAI', '400097', '', '', '', '', '', '', '', 'LM', '8490', '', '', '', '', NULL, '', '', '', 1, '', '', '', '', '', '', '', 0, '', NULL, NULL, NULL, NULL, NULL, '43740.76389', '43740.76389'),
(8783, '', '8784', '', 'Jhawar', 'Akhilesh', 'Kishan', '', '', '', '', '', '9769249313', '', '', 'akhilesh.jhawar@gmail.com,', '', NULL, NULL, NULL, NULL, NULL, NULL, NULL, NULL, NULL, NULL, NULL, NULL, '', 'A/2014, Krishna Heights,', 'Upper Govind Nagar', 'MUMBAI', '400097', '', '', '', '', '', '', '', 'LM', '8491', '', '', '', '', NULL, '', '', '', 1, '', '', '', '', '', '', '', 0, '', NULL, NULL, NULL, NULL, NULL, '43740.76458', '43740.76458'),
(8784, '', '8785', '', 'Maheshwari', 'Niyati', 'Ashwin', '', '', '', '', '', '8097014633', '', '', 'ashwinmaheshwari781@rediffmail.com,', '', NULL, NULL, NULL, NULL, NULL, NULL, NULL, NULL, NULL, NULL, NULL, NULL, '', 'Room No.5,kotushingh Chawl', 'Carter Road No.3, Opp. Sai Dham', 'MUMBAI', '400066', '', '', '', '', '', '', '', 'LM', '8492', '', '', '', '', NULL, '', '', '', 1, '', '', '', '', '', '', '', 0, '', NULL, NULL, NULL, NULL, NULL, '43740.76528', '43740.76528'),
(8785, '', '8786', '', 'Kankani', 'Vidhya', 'Rajaram', '', '', '', '', '', '9769859980', '', '', 'use@no.com, kankanirr@gmail.com', '', NULL, NULL, NULL, NULL, NULL, NULL, NULL, NULL, NULL, NULL, NULL, NULL, '', 'B-607/608, Thakur\'s Blue Heaven Co-op. Hsg. Soc', 'Thakur Complex,', 'MUMBAI', '400101', '', '', '', '', '', '', '', 'LM', '8493', '', '', '', '', NULL, '', '', '', 1, '', '', '', '', '', '', '', 0, '', NULL, NULL, NULL, NULL, NULL, '43740.76597', '43740.76597'),
(8786, '', '8787', '', 'Maheshwari', 'Ramvilas', 'Ramesh', '', '', '', '', '', '9224363421', '', '', 'ramvilas30970@gmail.com,', '', NULL, NULL, NULL, NULL, NULL, NULL, NULL, NULL, NULL, NULL, NULL, NULL, '', 'Chabinath Panday Compound, New Airport', 'Road Marol Naka, J.b. Nagar', 'MUMBAI', '400059', '', '', '', '', '', '', '', 'LM', '8494', '', '', '', '', NULL, '', '', '', 1, '', '', '', '', '', '', '', 0, '', NULL, NULL, NULL, NULL, NULL, '43740.76667', '43740.76667'),
(8787, '', '8788', '', 'Somani', 'Khushal', 'Krishnakant', '', '', '', '', '', '9870009084', '', '', 'gpjindiapvtltd@rediffmail.com,', '', NULL, NULL, NULL, NULL, NULL, NULL, NULL, NULL, NULL, NULL, NULL, NULL, '', '2502, Shreepati Arcade,', '26 A.k. Marg', 'MUMBAI', '400036', '', '', '', '', '', '', '', 'LM', '8495', '', '', '', '', NULL, '', '', '', 1, '', '', '', '', '', '', '', 0, '', NULL, NULL, NULL, NULL, NULL, '43740.76736', '43740.76736'),
(8788, '', '8789', '', 'Lahoti', 'Prashant', 'Guruprasad', '', '', '', '', '', '9967118008', '', '', 'prashantlahoti008@rediffmail.com, prashantlahoti008@gmail.com', '', NULL, NULL, NULL, NULL, NULL, NULL, NULL, NULL, NULL, NULL, NULL, NULL, '', 'Pwd Overseer Quarter No.5,', 'Ganpat Jadhav Marg', 'MUMBAI', '400018', '', '', '', '', '', '', '', 'LM', '8496', '', '', '', '', NULL, '', '', '', 1, '', '', '', '', '', '', '', 0, '', NULL, NULL, NULL, NULL, NULL, '43740.76806', '43740.76806'),
(8789, '', '8790', '', 'Mandowara', 'Rakesh Kumar', 'Madanlal', '', '', '', '', '', '9324163209', '', '', 'rakeshspgold@gmail.com,', '', NULL, NULL, NULL, NULL, NULL, NULL, NULL, NULL, NULL, NULL, NULL, NULL, '', 'C-905, Rna Complex, Near Sunder Nagar Road No. 2', 'Kalina', 'MUMBAI', '400098', '', '', '', '', '', '', '', 'LM', '8497', '', '', '', '', NULL, '', '', '', 1, '', '', '', '', '', '', '', 0, '', NULL, NULL, NULL, NULL, NULL, '43740.76875', '43740.76875'),
(8790, '', '8791', '', 'Heda', 'Surbhi', 'Prince', '', '', '', '', '', '9928933339', '', '', 'surghiladdha91@gmail.com,', '', NULL, NULL, NULL, NULL, NULL, NULL, NULL, NULL, NULL, NULL, NULL, NULL, '', 'B-1, 708 Nakshatra', 'Kukreja Complex, Lbs Marg', 'MUMBAI', '400078', '', '', '', '', '', '', '', 'LM', '8498', '', '', '', '', NULL, '', '', '', 1, '', '', '', '', '', '', '', 0, '', NULL, NULL, NULL, NULL, NULL, '43740.76944', '43740.76944'),
(8791, '', '8792', '', 'Rathi', 'Pratima', 'Prakashchandra', '', '', '', '', '', '8779341239', '', '', 'rathi_pratima@yahoo.in,', '', NULL, NULL, NULL, NULL, NULL, NULL, NULL, NULL, NULL, NULL, NULL, NULL, '', '17/a Radha Krishna Villa,', 'Mini Land, Tank Road,', 'MUMBAI', '400078', '', '', '', '', '', '', '', 'LM', '8499', '', '', '', '', NULL, '', '', '', 1, '', '', '', '', '', '', '', 0, '', NULL, NULL, NULL, NULL, NULL, '43740.77014', '43740.77014'),
(8792, '', '8793', '', 'Samdani', 'Seema', 'Govind', '', '', '', '', '', '9867985691', '', '', 'lnsamdani3977@gmail.com,', '', NULL, NULL, NULL, NULL, NULL, NULL, NULL, NULL, NULL, NULL, NULL, NULL, '', '601/602, Bewitching Apartments', 'Miniland Tank Road', 'MUMBAI', '400078', '', '', '', '', '', '', '', 'LM', '8500', '', '', '', '', NULL, '', '', '', 1, '', '', '', '', '', '', '', 0, '', NULL, NULL, NULL, NULL, NULL, '43740.77083', '43740.77083'),
(8793, '', '8794', '', 'Maniyar', 'Motilal', 'Shyamsunder', '', '', '', '', '', '9224160105', '', '', 'maniyar.motilal@gmail.com, maniyar.motilal@rediffmail.com', '', NULL, NULL, NULL, NULL, NULL, NULL, NULL, NULL, NULL, NULL, NULL, NULL, '', 'C-6, Mayuri Apartments', 'P.k. Road', 'MUMBAI', '400080', '', '', '', '', '', '', '', 'LM', '8501', '', '', '', '', NULL, '', '', '', 1, '', '', '', '', '', '', '', 0, '', NULL, NULL, NULL, NULL, NULL, '43740.77153', '43740.77153'),
(8794, '', '8795', '', 'Mohta', 'Raghav', 'Manish', '', '', '', '', '', '7021327904', '', '', 'mohtaraghav@gmail.com,', '', NULL, NULL, NULL, NULL, NULL, NULL, NULL, NULL, NULL, NULL, NULL, NULL, '', '6/8, Vithobalane', 'Vithalwadi, Kalbadevi Road', 'MUMBAI', '400002', '', '', '', '', '', '', '', 'LM', '8502', '', '', '', '', NULL, '', '', '', 1, '', '', '', '', '', '', '', 0, '', NULL, NULL, NULL, NULL, NULL, '43740.77222', '43740.77222'),
(8795, '', '8796', '', 'Devpura', 'Bhumika', 'Sunder', '', '', '', '', '', '9819894298', '', '', 'bhumidevpura@gmail.com,', '', NULL, NULL, NULL, NULL, NULL, NULL, NULL, NULL, NULL, NULL, NULL, NULL, '', '115/123, Dani House No.2, 1st Floor', 'Room No.8, Above Trupti Sweets, V.p. Road, C.p. Tank', 'MUMBAI', '400004', '', '', '', '', '', '', '', 'LM', '8503', '', '', '', '', NULL, '', '', '', 1, '', '', '', '', '', '', '', 0, '', NULL, NULL, NULL, NULL, NULL, '43740.77292', '43740.77292'),
(8796, '', '8797', '', 'Chitlangi', 'Ravindra', 'Ramesh', '', '', '', '', '', '9820207680', '', '', 'ravindrar.chitlangi@gmail.com,', '', NULL, NULL, NULL, NULL, NULL, NULL, NULL, NULL, NULL, NULL, NULL, NULL, '', '35/35A, III Floor, 196A', 'Tara House, Dr. Vegas Street, Kalbadevi', 'MUMBAI', '400002', '', '', '', '', '', '', '', 'LM', '8504', '', '', '', '', NULL, '', '', '', 1, '', '', '', '', '', '', '', 0, '', NULL, NULL, NULL, NULL, NULL, '43740.77361', '43740.77361'),
(8797, '', '8798', '', 'Toshniwal', 'Neelam', 'Gourishankar', '', '', '', '', '', '9320770849', '', '', 'neelam.toshniwal@gmail.com,', '', NULL, NULL, NULL, NULL, NULL, NULL, NULL, NULL, NULL, NULL, NULL, NULL, '', 'A-901 Octacrest,', 'Lokhandwala Township', 'MUMBAI', '400101', '', '', '', '', '', '', '', 'LM', '8505', '', '', '', '', NULL, '', '', '', 1, '', '', '', '', '', '', '', 0, '', NULL, NULL, NULL, NULL, NULL, '43740.77431', '43740.77431'),
(8798, '', '8799', '', 'Daga', 'Vidushi', 'Sudarshan', '', '', '', '', '', '8000027777', '', '', 'vidushi.daga@clonefutura.com,', '', NULL, NULL, NULL, NULL, NULL, NULL, NULL, NULL, NULL, NULL, NULL, NULL, '', '9, Rock House', 'Worli Hill Road', 'MUMBAI', '400018', '', '', '', '', '', '', '', 'LM', '8506', '', '', '', '', NULL, '', '', '', 1, '', '', '', '', '', '', '', 0, '', NULL, NULL, NULL, NULL, NULL, '43740.775', '43740.775'),
(8799, '', '8800', '', 'Jajoo', 'Bhavesh', 'Suresh', '', '', '', '', '', '9820032318', '', '', 'jajoobhavesh@gmail.com, jajoo.bhavesh@gmail.com', '', NULL, NULL, NULL, NULL, NULL, NULL, NULL, NULL, NULL, NULL, NULL, NULL, '', 'B1/62, Asmita Jyoti CHS. Marve Road', 'Charkop Naka, Kharodi', 'MUMBAI', '400095', '', '', '', '', '', '', '', 'LM', '8507', '', '', '', '', NULL, '', '', '', 1, '', '', '', '', '', '', '', 0, '', NULL, NULL, NULL, NULL, NULL, '43740.77569', '43740.77569'),
(8800, '', '8801', '', 'Khatod', 'Purushottam', 'Vinod', '', '', '', '', '', '9530152899', '', '', 'khatodpurushottam@gmail.com,', '', NULL, NULL, NULL, NULL, NULL, NULL, NULL, NULL, NULL, NULL, NULL, NULL, '', 'B-102, Mangal Murti Apartment,', 'L.t. Gorai', 'MUMBAI', '400092', '', '', '', '', '', '', '', 'LM', '8508', '', '', '', '', NULL, '', '', '', 1, '', '', '', '', '', '', '', 0, '', NULL, NULL, NULL, NULL, NULL, '43740.77639', '43740.77639'),
(8801, '', '8802', '', 'Holani', 'Vinod Kumar', 'Rajendra Kumar', '', '', '', '', '', '9819201863', '', '', 'vinod.holani@gmail.com, vinodholani@gmail.com', '', NULL, NULL, NULL, NULL, NULL, NULL, NULL, NULL, NULL, NULL, NULL, NULL, '', 'A-202, New Vivek CHS. Ltd. Shrinagar Colony, 17th Road', 'Siddharth Nagar,', 'MUMBAI', '400104', '', '', '', '', '', '', '', 'LM', '8509', '', '', '', '', NULL, '', '', '', 1, '', '', '', '', '', '', '', 0, '', NULL, NULL, NULL, NULL, NULL, '43740.77708', '43740.77708'),
(8802, '', '8803', '', 'Rathi', 'Kamal', 'Bhawarniwas', '', '', '', '', '', '9702292855', '', '', 'kkrathics@gmail.com,', '', NULL, NULL, NULL, NULL, NULL, NULL, NULL, NULL, NULL, NULL, NULL, NULL, '', 'B-1503, Blue Orbit, Goregaon Mulund Link Road', 'Opp. Inorbit Mall', 'MUMBAI', '400064', '', '', '', '', '', '', '', 'LM', '8510', '', '', '', '', NULL, '', '', '', 1, '', '', '', '', '', '', '', 0, '', NULL, NULL, NULL, NULL, NULL, '43740.77778', '43740.77778'),
(8803, '', '8804', '', 'Darak', 'Anupama', 'Giriraj', '', '', '', '', '', '8233395054', '', '', 'ssdarak@yahoo.co.in, s_sdarak@yahoo.co.in', '', NULL, NULL, NULL, NULL, NULL, NULL, NULL, NULL, NULL, NULL, NULL, NULL, '', 'A-3/11, Mahesh Nagar', 'S V. Road', 'MUMBAI', '400104', '', '', '', '', '', '', '', 'LM', '8511', '', '', '', '', NULL, '', '', '', 1, '', '', '', '', '', '', '', 0, '', NULL, NULL, NULL, NULL, NULL, '43740.77847', '43740.77847'),
(8804, '', '8805', '', 'Jhawar', 'Prakashchand', 'Narsinghdas', '', '', '', '', '', '9324622233', '', '', '', '', NULL, NULL, NULL, NULL, NULL, NULL, NULL, NULL, NULL, NULL, NULL, NULL, '', '36-a,cross Champa Galli, 5th Floor', 'R. No.20, Near M.j. Market, K.d. Road', 'MUMBAI', '400002', '', '', '', '', '', '', '', 'LM', '8512', '', '', '', '', NULL, '', '', '', 1, '', '', '', '', '', '', '', 0, '', NULL, NULL, NULL, NULL, NULL, '43740.77917', '43740.77917'),
(8805, '', '8806', '', 'Jhawar', 'Suman', 'Prakashchand', '', '', '', '', '', '9322229580', '', '', '', '', NULL, NULL, NULL, NULL, NULL, NULL, NULL, NULL, NULL, NULL, NULL, NULL, '', '36-a,cross Champa Galli, 5th Floor', 'R.no. 20, Nr. M.j. Market', 'MUMBAI', '400002', '', '', '', '', '', '', '', 'LM', '8513', '', '', '', '', NULL, '', '', '', 1, '', '', '', '', '', '', '', 0, '', NULL, NULL, NULL, NULL, NULL, '43740.77986', '43740.77986'),
(8806, '', '8807', '', 'Jhawar', 'Anurag', 'Prakashchand', '', '', '', '', '', '7303908812', '', '', '', '', NULL, NULL, NULL, NULL, NULL, NULL, NULL, NULL, NULL, NULL, NULL, NULL, '', '36-a,cross Champa Galli, 5th Floor', 'R. No.20, Near M.j. Market, K.d. Road', 'MUMBAI', '400002', '', '', '', '', '', '', '', 'LM', '8514', '', '', '', '', NULL, '', '', '', 1, '', '', '', '', '', '', '', 0, '', NULL, NULL, NULL, NULL, NULL, '43740.78056', '43740.78056'),
(8807, '', '8808', '', 'Jhawar', 'Aditya', 'Prakashchand', '', '', '', '', '', '8097298728', '', '', '', '', NULL, NULL, NULL, NULL, NULL, NULL, NULL, NULL, NULL, NULL, NULL, NULL, '', '36-a,cross Champa Galli, 5th Floor', 'R.no. 20, Nr. M.j. Market, K.d. Road', 'MUMBAI', '400002', '', '', '', '', '', '', '', 'LM', '8515', '', '', '', '', NULL, '', '', '', 1, '', '', '', '', '', '', '', 0, '', NULL, NULL, NULL, NULL, NULL, '43740.78125', '43740.78125'),
(8808, '', '8809', '', 'Jhawr', 'Maya', 'Gangaprasad', '', '', '', '', '', '9320002220', '', '', 'maya.g.jhawar@gmail.com,', '', NULL, NULL, NULL, NULL, NULL, NULL, NULL, NULL, NULL, NULL, NULL, NULL, '', '36-a,cross Champa Galli, 5th Floor', 'R.no. 20, Nr. M.j. Market, K.d. Road', 'MUMBAI', '400002', '', '', '', '', '', '', '', 'LM', '8516', '', '', '', '', NULL, '', '', '', 1, '', '', '', '', '', '', '', 0, '', NULL, NULL, NULL, NULL, NULL, '43740.78194', '43740.78194'),
(8809, '', '8810', '', 'Jhawar', 'Gangaprasad', 'Devkishan', '', '', '', '', '', '7021520901', '', '', 'ganga.p.jhawar@gmail.com,', '', NULL, NULL, NULL, NULL, NULL, NULL, NULL, NULL, NULL, NULL, NULL, NULL, '', '36-a,cross Champa Galli, 5th Floor', 'R.no. 20, Nr. M.j. Market, K.d. Road', 'MUMBAI', '400002', '', '', '', '', '', '', '', 'LM', '8517', '', '', '', '', NULL, '', '', '', 1, '', '', '', '', '', '', '', 0, '', NULL, NULL, NULL, NULL, NULL, '43740.78264', '43740.78264'),
(8810, '', '8811', '', 'Mundhra', 'Shankarlal', 'Ramnarayan', '', '', '', '', '', '9322061247', '', '', 'shankarla', '', NULL, NULL, NULL, NULL, NULL, NULL, NULL, NULL, NULL, NULL, NULL, NULL, '', '419/f, Joshi Wadi, 4th Floor', 'R.no.1, Kalbadevi Road', 'MUMBAI', '400002', '', '', '', '', '', '', '', 'LM', '8518', '', '', '', '', NULL, '', '', '', 1, '', '', '', '', '', '', '', 0, '', NULL, NULL, NULL, NULL, NULL, '43740.78333', '43740.78333'),
(8811, '', '8812', '', 'Karnani', 'Rashmi', 'Rajkumar', '', '', '', '', '', '9821888088', '', '', 'rashmikarnani@hotmail.com,', '', NULL, NULL, NULL, NULL, NULL, NULL, NULL, NULL, NULL, NULL, NULL, NULL, '', '14/18, Vithoba Lane', 'Vithalwadi, 5th Floor, Narayanniketan, Kalbadevi', 'MUMBAI', '400002', '', '', '', '', '', '', '', 'LM', '8519', '', '', '', '', NULL, '', '', '', 1, '', '', '', '', '', '', '', 0, '', NULL, NULL, NULL, NULL, NULL, '43740.78403', '43740.78403'),
(8812, '', '8813', '', 'Rander', 'Anil', 'Ramniwas', '', '', '', '', '', '9820648000', '', '', 'randeranil@hotmail.com,', '', NULL, NULL, NULL, NULL, NULL, NULL, NULL, NULL, NULL, NULL, NULL, NULL, '', 'B-506, Adarshlok,', 'Vidyaniketan Marg', 'MUMBAI', '400104', '', '', '', '', '', '', '', 'LM', '8520', '', '', '', '', NULL, '', '', '', 1, '', '', '', '', '', '', '', 0, '', NULL, NULL, NULL, NULL, NULL, '43740.78472', '43740.78472'),
(8813, '', '8814', '', 'Chitlangi', 'Surbhi', 'Ravindra', '', '', '', '', '', '96800070008', '', '', 'surbhisrchitlangi@gmail.com,', '', NULL, NULL, NULL, NULL, NULL, NULL, NULL, NULL, NULL, NULL, NULL, NULL, '', '35/35a, Iii Floor, 196a', 'Tara House, Dr. Viagas Street, Kalbadevi', 'MUMBAI', '400002', '', '', '', '', '', '', '', 'LM', '8521', '', '', '', '', NULL, '', '', '', 1, '', '', '', '', '', '', '', 0, '', NULL, NULL, NULL, NULL, NULL, '43740.78542', '43740.78542'),
(8814, '', '8815', '', 'Sarda', 'Bhupatlal', 'Chamanlal', '', '', '', '', '', '9322372220', '', '', 'bhupat_sarda@gmail.com,', '', NULL, NULL, NULL, NULL, NULL, NULL, NULL, NULL, NULL, NULL, NULL, NULL, '', 'S-11, Geetanjali,', '73, V.p. Road', 'MUMBAI', '400054', '', '', '', '', '', '', '', 'LM', '8522', '', '', '', '', NULL, '', '', '', 1, '', '', '', '', '', '', '', 0, '', NULL, NULL, NULL, NULL, NULL, '43740.78611', '43740.78611'),
(8815, '', '8816', '', 'Malani', 'Priyanka', 'Pushp', '', '', '', '', '', '9773163650', '', '', 'priyanka.malani@gmail.com,', '', NULL, NULL, NULL, NULL, NULL, NULL, NULL, NULL, NULL, NULL, NULL, NULL, '', '13-a, Avanti Apartment,', '3/4, New Flank Road', 'MUMBAI', '400022', '', '', '', '', '', '', '', 'LM', '8523', '', '', '', '', NULL, '', '', '', 1, '', '', '', '', '', '', '', 0, '', NULL, NULL, NULL, NULL, NULL, '43740.78681', '43740.78681'),
(8816, '', '8817', '', 'Malani', 'Pushp', 'Rameshwardas', '', '', '', '', '', '9323104466', '', '', 'prmalani@yahoo.com,', '', NULL, NULL, NULL, NULL, NULL, NULL, NULL, NULL, NULL, NULL, NULL, NULL, '', '13-a, Avanti Apartment,', 'Flat No. 3 & 4, New Flank Road', 'MUMBAI', '400022', '', '', '', '', '', '', '', 'LM', '8524', '', '', '', '', NULL, '', '', '', 1, '', '', '', '', '', '', '', 0, '', NULL, NULL, NULL, NULL, NULL, '43740.7875', '43740.7875'),
(8817, '', '8818', '', 'Malani', 'Rama', 'Pushp', '', '', '', '', '', '9323137697', '', '', 'ramamalani@gmail.com,', '', NULL, NULL, NULL, NULL, NULL, NULL, NULL, NULL, NULL, NULL, NULL, NULL, '', '13-a, Avanti Apartment,', 'Flat No. 3 & 4, New Flank Road', 'MUMBAI', '400022', '', '', '', '', '', '', '', 'LM', '8525', '', '', '', '', NULL, '', '', '', 1, '', '', '', '', '', '', '', 0, '', NULL, NULL, NULL, NULL, NULL, '43740.78819', '43740.78819'),
(8818, '', '8819', '', 'Dakhera', 'Laxmi', 'Pavan', '', '', '', '', '', '9892286307', '', '', 'laxmidakhera@gmail.com,', '', NULL, NULL, NULL, NULL, NULL, NULL, NULL, NULL, NULL, NULL, NULL, NULL, '', 'A/24, Dahisar Apartment, Opp. Petrol Pump', 'C.s. Road', 'MUMBAI', '400068', '', '', '', '', '', '', '', 'LM', '8526', '', '', '', '', NULL, '', '', '', 1, '', '', '', '', '', '', '', 0, '', NULL, NULL, NULL, NULL, NULL, '43740.78889', '43740.78889'),
(8819, '', '8820', '', 'Kothari', 'Ashwin', 'Aidan', '', '', '', '', '', '7021650179', '', '', 'ashwin.kothari2007@gmail.com,', '', NULL, NULL, NULL, NULL, NULL, NULL, NULL, NULL, NULL, NULL, NULL, NULL, '', '803, Sangam Building, Near Jaslok Hospital', '15th A, Peddar Road', 'MUMBAI', '400026', '', '', '', '', '', '', '', 'LM', '8527', '', '', '', '', NULL, '', '', '', 1, '', '', '', '', '', '', '', 0, '', NULL, NULL, NULL, NULL, NULL, '43740.78958', '43740.78958'),
(8820, '', '8821', '', 'Kothari', 'Rashmi', 'Ashwin', '', '', '', '', '', '9819100406', '', '', 'rashmikothari1975@gmail.com,', '', NULL, NULL, NULL, NULL, NULL, NULL, NULL, NULL, NULL, NULL, NULL, NULL, '', '803,sangam Building, Near Jaslok Hospital', '15th A, Peddar Road', 'MUMBAI', '400026', '', '', '', '', '', '', '', 'LM', '8528', '', '', '', '', NULL, '', '', '', 1, '', '', '', '', '', '', '', 0, '', NULL, NULL, NULL, NULL, NULL, '43740.79028', '43740.79028'),
(8821, '', '8822', '', 'Mantry', 'Seema', 'Anand', '', '', '', '', '', '9769941103', '', '', 'seemamantry@gmail.com,', '', NULL, NULL, NULL, NULL, NULL, NULL, NULL, NULL, NULL, NULL, NULL, NULL, '', 'A-11, Dreamland Building, Opp. Maheshwari Bhawan', 'Linking Road, Yogi Nagar', 'MUMBAI', '400091', '', '', '', '', '', '', '', 'LM', '8529', '', '', '', '', NULL, '', '', '', 1, '', '', '', '', '', '', '', 0, '', NULL, NULL, NULL, NULL, NULL, '43740.79097', '43740.79097'),
(8822, '', '8823', '', 'Mantry', 'Palak', 'Anand', '', '', '', '', '', '9324961234', '', '', 'palakmantry@gmail.com,', '', NULL, NULL, NULL, NULL, NULL, NULL, NULL, NULL, NULL, NULL, NULL, NULL, '', 'A-11, Dreamland Building, Opp. Maheshwari Bhawan', 'Borivali Plot, Yogi Nagar', 'MUMBAI', '400091', '', '', '', '', '', '', '', 'LM', '8530', '', '', '', '', NULL, '', '', '', 1, '', '', '', '', '', '', '', 0, '', NULL, NULL, NULL, NULL, NULL, '43740.79167', '43740.79167'),
(8823, '', '8824', '', 'Jakhete', 'Anil', 'Bhagirath', '', '', '', '', '', '9969133922', '', '', 'aniljakhete@gmail.com', '', NULL, NULL, NULL, NULL, NULL, NULL, NULL, NULL, NULL, NULL, NULL, NULL, '', 'A-703, Shree Maruti Apartment CHS', 'J.n. Road, Behind Apna Bazar', 'MUMBAI', '400080', '', '', '', '', '', '', '', 'LM', '8531', '', '', '', '', NULL, '', '', '', 1, '', '', '', '', '', '', '', 0, '', NULL, NULL, NULL, NULL, NULL, '43740.79236', '43740.79236'),
(8824, '', '8825', '', 'Damani', 'Anirudh', 'Ashok', '', '', '', '', '', '9619626093', '', '', 'team@anirudhdamani.com,', '', NULL, NULL, NULL, NULL, NULL, NULL, NULL, NULL, NULL, NULL, NULL, NULL, '', '83, Mistry Park', 'Bhulabhai Desai Marg, Breach Candy', 'MUMBAI', '400026', '', '', '', '', '', '', '', 'LM', '8532', '', '', '', '', NULL, '', '', '', 1, '', '', '', '', '', '', '', 0, '', NULL, NULL, NULL, NULL, NULL, '43740.79306', '43740.79306'),
(8825, '', '8826', '', 'Gandhi', 'Rhuta', 'Gaurav', '', '', '', '', '', '9922788924', '', '', 'rhuta.baheti@gmail.com,', '', NULL, NULL, NULL, NULL, NULL, NULL, NULL, NULL, NULL, NULL, NULL, NULL, '', '2204, Montreal Towers,', 'Shastri Nagar', 'MUMBAI', '400053', '', '', '', '', '', '', '', 'LM', '8533', '', '', '', '', NULL, '', '', '', 1, '', '', '', '', '', '', '', 0, '', NULL, NULL, NULL, NULL, NULL, '43740.79375', '43740.79375'),
(8826, '', '8827', '', 'Biyani', 'Aditya', 'Vinay', '', '', '', '', '', '8652226262', '', '', 'adityabiyani1411@gmail.com,', '', NULL, NULL, NULL, NULL, NULL, NULL, NULL, NULL, NULL, NULL, NULL, NULL, '', 'D-6, Ganga Jyoti CHSl', 'Bangur Nagar', 'MUMBAI', '400104', '', '', '', '', '', '', '', 'LM', '8534', '', '', '', '', NULL, '', '', '', 1, '', '', '', '', '', '', '', 0, '', NULL, NULL, NULL, NULL, NULL, '43740.79444', '43740.79444'),
(8827, '', '8828', '', 'Kasat', 'Aditya', 'Sudhir', '', '', '', '', '', '8898027988', '', '', 'akasat1994@gmail.com,', '', NULL, NULL, NULL, NULL, NULL, NULL, NULL, NULL, NULL, NULL, NULL, NULL, '', 'D/902, Anmol Towers', 'S V. Road', 'MUMBAI', '400090', '', '', '', '', '', '', '', 'LM', '8535', '', '', '', '', NULL, '', '', '', 1, '', '', '', '', '', '', '', 0, '', NULL, NULL, NULL, NULL, NULL, '43740.79514', '43740.79514'),
(8828, '', '8829', '', 'Jetha', 'Khushbu', 'Omprakash', '', '', '', '', '', '9833367054', '', '', 'khushi.jetha@yahoo.com,', '', NULL, NULL, NULL, NULL, NULL, NULL, NULL, NULL, NULL, NULL, NULL, NULL, '', 'M-3/4, Heeramani Ratan CHS.', 'Bangur Nagar', 'MUMBAI', '400062', '', '', '', '', '', '', '', 'LM', '8536', '', '', '', '', NULL, '', '', '', 1, '', '', '', '', '', '', '', 0, '', NULL, NULL, NULL, NULL, NULL, '43740.79583', '43740.79583'),
(8829, '', '8830', '', 'Dhoot', 'Sharad', 'Jugalkishor', '', '', '', '', '', '9321602436', '', '', 'sharadd@hotmail.com,', '', NULL, NULL, NULL, NULL, NULL, NULL, NULL, NULL, NULL, NULL, NULL, NULL, '', '12A 05/06, Palm Spring', 'A-Wing, Link Road', 'MUMBAI', '400064', '', '', '', '', '', '', '', 'LM', '8537', '', '', '', '', NULL, '', '', '', 1, '', '', '', '', '', '', '', 0, '', NULL, NULL, NULL, NULL, NULL, '43740.79653', '43740.79653'),
(8830, '', '8831', '', 'Marda', 'Sugandh', 'Sharad', '', '', '', '', '', '8754409390', '', '', 'sugandhmarda0806@gmail.com,', '', NULL, NULL, NULL, NULL, NULL, NULL, NULL, NULL, NULL, NULL, NULL, NULL, '', 'Royal Residency, Flat No. B-2101', '21st Floor, D.P. Road, Chiwada Gally, Lalbaug, Parel', 'MUMBAI', '400012', '', '', '', '', '', '', '', 'LM', '8538', '', '', '', '', NULL, '', '', '', 1, '', '', '', '', '', '', '', 0, '', NULL, NULL, NULL, NULL, NULL, '43740.79722', '43740.79722'),
(8831, '', '8832', '', 'Marda', 'Sharad', 'Tarachand', '', '', '', '', '', '9940139390', '', '', 'skmarda@ashtechindia.net,', '', NULL, NULL, NULL, NULL, NULL, NULL, NULL, NULL, NULL, NULL, NULL, NULL, '', 'Royal Residency, Flat No. B-2101', '21st Floor, D.P. Road, Chiwada Gally, Lalbaug, Parel', 'MUMBAI', '400012', '', '', '', '', '', '', '', 'LM', '8539', '', '', '', '', NULL, '', '', '', 1, '', '', '', '', '', '', '', 0, '', NULL, NULL, NULL, NULL, NULL, '43740.79792', '43740.79792');
INSERT INTO `members` (`id`, `member_id`, `user_id`, `salutation`, `f_name`, `l_name`, `m_name`, `mother_name`, `gender`, `dob`, `marital_status`, `dom`, `contact`, `alt_contact`, `tel`, `email`, `alt_email`, `business_email`, `address_line_1`, `address_line_2`, `address_line_3`, `oaddress_line_1`, `oaddress_line_2`, `oaddress_line_3`, `office_phone`, `correspondence_address`, `direction`, `nearest_railway`, `website`, `blood_group`, `address`, `address2`, `city`, `pincode`, `alt_address`, `alt_city`, `alt_pincode`, `resident_proof`, `khanp`, `up_khanp`, `occupation`, `member_type`, `member_code`, `company_details`, `qualification`, `native_address`, `family_address`, `family_member_id`, `office_address`, `other_address`, `dist`, `is_member`, `inactive_reason`, `inactive_remark`, `inactive_date`, `native_pincode`, `profile_photo`, `member_update_regional`, `member_update_super_admin`, `is_sawarswani`, `approve_on`, `receipt_file`, `receipt_date`, `receipt_no`, `meeting_date`, `member_fee`, `created_at`, `updated_at`) VALUES
(8832, '', '8833', '', 'Marda', 'Vanshika', 'Sharad', '', '', '', '', '', '9967673892', '', '', 'vanshikamarda1706@gmail.com,', '', NULL, NULL, NULL, NULL, NULL, NULL, NULL, NULL, NULL, NULL, NULL, NULL, '', 'Royal Residency, Flat No. B-2101', '21st Floor, D.P. Road, Chiwada Gally, Lalbaug, Parel', 'MUMBAI', '400012', '', '', '', '', '', '', '', 'LM', '8540', '', '', '', '', NULL, '', '', '', 1, '', '', '', '', '', '', '', 0, '', NULL, NULL, NULL, NULL, NULL, '43740.79861', '43740.79861'),
(8833, '', '8834', '', 'Marda', 'Priya', 'Madhav', '', '', '', '', '', '8779459068', '', '', '', '', NULL, NULL, NULL, NULL, NULL, NULL, NULL, NULL, NULL, NULL, NULL, NULL, '', 'Royal Residency, Flat No. B-2101', '21st Floor, D.p. Road, Chiwada Gally, Lalbaug, Parel', 'MUMBAI', '400012', '', '', '', '', '', '', '', 'LM', '8541', '', '', '', '', NULL, '', '', '', 1, '', '', '', '', '', '', '', 0, '', NULL, NULL, NULL, NULL, NULL, '43740.79931', '43740.79931'),
(8834, '', '8835', '', 'Marda', 'Madhav', 'Sharad', '', '', '', '', '', '9167240068', '', '', '_sugandhmarda0806@gmail.com,', '', NULL, NULL, NULL, NULL, NULL, NULL, NULL, NULL, NULL, NULL, NULL, NULL, '', 'Royal Residency, Flat No. B-2101', '21st Floor, D.P. Road, Chiwada Gally, Lalbaug, Parel', 'MUMBAI', '400012', '', '', '', '', '', '', '', 'LM', '8542', '', '', '', '', NULL, '', '', '', 1, '', '', '', '', '', '', '', 0, '', NULL, NULL, NULL, NULL, NULL, '43740.8', '43740.8'),
(8835, '', '8836', '', 'Maheshwari', 'Garima', 'Banwarilal', '', '', '', '', '', '9022160780', '', '', 'b', '', NULL, NULL, NULL, NULL, NULL, NULL, NULL, NULL, NULL, NULL, NULL, NULL, '', 'Bunglow No.4, Kia Park, Veera Desai Road', 'Opp. Country Club', 'MUMBAI', '400053', '', '', '', '', '', '', '', 'LM', '8543', '', '', '', '', NULL, '', '', '', 1, '', '', '', '', '', '', '', 0, '', NULL, NULL, NULL, NULL, NULL, '43740.80069', '43740.80069'),
(8836, '', '8837', '', 'Mehta', 'Jitendrakumar', 'Satyanarayan', '', '', '', '', '', '9892047936', '', '', '', '', NULL, NULL, NULL, NULL, NULL, NULL, NULL, NULL, NULL, NULL, NULL, NULL, '', 'A-9, Ganga Jyoti Society', 'Bangur Nagar', 'MUMBAI', '400104', '', '', '', '', '', '', '', 'LM', '8544', '', '', '', '', NULL, '', '', '', 1, '', '', '', '', '', '', '', 0, '', NULL, NULL, NULL, NULL, NULL, '43740.80139', '43740.80139'),
(8837, '', '8838', '', 'Biyani', 'Nandkishore', 'Birdichand', '', '', '', '', '', '9757401556', '', '', 'nkbiyanimumbai@gmail.com,', '', NULL, NULL, NULL, NULL, NULL, NULL, NULL, NULL, NULL, NULL, NULL, NULL, '', 'Room No. 575, Bldg. No. 8a, Oriental Star CHS.', 'Old Mhb Colony, Gorai Road', 'MUMBAI', '400091', '', '', '', '', '', '', '', 'LM', '8545', '', '', '', '', NULL, '', '', '', 1, '', '', '', '', '', '', '', 0, '', NULL, NULL, NULL, NULL, NULL, '43740.80208', '43740.80208'),
(8838, '', '8839', '', 'Biyani', 'Anurag', 'Nandkishore', '', '', '', '', '', '9819194791', '', '', 'caanurag11@gmail.com,', '', NULL, NULL, NULL, NULL, NULL, NULL, NULL, NULL, NULL, NULL, NULL, NULL, '', 'Room No. 575, Bldg. No. 8a, Oriental Star CHS.', 'Old Mhb Colony, Gorai Road', 'MUMBAI', '400091', '', '', '', '', '', '', '', 'LM', '8546', '', '', '', '', NULL, '', '', '', 1, '', '', '', '', '', '', '', 0, '', NULL, NULL, NULL, NULL, NULL, '43740.80278', '43740.80278'),
(8839, '', '8840', '', 'Saboo', 'Gayatri', 'Vishwanath', '', '', '', '', '', '9819096462', '', '', 'saboovijay@yahoo.co.in,', '', NULL, NULL, NULL, NULL, NULL, NULL, NULL, NULL, NULL, NULL, NULL, NULL, '', 'B-23, 2nd Floor, Dakshina Park Society, 10th Road,', 'Jvpd Scheme, Opp. Jvpd Bus Depot, Juhu Circle, Juhu', 'MUMBAI', '400049', '', '', '', '', '', '', '', 'LM', '8547', '', '', '', '', NULL, '', '', '', 1, '', '', '', '', '', '', '', 0, '', NULL, NULL, NULL, NULL, NULL, '43740.80347', '43740.80347'),
(8840, '', '8841', '', 'Kabra', 'Priya', 'Pradip', '', '', '', '', '', '8879127080', '', '', 'priyabaheti@gmail.com,', '', NULL, NULL, NULL, NULL, NULL, NULL, NULL, NULL, NULL, NULL, NULL, NULL, '', 'E-406, Veena Nagar', 'S. V. Road', 'MUMBAI', '400064', '', '', '', '', '', '', '', 'LM', '8548', '', '', '', '', NULL, '', '', '', 1, '', '', '', '', '', '', '', 0, '', NULL, NULL, NULL, NULL, NULL, '43740.80417', '43740.80417'),
(8841, '', '8842', '', 'Baheti', 'Anuradha', 'Madanmohan', '', '', '', '', '', '9930396192', '', '', '', '', NULL, NULL, NULL, NULL, NULL, NULL, NULL, NULL, NULL, NULL, NULL, NULL, '', 'P5/9, Deep Sadan Society', 'Sunder Nagar, S. V. Road', 'MUMBAI', '400064', '', '', '', '', '', '', '', 'LM', '8549', '', '', '', '', NULL, '', '', '', 1, '', '', '', '', '', '', '', 0, '', NULL, NULL, NULL, NULL, NULL, '43740.80486', '43740.80486'),
(8842, '', '8843', '', 'Mundra', 'Rajgopal', 'Srichand', '', '', '', '', '', '9322645059', '', '', 'rajgopa', '', NULL, NULL, NULL, NULL, NULL, NULL, NULL, NULL, NULL, NULL, NULL, NULL, '', 'D/44, Mangal Karini Co-op. Hsg. Society Ltd.', 'Road No. 17, Siddhartha Nagar', 'MUMBAI', '400104', '', '', '', '', '', '', '', 'LM', '8550', '', '', '', '', NULL, '', '', '', 1, '', '', '', '', '', '', '', 0, '', NULL, NULL, NULL, NULL, NULL, '43740.80556', '43740.80556'),
(8843, '', '8844', '', 'Mundra', 'Ravikant', 'Rajgopal', '', '', '', '', '', '9892032330', '', '', 'ravimundra@gmail.com,', '', NULL, NULL, NULL, NULL, NULL, NULL, NULL, NULL, NULL, NULL, NULL, NULL, '', 'D/44, Mangal Karini Co-op. Hsg. Society Ltd.', 'Road No. 17  Siddharth Nagar', 'MUMBAI', '400104', '', '', '', '', '', '', '', 'LM', '8551', '', '', '', '', NULL, '', '', '', 1, '', '', '', '', '', '', '', 0, '', NULL, NULL, NULL, NULL, NULL, '43740.80625', '43740.80625'),
(8844, '', '8845', '', 'Mundra', 'Navalkishor', 'Satyanarayan', '', '', '', '', '', '9821028112', '', '', 'mpolytex@gmail.com,', '', NULL, NULL, NULL, NULL, NULL, NULL, NULL, NULL, NULL, NULL, NULL, NULL, '', 'D/44, Mangal Karini Co-op. Hsg. Society Ltd.', 'Road No.17, Siddharth Nagar', 'MUMBAI', '400104', '', '', '', '', '', '', '', 'LM', '8552', '', '', '', '', NULL, '', '', '', 1, '', '', '', '', '', '', '', 0, '', NULL, NULL, NULL, NULL, NULL, '43740.80694', '43740.80694'),
(8845, '', '8846', '', 'Totla', 'Manju', 'Naresh', '', '', '', '', '', '9819372512', '', '', 'manju.totla@gmail.com,', '', NULL, NULL, NULL, NULL, NULL, NULL, NULL, NULL, NULL, NULL, NULL, NULL, '', 'D-1101, Galaxy Heights,', 'Goregaon Link Road', 'MUMBAI', '400104', '', '', '', '', '', '', '', 'LM', '8553', '', '', '', '', NULL, '', '', '', 1, '', '', '', '', '', '', '', 0, '', NULL, NULL, NULL, NULL, NULL, '43740.80764', '43740.80764'),
(8846, '', '8847', '', 'Taparia', 'Ramawtar', 'Rameshchandra', '', '', '', '', '', '9920845128', '', '', 'rataparia@gmail.com,', '', NULL, NULL, NULL, NULL, NULL, NULL, NULL, NULL, NULL, NULL, NULL, NULL, '', 'G-403, Amezon Park', 'Opp. Eskay Club, Linking Road', 'MUMBAI', '400103', '', '', '', '', '', '', '', 'LM', '8554', '', '', '', '', NULL, '', '', '', 1, '', '', '', '', '', '', '', 0, '', NULL, NULL, NULL, NULL, NULL, '43740.80833', '43740.80833'),
(8847, '', '8848', '', 'Bharadia', 'Pranay', 'Manoj', '', '', '', '', '', '9967319888', '', '', 'pranay.bharadia@gmail.com,', '', NULL, NULL, NULL, NULL, NULL, NULL, NULL, NULL, NULL, NULL, NULL, NULL, '', '102, Jeevan Vihar, Manav Mandir Road', 'Manav Mandir Road', 'MUMBAI', '400006', '', '', '', '', '', '', '', 'LM', '8555', '', '', '', '', NULL, '', '', '', 1, '', '', '', '', '', '', '', 0, '', NULL, NULL, NULL, NULL, NULL, '43740.80903', '43740.80903'),
(8848, '', '8849', '', 'Bharadia', 'Pranit', 'Manoj', '', '', '', '', '', '7738914123', '', '', 'pranitbharadia1@gmail.com,', '', NULL, NULL, NULL, NULL, NULL, NULL, NULL, NULL, NULL, NULL, NULL, NULL, '', '102, Jeevan Vihar, Manav Mandir Road', 'Manav Mandir Road', 'MUMBAI', '400006', '', '', '', '', '', '', '', 'LM', '8556', '', '', '', '', NULL, '', '', '', 1, '', '', '', '', '', '', '', 0, '', NULL, NULL, NULL, NULL, NULL, '43740.80972', '43740.80972'),
(8849, '', '8850', '', 'Bhutra', 'Nagendra', 'Satyanarayan', '', '', '', '', '', '9930306145', '', '', 'nagendrabhutra@rediffmail.com,', '', NULL, NULL, NULL, NULL, NULL, NULL, NULL, NULL, NULL, NULL, NULL, NULL, '', 'A/6, Silver Gold Apt. Sardar Vallabhbhai Patel Road', 'Opp. Union Bank Of India', 'MUMBAI', '400092', '', '', '', '', '', '', '', 'LM', '8557', '', '', '', '', NULL, '', '', '', 1, '', '', '', '', '', '', '', 0, '', NULL, NULL, NULL, NULL, NULL, '43740.81042', '43740.81042'),
(8850, '', '8851', '', 'Rathi', 'Madhusudan', 'Girdhar', '', '', '', '', '', '9920199898', '', '', '', '', NULL, NULL, NULL, NULL, NULL, NULL, NULL, NULL, NULL, NULL, NULL, NULL, '', '48/356, M.i.g. Colony, Adarsh Nagar', 'Opp. D.y. Patil School, Worli', 'MUMBAI', '400030', '', '', '', '', '', '', '', 'LM', '8558', '', '', '', '', NULL, '', '', '', 1, '', '', '', '', '', '', '', 0, '', NULL, NULL, NULL, NULL, NULL, '43740.81111', '43740.81111'),
(8851, '', '8852', '', 'Rathi', 'Yogesh', 'Purushottam', '', '', '', '', '', '9930232201', '', '', 'yogesh.rathi2020@gmail.com,', '', NULL, NULL, NULL, NULL, NULL, NULL, NULL, NULL, NULL, NULL, NULL, NULL, '', 'A-302, Manav Kalyan', 'Bangur Nagar,', 'MUMBAI', '400104', '', '', '', '', '', '', '', 'LM', '8559', '', '', '', '', NULL, '', '', '', 1, '', '', '', '', '', '', '', 0, '', NULL, NULL, NULL, NULL, NULL, '43740.81181', '43740.81181'),
(8852, '', '8853', '', 'Mohta', 'Rishabh', 'Anand', '', '', '', '', '', '9820121278', '', '', 'rishabh@mohtagroup.com,', '', NULL, NULL, NULL, NULL, NULL, NULL, NULL, NULL, NULL, NULL, NULL, NULL, '', '1001-a, Lokhandwala Residency', 'L. N. Papan Marg, Off. Dr. E. Morses Road, Worli', 'MUMBAI', '400018', '', '', '', '', '', '', '', 'LM', '8560', '', '', '', '', NULL, '', '', '', 1, '', '', '', '', '', '', '', 0, '', NULL, NULL, NULL, NULL, NULL, '43740.8125', '43740.8125'),
(8853, '', '8854', '', 'Mohta', 'Anand', 'Kishanlal', '', '', '', '', '', '9324760093', '', '', 'kishanlalnsons@gmail.com,', '', NULL, NULL, NULL, NULL, NULL, NULL, NULL, NULL, NULL, NULL, NULL, NULL, '', '1001-a, Lokhandwala Residency', 'L.n. Papan Marg, Off Dr. E. Morses Road,', 'MUMBAI', '400018', '', '', '', '', '', '', '', 'LM', '8561', '', '', '', '', NULL, '', '', '', 1, '', '', '', '', '', '', '', 0, '', NULL, NULL, NULL, NULL, NULL, '43740.81319', '43740.81319'),
(8854, '', '8855', '', 'Gaggar', 'Savita', 'Vijay', '', '', '', '', '', '9331034298', '', '', '', '', NULL, NULL, NULL, NULL, NULL, NULL, NULL, NULL, NULL, NULL, NULL, NULL, '', 'Flat No. 701/702, A-wing, Siddhi Vinayak Horizon,', 'Veer Nariman Road, Behind Bengal Chemical', 'MUMBAI', '400025', '', '', '', '', '', '', '', 'LM', '8562', '', '', '', '', NULL, '', '', '', 1, '', '', '', '', '', '', '', 0, '', NULL, NULL, NULL, NULL, NULL, '43740.81389', '43740.81389'),
(8855, '', '8856', '', 'Gaggar', 'Vijay', 'Rup Narayan', '', '', '', '', '', '9830022040', '', '', '', '', NULL, NULL, NULL, NULL, NULL, NULL, NULL, NULL, NULL, NULL, NULL, NULL, '', 'Flat No. 701/702, A-wing, Siddhi Vinayak Horizon,', 'Veer Nariman Road, Behind Bengal Chemical', 'MUMBAI', '400025', '', '', '', '', '', '', '', 'LM', '8563', '', '', '', '', NULL, '', '', '', 1, '', '', '', '', '', '', '', 0, '', NULL, NULL, NULL, NULL, NULL, '43740.81458', '43740.81458'),
(8856, '', '8857', '', 'Laddha', 'Usha', 'Krishna Gopal', '', '', '', '', '', '9321022199', '', '', '', '', NULL, NULL, NULL, NULL, NULL, NULL, NULL, NULL, NULL, NULL, NULL, NULL, '', 'C-109, Jumbo Darshan Society', 'Iind Koldongri Road', 'MUMBAI', '400069', '', '', '', '', '', '', '', 'LM', '8564', '', '', '', '', NULL, '', '', '', 1, '', '', '', '', '', '', '', 0, '', NULL, NULL, NULL, NULL, NULL, '43740.81528', '43740.81528'),
(8857, '', '8858', '', 'Bhutda', 'Suresh', 'Dharumal', '', '', '', '', '', '8433800825', '', '', 'sm9426555597@gmail.com,', '', NULL, NULL, NULL, NULL, NULL, NULL, NULL, NULL, NULL, NULL, NULL, NULL, '', 'Room No. 1420,20th Floor, New Jayfarwadi', 'M.p. Mill Police Compound, Tardeo', 'MUMBAI', '400008', '', '', '', '', '', '', '', 'LM', '8565', '', '', '', '', NULL, '', '', '', 1, '', '', '', '', '', '', '', 1, '', NULL, NULL, NULL, NULL, NULL, '43740.81597', '43740.81597'),
(8858, '', '8859', '', 'Somani', 'Gaurav', 'Ramgopal', '', '', '', '', '', '9699460503', '', '', 'somani_gaurav@yahoo.com,', '', NULL, NULL, NULL, NULL, NULL, NULL, NULL, NULL, NULL, NULL, NULL, NULL, '', '18, Smita,', '172, R. B. Mehta Road', 'MUMBAI', '400077', '', '', '', '', '', '', '', 'LM', '8566', '', '', '', '', NULL, '', '', '', 1, '', '', '', '', '', '', '', 0, '', NULL, NULL, NULL, NULL, NULL, '43740.81667', '43740.81667'),
(8859, '', '8860', '', 'Somani', 'Gaurav', 'Ramgopal', '', '', '', '', '', '', '', '', '', '', NULL, NULL, NULL, NULL, NULL, NULL, NULL, NULL, NULL, NULL, NULL, NULL, '', 'Bldg No. 190, Sanmati Flat No 5286,', 'Pant Nagar, Ghatkoapr (E)', 'Mumbai', '400075', '', '', '', '', '', '', '', 'LM', '8566', '', '', '', '', NULL, '', '', '', 1, '', '', '', '', '', '', '', 0, '', NULL, NULL, NULL, NULL, NULL, '43740.81736', '43740.81736'),
(8860, '', '8861', '', 'Somani', 'Vidhi', 'Gaurav', '', '', '', '', '', '9323146759', '', '', 'vidhisomani83@gmail.com,', '', NULL, NULL, NULL, NULL, NULL, NULL, NULL, NULL, NULL, NULL, NULL, NULL, '', '18, Smita,', '172, R. B. Mehta Road', 'MUMBAI', '400077', '', '', '', '', '', '', '', 'LM', '8567', '', '', '', '', NULL, '', '', '', 1, '', '', '', '', '', '', '', 1, '', NULL, NULL, NULL, NULL, NULL, '43740.81806', '43740.81806'),
(8861, '', '8862', '', 'Somani', 'Vidhi', 'Gaurav', '', '', '', '', '', '', '', '', '', '', NULL, NULL, NULL, NULL, NULL, NULL, NULL, NULL, NULL, NULL, NULL, NULL, '', 'Bldg No. 190, Sanmati Flat No 5286,', 'Pant Nagar, Ghatkoapr (E)', 'Mumbai', '400075', '', '', '', '', '', '', '', 'LM', '8567', '', '', '', '', NULL, '', '', '', 1, '', '', '', '', '', '', '', 0, '', NULL, NULL, NULL, NULL, NULL, '43740.81875', '43740.81875'),
(8862, '', '8863', '', 'Mandhana', 'Vaibhav', 'Pravin', '', '', '', '', '', '9967110003', '', '', 'vaibhav.mandhana@gmail.com, vaibhav@flookup.com', '', NULL, NULL, NULL, NULL, NULL, NULL, NULL, NULL, NULL, NULL, NULL, NULL, '', 'I-604, Maheshwari Nagar', 'Kondivita Road,', 'MUMBAI', '400069', '', '', '', '', '', '', '', 'LM', '8568', '', '', '', '', NULL, '', '', '', 1, '', '', '', '', '', '', '', 0, '', NULL, NULL, NULL, NULL, NULL, '43740.81944', '43740.81944'),
(8863, '', '8864', '', 'Soni', 'Krishna', 'Rajendra', '', '', '', '', '', '9082366962', '', '', 'sonikrishna1993@gmail.com,', '', NULL, NULL, NULL, NULL, NULL, NULL, NULL, NULL, NULL, NULL, NULL, NULL, '', '19/b/403, Shiv Tirth CHS. C.s. Road', 'Opp. Vijaya Bank, Anand Nagar', 'MUMBAI', '400068', '', '', '', '', '', '', '', 'LM', '8569', '', '', '', '', NULL, '', '', '', 1, '', '', '', '', '', '', '', 0, '', NULL, NULL, NULL, NULL, NULL, '43740.82014', '43740.82014'),
(8864, '', '8865', '', 'Rathi', 'Aarti', 'Vishal', '', '', '', '', '', '9920772647', '', '', 'aarti1901@gmail.com,', '', NULL, NULL, NULL, NULL, NULL, NULL, NULL, NULL, NULL, NULL, NULL, NULL, '', '3c-603/604, Siddhi Vinayak Society', 'Asha Nagar, Thakur Complex', 'MUMBAI', '400101', '', '', '', '', '', '', '', 'LM', '8570', '', '', '', '', NULL, '', '', '', 1, '', '', '', '', '', '', '', 0, '', NULL, NULL, NULL, NULL, NULL, '43740.82083', '43740.82083'),
(8865, '', '8866', '', 'Maheshwari', 'Bhavna', 'Ashwin', '', '', '', '', '', '8097012833', '', '', '', '', NULL, NULL, NULL, NULL, NULL, NULL, NULL, NULL, NULL, NULL, NULL, NULL, '', 'Room No.5, Kotushingh Chawl', 'Carter Road No. 3, Opp. Saidham', 'MUMBAI', '400066', '', '', '', '', '', '', '', 'LM', '8571', '', '', '', '', NULL, '', '', '', 1, '', '', '', '', '', '', '', 0, '', NULL, NULL, NULL, NULL, NULL, '43740.82153', '43740.82153'),
(8866, '', '8867', '', 'Maheshwari', 'Hardik', 'Ashwin', '', '', '', '', '', '8097012833', '', '', '', '', NULL, NULL, NULL, NULL, NULL, NULL, NULL, NULL, NULL, NULL, NULL, NULL, '', 'Room No. 5, Kotusingh Chawl, Carter Road No.3', 'Opp. Saidham', 'MUMBAI', '400066', '', '', '', '', '', '', '', 'LM', '8572', '', '', '', '', NULL, '', '', '', 1, '', '', '', '', '', '', '', 0, '', NULL, NULL, NULL, NULL, NULL, '43740.82222', '43740.82222'),
(8867, '', '8868', '', 'Karnani', 'Madan', 'Ramesh', '', '', '', '', '', '7718818203', '', '', '', '', NULL, NULL, NULL, NULL, NULL, NULL, NULL, NULL, NULL, NULL, NULL, NULL, '', 'C-802, Ashok Garden,', 'T. J. Road,', 'MUMBAI', '400015', '', '', '', '', '', '', '', 'LM', '8573', '', '', '', '', NULL, '', '', '', 1, '', '', '', '', '', '', '', 0, '', NULL, NULL, NULL, NULL, NULL, '43740.82292', '43740.82292'),
(8868, '', '8869', '', 'Sodani', 'Prabodh', 'Madhusudan', '', '', '', '', '', '8097508025', '', '', 'prabodhsodani@gmail.com,', '', NULL, NULL, NULL, NULL, NULL, NULL, NULL, NULL, NULL, NULL, NULL, NULL, '', '13/996, Old Mhb Colony, Nr. Hanuman Mandir', 'Gorai Road', 'MUMBAI', '400091', '', '', '', '', '', '', '', 'LM', '8574', '', '', '', '', NULL, '', '', '', 1, '', '', '', '', '', '', '', 0, '', NULL, NULL, NULL, NULL, NULL, '43740.82361', '43740.82361'),
(8869, '', '8870', '', 'Sodani', 'Monika', 'Prabodh', '', '', '', '', '', '9967915623', '', '', 'monikasodani83@gmail.com,', '', NULL, NULL, NULL, NULL, NULL, NULL, NULL, NULL, NULL, NULL, NULL, NULL, '', '13/996, Old Mhb Colony, Nr. Hanuman Mandir', 'Gorai Road', 'MUMBAI', '400091', '', '', '', '', '', '', '', 'LM', '8575', '', '', '', '', NULL, '', '', '', 1, '', '', '', '', '', '', '', 0, '', NULL, NULL, NULL, NULL, NULL, '43740.82431', '43740.82431'),
(8870, '', '8871', '', 'Lahoti', 'Prakash', 'Govardhandas', '', '', '', '', '', '9820119126', '', '', 'pglahoti2007@rediffmail.com,', '', NULL, NULL, NULL, NULL, NULL, NULL, NULL, NULL, NULL, NULL, NULL, NULL, '', 'D-14, Mahavir Jyot, Goverdhan Nagar', 'Lbs Marg', 'MUMBAI', '400080', '', '', '', '', '', '', '', 'LM', '8576', '', '', '', '', NULL, '', '', '', 1, '', '', '', '', '', '', '', 0, '', NULL, NULL, NULL, NULL, NULL, '43740.825', '43740.825'),
(8871, '', '8872', '', 'Digga', 'Vinadevi', 'Bhawarlal', '', '', '', '', '', '8169445703', '', '', 'kinayadigga@gmail.com,', '', NULL, NULL, NULL, NULL, NULL, NULL, NULL, NULL, NULL, NULL, NULL, NULL, '', '57-59, Dr. Atmaram Merchant Road, Bhawar Mension', '4th Floor, Bhuleshwar', 'MUMBAI', '400002', '', '', '', '', '', '', '', 'LM', '8577', '', '', '', '', NULL, '', '', '', 1, '', '', '', '', '', '', '', 0, '', NULL, NULL, NULL, NULL, NULL, '43740.82569', '43740.82569'),
(8872, '', '8873', '', 'Dujari', 'Nikhil', 'Narayandas', '', '', '', '', '', '9930879571', '', '', 'nikhildujari@gmail.com,', '', NULL, NULL, NULL, NULL, NULL, NULL, NULL, NULL, NULL, NULL, NULL, NULL, '', 'C/2, 195, Karmashetra Bldg. Flank Road', 'Near Shanmukhanand Hall', 'MUMBAI', '400037', '', '', '', '', '', '', '', 'LM', '8578', '', '', '', '', NULL, '', '', '', 1, '', '', '', '', '', '', '', 0, '', NULL, NULL, NULL, NULL, NULL, '43740.82639', '43740.82639'),
(8873, '', '8874', '', 'Manihar', 'Nandkishore', 'Kanhaiyalal', '', '', '', '', '', '9571142121', '', '', 'nkm1947@gmail.com,', '', NULL, NULL, NULL, NULL, NULL, NULL, NULL, NULL, NULL, NULL, NULL, NULL, '', 'Oberoi Esquire Aptt. 901, Tower A, Off Mohan Gokhale Road', 'Opp. Oberio Woods, Off. W.e.highway', 'MUMBAI', '400063', '', '', '', '', '', '', '', 'LM', '8579', '', '', '', '', NULL, '', '', '', 1, '', '', '', '', '', '', '', 0, '', NULL, NULL, NULL, NULL, NULL, '43740.82708', '43740.82708'),
(8874, '', '8875', '', 'Rathi', 'Deepti', 'Bharat', '', '', '', '', '', '7666492123', '', '', 'deepti.jajoo@gmail.com,', '', NULL, NULL, NULL, NULL, NULL, NULL, NULL, NULL, NULL, NULL, NULL, NULL, '', '104, Borivali Sangam CHS,', 'Daulat Nagar Road No.3', 'MUMBAI', '400066', '', '', '', '', '', '', '', 'LM', '8580', '', '', '', '', NULL, '', '', '', 1, '', '', '', '', '', '', '', 0, '', NULL, NULL, NULL, NULL, NULL, '43740.82778', '43740.82778'),
(8875, '', '8876', '', 'Somani', 'Manisha', 'Rajkumar', '', '', '', '', '', '9323929501', '', '', 'somani.manisha23@gmail.com,', '', NULL, NULL, NULL, NULL, NULL, NULL, NULL, NULL, NULL, NULL, NULL, NULL, '', 'A/902, Natasha Manor Chandraverkar Road', 'Above Indian Bank', 'MUMBAI', '400092', '', '', '', '', '', '', '', 'LM', '8581', '', '', '', '', NULL, '', '', '', 1, '', '', '', '', '', '', '', 0, '', NULL, NULL, NULL, NULL, NULL, '43740.82847', '43740.82847'),
(8876, '', '8877', '', 'Lahoti', 'Himali', 'Rupendra', '', '', '', '', '', '9619496749', '', '', '', '', NULL, NULL, NULL, NULL, NULL, NULL, NULL, NULL, NULL, NULL, NULL, NULL, '', '101, Rajendra Ratna', 'Mahesh Nagar,', 'MUMBAI', '400104', '', '', '', '', '', '', '', 'LM', '8582', '', '', '', '', NULL, '', '', '', 1, '', '', '', '', '', '', '', 0, '', NULL, NULL, NULL, NULL, NULL, '43740.82917', '43740.82917'),
(8877, '', '8878', '', 'Bangur', 'Aruna', 'Sachin', '', '', '', '', '', '8879004775', '', '', 'asbangur@gmail.com,', '', NULL, NULL, NULL, NULL, NULL, NULL, NULL, NULL, NULL, NULL, NULL, NULL, '', 'G-1106, Palm Court,', 'New Link Road', 'MUMBAI', '400064', '', '', '', '', '', '', '', 'LM', '8583', '', '', '', '', NULL, '', '', '', 1, '', '', '', '', '', '', '', 0, '', NULL, NULL, NULL, NULL, NULL, '43740.82986', '43740.82986'),
(8878, '', '8879', '', 'Bangur', 'Sachin', 'Narendra', '', '', '', '', '', '8108066289', '', '', 'sachinbangur@yahoo.co.in,', '', NULL, NULL, NULL, NULL, NULL, NULL, NULL, NULL, NULL, NULL, NULL, NULL, '', 'G-1106, Palm Court', 'New Link Road', 'MUMBAI', '400064', '', '', '', '', '', '', '', 'LM', '8584', '', '', '', '', NULL, '', '', '', 1, '', '', '', '', '', '', '', 0, '', NULL, NULL, NULL, NULL, NULL, '43740.83056', '43740.83056'),
(8879, '', '8880', '', 'Mandhania', 'Pushplata', 'Damodarlal', '', '', '', '', '', '9833440518', '', '', '', '', NULL, NULL, NULL, NULL, NULL, NULL, NULL, NULL, NULL, NULL, NULL, NULL, '', 'A/2103-04, Alta Monte Omkar', 'Near Shantaram Talaw, Kurar Village', 'MUMBAI', '400097', '', '', '', '', '', '', '', 'LM', '8585', '', '', '', '', NULL, '', '', '', 1, '', '', '', '', '', '', '', 0, '', NULL, NULL, NULL, NULL, NULL, '43740.83125', '43740.83125'),
(8880, '', '8881', '', 'Mandhania', 'Manish', 'Damodarlal', '', '', '', '', '', '9320035084', '', '', 'manishmandhania9@gmail.com,', '', NULL, NULL, NULL, NULL, NULL, NULL, NULL, NULL, NULL, NULL, NULL, NULL, '', 'A/2103-04, Alta Monte Omkar', 'Near Shantaram Talaw, Kurar Village', 'MUMBAI', '400097', '', '', '', '', '', '', '', 'LM', '8586', '', '', '', '', NULL, '', '', '', 1, '', '', '', '', '', '', '', 0, '', NULL, NULL, NULL, NULL, NULL, '43740.83194', '43740.83194'),
(8881, '', '8882', '', 'Mandhania', 'Kiran', 'Manish', '', '', '', '', '', '9819199305', '', '', 'kiranmandh@gmail.com,', '', NULL, NULL, NULL, NULL, NULL, NULL, NULL, NULL, NULL, NULL, NULL, NULL, '', 'A/2103-04, Alta Monte Omkar', 'Near Shantaram Talaw, Kurar Village', 'MUMBAI', '400097', '', '', '', '', '', '', '', 'LM', '8587', '', '', '', '', NULL, '', '', '', 1, '', '', '', '', '', '', '', 0, '', NULL, NULL, NULL, NULL, NULL, '43740.83264', '43740.83264'),
(8882, '', '8883', '', 'Mandhana', 'Priyank', 'Rakesh Kumar', '', '', '', '', '', '7400402000', '', '', 'prabhastonna@gmail.com,', '', NULL, NULL, NULL, NULL, NULL, NULL, NULL, NULL, NULL, NULL, NULL, NULL, '', 'Off. No.4, 1st Floor, Shivprakash Bldg. Road No.1', 'Jayprakash Nagar', 'MUMBAI', '400063', '', '', '', '', '', '', '', 'LM', '8588', '', '', '', '', NULL, '', '', '', 1, '', '', '', '', '', '', '', 0, '', NULL, NULL, NULL, NULL, NULL, '43740.83333', '43740.83333'),
(8883, '', '8884', '', 'Kalani', 'Sonali', 'Pankaj', '', '', '', '', '', '9833823990', '', '', 'kalani.sonali@gmail.com,', '', NULL, NULL, NULL, NULL, NULL, NULL, NULL, NULL, NULL, NULL, NULL, NULL, '', 'Flat No. A/901, Lodha Bellissimo', 'Apollo Mill Compound, N.M. Joshi Marg', '', '400011', '', '', '', '', '', '', '', 'LM', '8589', '', '', '', '', NULL, '', '', '', 1, '', '', '', '', '', '', '', 0, '', NULL, NULL, NULL, NULL, NULL, '43740.83403', '43740.83403'),
(8884, '', '8885', '', 'Daga', 'Ramkumar', 'Ramnath', '', '', '', '', '', '9867790971', '', '', 'ram_daga@rediffmail.com,', '', NULL, NULL, NULL, NULL, NULL, NULL, NULL, NULL, NULL, NULL, NULL, NULL, '', 'Suraj Millenium Tower, 8th Floor', '71 Bhulabhai Desai Road, Breach Candy', '', '400026', '', '', '', '', '', '', '', 'LM', '8590', '', '', '', '', NULL, '', '', '', 1, '', '', '', '', '', '', '', 0, '', NULL, NULL, NULL, NULL, NULL, '43740.83472', '43740.83472'),
(8885, '', '8886', '', 'Bajaj', 'Santosh', 'Kamalkishore', '', '', '', '', '', '9869023364', '', '', 'lm8591@noemailid.com,', '', NULL, NULL, NULL, NULL, NULL, NULL, NULL, NULL, NULL, NULL, NULL, NULL, '', 'J-14/13, Jalmandir CHS.Ltd.', 'Bangur Nagar, Link Road', '', '400104', '', '', '', '', '', '', '', 'LM', '8591', '', '', '', '', NULL, '', '', '', 1, '', '', '', '', '', '', '', 0, '', NULL, NULL, NULL, NULL, NULL, '43740.83542', '43740.83542'),
(8886, '', '8887', '', 'Hurgat', 'Parag', 'Vijaykumar', '', '', '', '', '', '9763709506', '', '', 'parag.aarthi@gmail.com,', '', NULL, NULL, NULL, NULL, NULL, NULL, NULL, NULL, NULL, NULL, NULL, NULL, '', 'Flat No. 1702, 17th Floor, Boulevard 4', 'Wadhwa The Address, LBS Marg, Opp. R City Mall', '', '400086', '', '', '', '', '', '', '', 'LM', '8592', '', '', '', '', NULL, '', '', '', 1, '', '', '', '', '', '', '', 0, '', NULL, NULL, NULL, NULL, NULL, '43740.83611', '43740.83611'),
(8887, '', '8888', '', 'Mundra', 'Ankur', 'Mahaveerprasad', '', '', '', '', '', '9649928005', '', '', 'mundra.hi@gmail.com,', '', NULL, NULL, NULL, NULL, NULL, NULL, NULL, NULL, NULL, NULL, NULL, NULL, '', 'Flat No. 6, Vaibhav Apartment - 1', 'Shreyas Cinema Lane', '', '400086', '', '', '', '', '', '', '', 'LM', '8593', '', '', '', '', NULL, '', '', '', 1, '', '', '', '', '', '', '', 0, '', NULL, NULL, NULL, NULL, NULL, '43740.83681', '43740.83681'),
(8888, '', '8889', '', 'Mundra', 'Neha', 'Ankur', '', '', '', '', '', '9022750504', '', '', 'nehaca.bhl@gmail.com,', '', NULL, NULL, NULL, NULL, NULL, NULL, NULL, NULL, NULL, NULL, NULL, NULL, '', 'Flat No. 6, Vaibhav Apartment - 1', 'Shreyas Cinema Lane', '', '400086', '', '', '', '', '', '', '', 'LM', '8594', '', '', '', '', NULL, '', '', '', 1, '', '', '', '', '', '', '', 0, '', NULL, NULL, NULL, NULL, NULL, '43740.8375', '43740.8375'),
(8889, '', '8890', '', 'Mackar', 'Ankit', 'Arunkumar', '', '', '', '', '', '7507838286', '', '', 'amackar@gmail.com,', '', NULL, NULL, NULL, NULL, NULL, NULL, NULL, NULL, NULL, NULL, NULL, NULL, '', 'Flat No. 10, Plot No. 57, Sneh Sadan', 'J. B. Nagar', '', '400059', '', '', '', '', '', '', '', 'LM', '8595', '', '', '', '', NULL, '', '', '', 1, '', '', '', '', '', '', '', 0, '', NULL, NULL, NULL, NULL, NULL, '43740.83819', '43740.83819'),
(8890, '', '8891', '', 'Toshniwal', 'Sandeep', 'Ghanshyam', '', '', '', '', '', '9820899735', '', '', 'sandeep.toshniwal@tcs.com,', '', NULL, NULL, NULL, NULL, NULL, NULL, NULL, NULL, NULL, NULL, NULL, NULL, '', '411, Taal Veena Saaz, Videocon Tower', 'Thakur Complex', '', '400101', '', '', '', '', '', '', '', 'LM', '8596', '', '', '', '', NULL, '', '', '', 1, '', '', '', '', '', '', '', 0, '', NULL, NULL, NULL, NULL, NULL, '43740.83889', '43740.83889'),
(8891, '', '8892', '', 'Jaju', 'Shrutika', 'Aditya', '', '', '', '', '', '9030144448', '', '', 'drshrutikasomani@gmail.com,', '', NULL, NULL, NULL, NULL, NULL, NULL, NULL, NULL, NULL, NULL, NULL, NULL, '', 'Flat No. 302, Tejaswini Tower, Manipada Road', 'Opp. Kalina University', '', '400098', '', '', '', '', '', '', '', 'LM', '8597', '', '', '', '', NULL, '', '', '', 1, '', '', '', '', '', '', '', 0, '', NULL, NULL, NULL, NULL, NULL, '43740.83958', '43740.83958'),
(8892, '', '8893', '', 'Kalani', 'Ayush', 'Satish', '', '', '', '', '', '9820330071', '', '', 'ayushkalani@gmail.com,', '', NULL, NULL, NULL, NULL, NULL, NULL, NULL, NULL, NULL, NULL, NULL, NULL, '', '3, Ashok Bharti, Kankuwadi', 'P. M. Road', '', '400057', '', '', '', '', '', '', '', 'LM', '8598', '', '', '', '', NULL, '', '', '', 1, '', '', '', '', '', '', '', 0, '', NULL, NULL, NULL, NULL, NULL, '43740.84028', '43740.84028'),
(8893, '', '8894', '', 'Lahoti', 'Rajesh', 'Shrikisan', '', '', '', '', '', '9619443223', '', '', 'raajeeshlahoti@gmail.com,', '', NULL, NULL, NULL, NULL, NULL, NULL, NULL, NULL, NULL, NULL, NULL, NULL, '', '801 Trikal CHSL, Building No. 309, 90ft Road', 'Opp. Durgamata Mandir, Pant Nagar', '', '400075', '', '', '', '', '', '', '', 'LM', '8599', '', '', '', '', NULL, '', '', '', 1, '', '', '', '', '', '', '', 0, '', NULL, NULL, NULL, NULL, NULL, '43740.84097', '43740.84097'),
(8894, '', '8895', '', 'Ladha', 'Sharda', 'Krishnakishore', '', '', '', '', '', '9820348270', '', '', 'maheshwari.kk@gmail.com,', '', NULL, NULL, NULL, NULL, NULL, NULL, NULL, NULL, NULL, NULL, NULL, NULL, '', '22, Chitrakoot CHSL', 'Altamount Road, Cumballa Hill (sub Office)', '', '400026', '', '', '', '', '', '', '', 'LM', '8600', '', '', '', '', NULL, '', '', '', 1, '', '', '', '', '', '', '', 0, '', NULL, NULL, NULL, NULL, NULL, '43740.84167', '43740.84167'),
(8895, '', '8896', '', 'Dhoot', 'Dipesh', 'Banwarilal', '', '', '', '', '', '9221941960', '', '', 'dipeshdhoot1@gmail.com,', '', NULL, NULL, NULL, NULL, NULL, NULL, NULL, NULL, NULL, NULL, NULL, NULL, '', '12/935, Old MHB Colony', 'Gorai Road,', '', '400091', '', '', '', '', '', '', '', 'LM', '8601', '', '', '', '', NULL, '', '', '', 1, '', '', '', '', '', '', '', 0, '', NULL, NULL, NULL, NULL, NULL, '43740.84236', '43740.84236'),
(8896, '', '8897', '', 'Sarda', 'Aparna', 'Aditya', '', '', '', '', '', '9889471457', '', '', 'aparnakankani2708@gmail.com,', '', NULL, NULL, NULL, NULL, NULL, NULL, NULL, NULL, NULL, NULL, NULL, NULL, '', 'B-1101, Neel Tower,', 'Devidas Cross Lane,', '', '400103', '', '', '', '', '', '', '', 'LM', '8602', '', '', '', '', NULL, '', '', '', 1, '', '', '', '', '', '', '', 0, '', NULL, NULL, NULL, NULL, NULL, '43740.84306', '43740.84306'),
(8897, '', '8898', '', 'Sarda', 'Priyanka', 'Krishna', '', '', '', '', '', '9594088997', '', '', 'priyankabhattad23.pb@gmail.com,', '', NULL, NULL, NULL, NULL, NULL, NULL, NULL, NULL, NULL, NULL, NULL, NULL, '', 'B-401, Neel Tower', 'Devidas Cross Lane', '', '400103', '', '', '', '', '', '', '', 'LM', '8603', '', '', '', '', NULL, '', '', '', 1, '', '', '', '', '', '', '', 0, '', NULL, NULL, NULL, NULL, NULL, '43740.84375', '43740.84375'),
(8898, '', '8899', '', 'Bagdi', 'Pranay', 'Rajkishore', '', '', '', '', '', '7506682711', '', '', 'lm8604@noemailid.com,', '', NULL, NULL, NULL, NULL, NULL, NULL, NULL, NULL, NULL, NULL, NULL, NULL, '', '2503, Crescent Bay, Tower 5', 'Jerbai Wadia Road, Bhoiwada', '', '400012', '', '', '', '', '', '', '', 'LM', '8604', '', '', '', '', NULL, '', '', '', 1, '', '', '', '', '', '', '', 0, '', NULL, NULL, NULL, NULL, NULL, '43740.84444', '43740.84444'),
(8899, '', '8900', '', 'Bagdi', 'Rajkishore', 'Madanmohan', '', '', '', '', '', '9841028252', '', '', 'lm8605@noemailid.com,', '', NULL, NULL, NULL, NULL, NULL, NULL, NULL, NULL, NULL, NULL, NULL, NULL, '', '2503, Crescent Bay, Tower 5', 'Jerbai Wadia Road, Bhoiwada', '', '400012', '', '', '', '', '', '', '', 'LM', '8605', '', '', '', '', NULL, '', '', '', 1, '', '', '', '', '', '', '', 0, '', NULL, NULL, NULL, NULL, NULL, '43740.84514', '43740.84514'),
(8900, '', '8901', '', 'Periwal', 'Ashokji', '', '', '', '', '', '', '', '', '', '', '', NULL, NULL, NULL, NULL, NULL, NULL, NULL, NULL, NULL, NULL, NULL, NULL, '', 'Room no. 60, 80/84, Dadi Seth Agiary Lane, ,', '4th Floor, Kalbadevi Road', '', '400002', '', '', '', '', '', '', '', 'LM', '8606', '', '', '', '', NULL, '', '', '', 1, '', '', '', '', '', '', '', 0, '', NULL, NULL, NULL, NULL, NULL, '43740.84583', '43740.84583'),
(8901, '', '8902', '', 'Somani', 'Rohitji', '', '', '', '', '', '', '', '', '', '', '', NULL, NULL, NULL, NULL, NULL, NULL, NULL, NULL, NULL, NULL, NULL, NULL, '', 'A/804, Pluto, Vasant Galaxy,', 'Bangur Nagar, Goregaon (W),', '', '400104', '', '', '', '', '', '', '', 'LM', '8607', '', '', '', '', NULL, '', '', '', 1, '', '', '', '', '', '', '', 0, '', NULL, NULL, NULL, NULL, NULL, '43740.84653', '43740.84653'),
(8902, '', '8903', '', 'Somani', 'Anushreeji', 'Rohitji', '', '', '', '', '', '', '', '', '', '', NULL, NULL, NULL, NULL, NULL, NULL, NULL, NULL, NULL, NULL, NULL, NULL, '', 'A/804, Pluto, Vasant Galaxy,', 'Bangur Nagar, Goregaon (W),', '', '400104', '', '', '', '', '', '', '', 'LM', '8608', '', '', '', '', NULL, '', '', '', 1, '', '', '', '', '', '', '', 0, '', NULL, NULL, NULL, NULL, NULL, '43740.84722', '43740.84722'),
(8903, '', '8904', '', 'Bajaj', 'Amitji', '', '', '', '', '', '', '', '', '', '', '', NULL, NULL, NULL, NULL, NULL, NULL, NULL, NULL, NULL, NULL, NULL, NULL, '', 'G-504, Krishna Residency, Atmaram Compound,', 'Near Dalmiya College, Behind Sunder Nagar, Malad (W', '', '400064', '', '', '', '', '', '', '', 'LM', '8609', '', '', '', '', NULL, '', '', '', 1, '', '', '', '', '', '', '', 0, '', NULL, NULL, NULL, NULL, NULL, '43740.84792', '43740.84792'),
(8904, '', '8905', '', 'Malpani', 'Sapanaji', 'Samratji', '', '', '', '', '', '', '', '', '', '', NULL, NULL, NULL, NULL, NULL, NULL, NULL, NULL, NULL, NULL, NULL, NULL, '', 'T1-3204, Oakwood,  -', 'Runwal Green, M.G. Link Road, Nahur', '', '400078', '', '', '', '', '', '', '', 'LM', '8610', '', '', '', '', NULL, '', '', '', 1, '', '', '', '', '', '', '', 0, '', NULL, NULL, NULL, NULL, NULL, '43740.84861', '43740.84861'),
(8905, '', '8906', '', 'Bang', 'Hemji', '', '', '', '', '', '', '', '', '', '', '', NULL, NULL, NULL, NULL, NULL, NULL, NULL, NULL, NULL, NULL, NULL, NULL, '', '104, Somerset House, 10th Floor,', 'Bhulabhai Desai Road, Near Breach Candy Hospital,', '', '400026', '', '', '', '', '', '', '', 'LM', '8611', '', '', '', '', NULL, '', '', '', 1, '', '', '', '', '', '', '', 0, '', NULL, NULL, NULL, NULL, NULL, '43740.84931', '43740.84931'),
(8906, '', '8907', '', 'Taparia', 'Rajeshkumarji', '', '', '', '', '', '', '', '', '', '', '', NULL, NULL, NULL, NULL, NULL, NULL, NULL, NULL, NULL, NULL, NULL, NULL, '', 'Flat no. 82, 8th Floor, Sujata Bldg.,', '8 Little Gibbs Road, Malabar Hill,', '', '400006', '', '', '', '', '', '', '', 'LM', '8612', '', '', '', '', NULL, '', '', '', 1, '', '', '', '', '', '', '', 0, '', NULL, NULL, NULL, NULL, NULL, '43740.85', '43740.85'),
(8907, '', '8908', '', 'Sodhani', 'Vishnukumarji', '', '', '', '', '', '', '', '', '', '', '', NULL, NULL, NULL, NULL, NULL, NULL, NULL, NULL, NULL, NULL, NULL, NULL, '', '501-502, Bldg.no.7, Sector-2,', 'Shanti Garden, Mira Road (E), Thane', '', '401107', '', '', '', '', '', '', '', 'LM', '8613', '', '', '', '', NULL, '', '', '', 1, '', '', '', '', '', '', '', 0, '', NULL, NULL, NULL, NULL, NULL, '43740.85069', '43740.85069'),
(8908, '', '8909', '', 'Singhi', 'Sharadji', '', '', '', '', '', '', '', '', '', '', '', NULL, NULL, NULL, NULL, NULL, NULL, NULL, NULL, NULL, NULL, NULL, NULL, '', 'A-701, Runwal Symphony, Khandwala Compound,', 'Off Nehru Road, Vakola, Santacruz (E),', '', '400055', '', '', '', '', '', '', '', 'LM', '8614', '', '', '', '', NULL, '', '', '', 1, '', '', '', '', '', '', '', 0, '', NULL, NULL, NULL, NULL, NULL, '43740.85139', '43740.85139'),
(8909, '', '8910', '', 'SInghi', 'Sapanaji', 'Sharadji', '', '', '', '', '', '', '', '', '', '', NULL, NULL, NULL, NULL, NULL, NULL, NULL, NULL, NULL, NULL, NULL, NULL, '', 'A-701, Runwal Symphony, Khandwala Compound,', 'Off Nehru Road, Vakola, Santacruz (E),', '', '400055', '', '', '', '', '', '', '', 'LM', '8615', '', '', '', '', NULL, '', '', '', 1, '', '', '', '', '', '', '', 0, '', NULL, NULL, NULL, NULL, NULL, '43740.85208', '43740.85208'),
(8910, '', '8911', '', 'Hurkat', 'Mohitji', 'Sandeep', '', '', '', '', '', '', '', '', '', '', NULL, NULL, NULL, NULL, NULL, NULL, NULL, NULL, NULL, NULL, NULL, NULL, '', 'C-102, Manav Mandir,', 'Vidya Niketan Marg, Goregaon (W),', '', '400104', '', '', '', '', '', '', '', 'LM', '8616', '', '', '', '', NULL, '', '', '', 1, '', '', '', '', '', '', '', 0, '', NULL, NULL, NULL, NULL, NULL, '43740.85278', '43740.85278'),
(8911, '', '8912', '', 'Hurkat', 'Palakji', 'Sandeep', '', '', '', '', '', '', '', '', '', '', NULL, NULL, NULL, NULL, NULL, NULL, NULL, NULL, NULL, NULL, NULL, NULL, '', 'C-102, Manav Mandir,', 'Vidya Niketan Marg, Goregaon (W),', '', '400104', '', '', '', '', '', '', '', 'LM', '8617', '', '', '', '', NULL, '', '', '', 1, '', '', '', '', '', '', '', 0, '', NULL, NULL, NULL, NULL, NULL, '43740.85347', '43740.85347'),
(8912, '', '8913', '', 'Biyani', 'Kailash', '', '', '', '', '', '', '', '', '', '', '', NULL, NULL, NULL, NULL, NULL, NULL, NULL, NULL, NULL, NULL, NULL, NULL, '', 'B - 601, Dheeraj Solitaire,', 'Chincholi Bunder Road, Near Link Road, Malad (W),', 'Mumbai', '400064', '', '', '', '', '', '', '', 'LM', '8618', '', '', '', '', NULL, '', '', '', 1, '', '', '', '', '', '', '', 0, '', NULL, NULL, NULL, NULL, NULL, '43740.85417', '43740.85417'),
(8913, '', '8914', '', 'Biyani', 'Kailashji', '', '', '', '', '', '', '', '', '', '', '', NULL, NULL, NULL, NULL, NULL, NULL, NULL, NULL, NULL, NULL, NULL, NULL, '', 'A-601, Dheeraj Solitaire,', 'Chincholi Bunder Road, Near Link Road, Malad (W),', '', '400064', '', '', '', '', '', '', '', 'LM', '8618', '', '', '', '', NULL, '', '', '', 1, '', '', '', '', '', '', '', 0, '', NULL, NULL, NULL, NULL, NULL, '43740.85486', '43740.85486'),
(8914, '', '8915', '', 'Jhawar', 'Prakash', '', '', '', '', '', '', '', '', '', '', '', NULL, NULL, NULL, NULL, NULL, NULL, NULL, NULL, NULL, NULL, NULL, NULL, '', 'D/5/15, Jal Nidhi CHS,', 'Link Road, Bangur Nagar, Goregaon (W),', 'MUMBAI', '400104', '', '', '', '', '', '', '', 'LM', '8619', '', '', '', '', NULL, '', '', '', 1, '', '', '', '', '', '', '', 0, '', NULL, NULL, NULL, NULL, NULL, '43740.85556', '43740.85556'),
(8915, '', '8916', '', 'Lahoti', 'PRakash', '', '', '', '', '', '', '', '', '', '', '', NULL, NULL, NULL, NULL, NULL, NULL, NULL, NULL, NULL, NULL, NULL, NULL, '', 'C-302, Marigold No. 4,  C & D CHSL, Beverli Park,', 'Near Cinemax, Mira Road (E), Thane', 'MUMBAI', '401107', '', '', '', '', '', '', '', 'LM', '8620', '', '', '', '', NULL, '', '', '', 1, '', '', '', '', '', '', '', 0, '', NULL, NULL, NULL, NULL, NULL, '43740.85625', '43740.85625'),
(8916, '', '8917', '', 'Sarda', 'Madhu', 'Giopal', '', '', '', '', '', '', '', '', '', '', NULL, NULL, NULL, NULL, NULL, NULL, NULL, NULL, NULL, NULL, NULL, NULL, '', '1401/1501, Plot No. 161 CTS No. F/687, Anthony M, 29th Road,', 'Bandra (W), Near Sigri Hotel,', 'MUMBAI', '400050', '', '', '', '', '', '', '', 'LM', '8621', '', '', '', '', NULL, '', '', '', 1, '', '', '', '', '', '', '', 0, '', NULL, NULL, NULL, NULL, NULL, '43740.85694', '43740.85694'),
(8917, '', '8918', '', 'Taparia', 'Vandana', 'Satish', '', '', '', '', '', '', '', '', '', '', NULL, NULL, NULL, NULL, NULL, NULL, NULL, NULL, NULL, NULL, NULL, NULL, '', '601, Paramratna Building,', 'Jakaria Road, Opp. Post Office, Malad (W),', 'MUMBAI', '400064', '', '', '', '', '', '', '', 'LM', '8622', '', '', '', '', NULL, '', '', '', 1, '', '', '', '', '', '', '', 0, '', NULL, NULL, NULL, NULL, NULL, '43740.85764', '43740.85764'),
(8918, '', '8919', '', 'Bagri', 'Rupa', 'Raviji', '', '', '', '', '', '', '', '', '', '', NULL, NULL, NULL, NULL, NULL, NULL, NULL, NULL, NULL, NULL, NULL, NULL, '', 'Octacrest Complex, A-Wing,', 'Flat No.1101, Lokhandwala Township, Kandivali (E),', 'MUMBAI', '400101', '', '', '', '', '', '', '', 'LM', '8623', '', '', '', '', NULL, '', '', '', 1, '', '', '', '', '', '', '', 0, '', NULL, NULL, NULL, NULL, NULL, '43740.85833', '43740.85833'),
(8919, '', '8920', '', 'Bagri', 'Raviji', '', '', '', '', '', '', '', '', '', '', '', NULL, NULL, NULL, NULL, NULL, NULL, NULL, NULL, NULL, NULL, NULL, NULL, '', 'Octacrest Complex, A-Wing,', 'Flat No.1101, Lokhandwala Township, Kandivali (E),', 'MUMBAI', '400101', '', '', '', '', '', '', '', 'LM', '8624', '', '', '', '', NULL, '', '', '', 1, '', '', '', '', '', '', '', 0, '', NULL, NULL, NULL, NULL, NULL, '43740.85903', '43740.85903'),
(8920, '', '8921', '', 'Sarda', 'Shyamsundar', '', '', '', '', '', '', '', '', '', '', '', NULL, NULL, NULL, NULL, NULL, NULL, NULL, NULL, NULL, NULL, NULL, NULL, '', 'Flat No.30, New Sujata Apt.,', 'Juhu Tara Road, Opp. Pagli Showroom, Santacruz (W),', 'MUMBAI', '400049', '', '', '', '', '', '', '', 'LM', '8625', '', '', '', '', NULL, '', '', '', 1, '', '', '', '', '', '', '', 0, '', NULL, NULL, NULL, NULL, NULL, '43740.85972', '43740.85972'),
(8921, '', '8922', '', 'Sarda', 'Vijaylaxmi', 'Shyamsundar', '', '', '', '', '', '', '', '', '', '', NULL, NULL, NULL, NULL, NULL, NULL, NULL, NULL, NULL, NULL, NULL, NULL, '', 'Flat No.30, New Sujata Apt.,', 'Juhu Tara Road, Opp. Pagli Showroom, Santacruz (W),', 'MUMBAI', '400049', '', '', '', '', '', '', '', 'LM', '8626', '', '', '', '', NULL, '', '', '', 1, '', '', '', '', '', '', '', 0, '', NULL, NULL, NULL, NULL, NULL, '43740.86042', '43740.86042'),
(8922, '', '8923', '', 'Sarda', 'Pooja', 'Shyamsundar', '', '', '', '', '', '', '', '', '', '', NULL, NULL, NULL, NULL, NULL, NULL, NULL, NULL, NULL, NULL, NULL, NULL, '', 'Flat No.30, New Sujata Apt.,', 'Juhu Tara Road, Opp. Pagli Showroom, Santacruz (W),', 'MUMBAI', '400049', '', '', '', '', '', '', '', 'LM', '8627', '', '', '', '', NULL, '', '', '', 1, '', '', '', '', '', '', '', 0, '', NULL, NULL, NULL, NULL, NULL, '43740.86111', '43740.86111'),
(8923, '', '8924', '', 'Sarda', 'Rishi', 'Aakashji', '', '', '', '', '', '', '', '', '', '', NULL, NULL, NULL, NULL, NULL, NULL, NULL, NULL, NULL, NULL, NULL, NULL, '', 'Flat No.30, New Sujata Apt.,', 'Juhu Tara Road, Opp. Pagli Showroom, Santacruz (W),', 'MUMBAI', '400049', '', '', '', '', '', '', '', 'LM', '8628', '', '', '', '', NULL, '', '', '', 1, '', '', '', '', '', '', '', 0, '', NULL, NULL, NULL, NULL, NULL, '43740.86181', '43740.86181'),
(8924, '', '8925', '', 'Sarda', 'Aakash', '', '', '', '', '', '', '', '', '', '', '', NULL, NULL, NULL, NULL, NULL, NULL, NULL, NULL, NULL, NULL, NULL, NULL, '', 'Flat No.30, New Sujata Apt.,', 'Juhu Tara Road, Opp. Pagli Showroom, Santacruz (W),', 'MUMBAI', '400049', '', '', '', '', '', '', '', 'LM', '8629', '', '', '', '', NULL, '', '', '', 1, '', '', '', '', '', '', '', 0, '', NULL, NULL, NULL, NULL, NULL, '43740.8625', '43740.8625'),
(8925, '', '8926', '', 'Sarda', 'Sonam', 'Aakashji', '', '', '', '', '', '', '', '', '', '', NULL, NULL, NULL, NULL, NULL, NULL, NULL, NULL, NULL, NULL, NULL, NULL, '', 'Flat No.30, New Sujata Apt.,', 'Juhu Tara Road, Opp. Pagli Showroom', 'MUMBAI', '400049', '', '', '', '', '', '', '', 'LM', '8630', '', '', '', '', NULL, '', '', '', 1, '', '', '', '', '', '', '', 0, '', NULL, NULL, NULL, NULL, NULL, '43740.86319', '43740.86319'),
(8926, '', '8927', '', 'Nandraj', 'Gangurde', 'Ashok', 'Chandranbhaga', 'Male', '', '', '', '', '', '', 'nandugangurde07@gmail.com', '', NULL, NULL, NULL, NULL, NULL, NULL, NULL, NULL, NULL, NULL, NULL, NULL, '', '2101/02, Mermit Tower,', '176 N.M. Joshi Marg, Lower Parel (E),', 'MUMBAI', '400013', '', '', '', '', '', '', '', 'LM', '8631', '', '', '', '', NULL, '', '', '', 1, '', '', '', '', '', '', '', 0, '', NULL, NULL, NULL, NULL, NULL, '43740.86389', '43740.86389'),
(8927, '', '8928', '', 'Malpani', 'Yogesh', '', '', '', '', '', '', '', '', '', '', '', NULL, NULL, NULL, NULL, NULL, NULL, NULL, NULL, NULL, NULL, NULL, NULL, '', '501, Shree Radhe Darshan CHS. Ltd.,', 'Iraniwadi No.2, Mathuradas Extension Rd, Kandivali (W)', 'Mumbai', '400067', '', '', '', '', '', '', '', 'LM', '8632', '', '', '', '', NULL, '', '', '', 1, '', '', '', '', '', '', '', 0, '', NULL, NULL, NULL, NULL, NULL, '43740.86458', '43740.86458'),
(8928, '', '8929', '', 'Nowal', 'Sanjay', '', '', '', '', '', '', '', '', '', '', '', NULL, NULL, NULL, NULL, NULL, NULL, NULL, NULL, NULL, NULL, NULL, NULL, '', 'A/301, Raheja Solitaire,', 'Udyog Nagar, Off. S.V. Road,', 'Mumbai', '400104', '', '', '', '', '', '', '', 'LM', '8633', '', '', '', '', NULL, '', '', '', 1, '', '', '', '', '', '', '', 0, '', NULL, NULL, NULL, NULL, NULL, '43740.86528', '43740.86528'),
(8929, '', '8930', '', 'Gagdani', 'Kalpana', 'Sharad', '', '', '', '', '', '', '', '', '', '', NULL, NULL, NULL, NULL, NULL, NULL, NULL, NULL, NULL, NULL, NULL, NULL, '', '801, Solitaire, Orchard Avenue Street,', 'Hiranandani Gardens, Powai,', 'Mumbai', '400076', '', '', '', '', '', '', '', 'LM', '8634', '', '', '', '', NULL, '', '', '', 1, '', '', '', '', '', '', '', 0, '', NULL, NULL, NULL, NULL, NULL, '43740.86597', '43740.86597'),
(8930, '', '8931', '', 'Gagdani', 'Sharad', '', '', '', '', '', '', '', '', '', '', '', NULL, NULL, NULL, NULL, NULL, NULL, NULL, NULL, NULL, NULL, NULL, NULL, '', '801, Solitaire, Orchard Avenue Street,', 'Hiranandani Gardens, Powai,', 'Mumbai', '400076', '', '', '', '', '', '', '', 'LM', '8635', '', '', '', '', NULL, '', '', '', 1, '', '', '', '', '', '', '', 0, '', NULL, NULL, NULL, NULL, NULL, '43740.86667', '43740.86667'),
(8931, '', '8932', '', 'Gagdani', 'Poonam', 'Prakash', '', '', '', '', '', '', '', '', '', '', NULL, NULL, NULL, NULL, NULL, NULL, NULL, NULL, NULL, NULL, NULL, NULL, '', '801, Solitaire, Orchard Avenue Street,', 'Hiranandani Gardens, Powai,', 'Mumbai', '400076', '', '', '', '', '', '', '', 'LM', '8636', '', '', '', '', NULL, '', '', '', 1, '', '', '', '', '', '', '', 0, '', NULL, NULL, NULL, NULL, NULL, '43740.86736', '43740.86736'),
(8932, '', '8933', '', 'Gagdani', 'Prakash', '', '', '', '', '', '', '', '', '', '', '', NULL, NULL, NULL, NULL, NULL, NULL, NULL, NULL, NULL, NULL, NULL, NULL, '', '801, Solitaire, Orchard Avenue Street,', 'Hiranandani Gardens, Powai,', 'Mumbai', '400076', '', '', '', '', '', '', '', 'LM', '8637', '', '', '', '', NULL, '', '', '', 1, '', '', '', '', '', '', '', 0, '', NULL, NULL, NULL, NULL, NULL, '43740.86806', '43740.86806'),
(8933, '', '8934', '', 'Mall', 'Dhruvdas', 'Tulsidas', '', '', '', '', '', '9820219881', '', '', '', '', NULL, NULL, NULL, NULL, NULL, NULL, NULL, NULL, NULL, NULL, NULL, NULL, '', 'B1-2501, Romell Aether,  Near Umiya Mata Temple,', 'Off. Vishweshwar Nagar Road, Goregaon (E),', 'Goregaon', '400063', '', '', '', '', '', '', '', 'LM', '8638', '', '', '', '', NULL, '', '', '', 1, '', '', '', '', '', '', '', 0, '', NULL, NULL, NULL, NULL, NULL, '43740.86875', '43740.86875'),
(8934, '', '8935', '', 'Tawri', 'Namita', 'Sunil', '', '', '', '', '', '9324530346', '', '', '', '', NULL, NULL, NULL, NULL, NULL, NULL, NULL, NULL, NULL, NULL, NULL, NULL, '', '3, Tawri Niwas, Chincholi Gate,', 'Chincholi Gate,Malad (W)', 'Malad', '400064', '', '', '', '', '', '', '', 'LM', '8639', '', '', '', '', NULL, '', '', '', 1, '', '', '', '', '', '', '', 0, '', NULL, NULL, NULL, NULL, NULL, '43740.86944', '43740.86944'),
(8935, '', '8936', '', 'Godani', 'Harsh', 'Gopal', '', '', '', '', '', '9769240192', '', '', '', '', NULL, NULL, NULL, NULL, NULL, NULL, NULL, NULL, NULL, NULL, NULL, NULL, '', 'A/303, Shree Niketan, Near Lalji Pada Polic Chowki,', 'New Link Road, Kandivali (W),', 'Kandivali', '400067', '', '', '', '', '', '', '', 'LM', '8640', '', '', '', '', NULL, '', '', '', 1, '', '', '', '', '', '', '', 0, '', NULL, NULL, NULL, NULL, NULL, '43740.87014', '43740.87014'),
(8936, '', '8937', '', 'Baheti', 'Vishal', 'Ashok', '', '', '', '', '', '9820569664', '', '', '', '', NULL, NULL, NULL, NULL, NULL, NULL, NULL, NULL, NULL, NULL, NULL, NULL, '', 'B2/1705, The Address,', 'Opp. R City Mall, LBS Road, Ghatkopar (W),', 'Ghatkopar', '400086', '', '', '', '', '', '', '', 'LM', '8641', '', '', '', '', NULL, '', '', '', 1, '', '', '', '', '', '', '', 0, '', NULL, NULL, NULL, NULL, NULL, '43740.87083', '43740.87083'),
(8937, '', '8938', '', 'Bihani', 'Kalpana', 'Jawaharlal', '', '', '', '', '', '8668966511', '', '', '', '', NULL, NULL, NULL, NULL, NULL, NULL, NULL, NULL, NULL, NULL, NULL, NULL, '', 'F-601, New Bhoomi Park-2,', 'Near Bafira Nagar, Malad (W),', 'Malad', '400095', '', '', '', '', '', '', '', 'LM', '8642', '', '', '', '', NULL, '', '', '', 1, '', '', '', '', '', '', '', 0, '', NULL, NULL, NULL, NULL, NULL, '43740.87153', '43740.87153'),
(8938, '', '8939', '', 'Bihani', 'Jawaharlal', 'Badrinarayan', '', '', '', '', '', '8208264535', '', '', '', '', NULL, NULL, NULL, NULL, NULL, NULL, NULL, NULL, NULL, NULL, NULL, NULL, '', 'F-601, New Bhoomi Park-2,', 'Near Bafira Nagar, Malad (W),', 'Malad', '400095', '', '', '', '', '', '', '', 'LM', '8643', '', '', '', '', NULL, '', '', '', 1, '', '', '', '', '', '', '', 0, '', NULL, NULL, NULL, NULL, NULL, '43740.87222', '43740.87222'),
(8939, '', '8940', '', 'Bihani', 'Chandan', 'Jawaharlal', '', '', '', '', '', '9920305070', '', '', '', '', NULL, NULL, NULL, NULL, NULL, NULL, NULL, NULL, NULL, NULL, NULL, NULL, '', 'F-601, New Bhoomi Park-2,', 'Near Bafira Nagar, Malad (W),', 'Malad', '400095', '', '', '', '', '', '', '', 'LM', '8644', '', '', '', '', NULL, '', '', '', 1, '', '', '', '', '', '', '', 0, '', NULL, NULL, NULL, NULL, NULL, '43740.87292', '43740.87292');
INSERT INTO `members` (`id`, `member_id`, `user_id`, `salutation`, `f_name`, `l_name`, `m_name`, `mother_name`, `gender`, `dob`, `marital_status`, `dom`, `contact`, `alt_contact`, `tel`, `email`, `alt_email`, `business_email`, `address_line_1`, `address_line_2`, `address_line_3`, `oaddress_line_1`, `oaddress_line_2`, `oaddress_line_3`, `office_phone`, `correspondence_address`, `direction`, `nearest_railway`, `website`, `blood_group`, `address`, `address2`, `city`, `pincode`, `alt_address`, `alt_city`, `alt_pincode`, `resident_proof`, `khanp`, `up_khanp`, `occupation`, `member_type`, `member_code`, `company_details`, `qualification`, `native_address`, `family_address`, `family_member_id`, `office_address`, `other_address`, `dist`, `is_member`, `inactive_reason`, `inactive_remark`, `inactive_date`, `native_pincode`, `profile_photo`, `member_update_regional`, `member_update_super_admin`, `is_sawarswani`, `approve_on`, `receipt_file`, `receipt_date`, `receipt_no`, `meeting_date`, `member_fee`, `created_at`, `updated_at`) VALUES
(8940, '', '8941', '', 'Bihani', 'Mukta', 'Chandan', '', '', '', '', '', '9167606699', '', '', '', '', NULL, NULL, NULL, NULL, NULL, NULL, NULL, NULL, NULL, NULL, NULL, NULL, '', 'F-601, New Bhoomi Park-2,', 'Near Bafira Nagar, Malad (W),', 'Malad', '400095', '', '', '', '', '', '', '', 'LM', '8645', '', '', '', '', NULL, '', '', '', 1, '', '', '', '', '', '', '', 0, '', NULL, NULL, NULL, NULL, NULL, '43740.87361', '43740.87361'),
(8941, '', '8942', '', 'Bhattad', 'Poonam', 'Rakesh', '', '', '', '', '', '9699930784', '', '', '', '', NULL, NULL, NULL, NULL, NULL, NULL, NULL, NULL, NULL, NULL, NULL, NULL, '', 'B-101, Maple Heights, Ghati Pada,', 'Vaishali Nagar, Mulund (W),', 'Mulund', '400080', '', '', '', '', '', '', '', 'LM', '8646', '', '', '', '', NULL, '', '', '', 1, '', '', '', '', '', '', '', 0, '', NULL, NULL, NULL, NULL, NULL, '43740.87431', '43740.87431'),
(8942, '', '8943', '', 'Bhutra', 'Ghanshyam', 'Mahavirprasad', '', '', '', '', '', '8879914720', '', '', '', '', NULL, NULL, NULL, NULL, NULL, NULL, NULL, NULL, NULL, NULL, NULL, NULL, '', 'A-1508, Lords CHS,', 'Village Road, Bhandup (W),', 'Bhandup', '400078', '', '', '', '', '', '', '', 'LM', '8647', '', '', '', '', NULL, '', '', '', 1, '', '', '', '', '', '', '', 0, '', NULL, NULL, NULL, NULL, NULL, '43740.875', '43740.875'),
(8943, '', '8944', '', 'Mundhra', 'Priyanka', 'Sagar', '', '', '', '', '', '9511760367', '', '', '', '', NULL, NULL, NULL, NULL, NULL, NULL, NULL, NULL, NULL, NULL, NULL, NULL, '', '19, Gaurav Enclave,', 'Nahur Village Road, Mulund (W),', 'Mulund', '400080', '', '', '', '', '', '', '', 'LM', '8648', '', '', '', '', NULL, '', '', '', 1, '', '', '', '', '', '', '', 0, '', NULL, NULL, NULL, NULL, NULL, '43740.87569', '43740.87569'),
(8944, '', '8945', '', 'Bajaj', 'Kiran', 'Tarachand', '', '', '', '', '', '9869136046', '', '', '', '', NULL, NULL, NULL, NULL, NULL, NULL, NULL, NULL, NULL, NULL, NULL, NULL, '', 'K-106, Kanchan Nalanda CHS Ltd.,', 'Sunder Nagar, S.V. Road, Malad (W),', 'Malad', '400064', '', '', '', '', '', '', '', 'LM', '8649', '', '', '', '', NULL, '', '', '', 1, '', '', '', '', '', '', '', 0, '', NULL, NULL, NULL, NULL, NULL, '43740.87639', '43740.87639'),
(8945, '', '8946', '', 'Rathi', 'Radhika', 'Sunil', '', '', '', '', '', '9324208677', '', '', '', '', NULL, NULL, NULL, NULL, NULL, NULL, NULL, NULL, NULL, NULL, NULL, NULL, '', 'B-1501, Kabra Aurum, Unnat Nagar 2,', 'Off S.V. Road, Opp. Venus Joggers Park, Goregaon (W),', 'MUMBAI', '400104', '', '', '', '', '', '', '', 'LM', '8650', '', '', '', '', NULL, '', '', '', 1, '', '', '', '', '', '', '', 0, '', NULL, NULL, NULL, NULL, NULL, '43740.87708', '43740.87708'),
(8946, '', '8947', '', 'Malani', 'Bhushan', 'Ashish', '', '', '', '', '', '7021042319', '', '', '', '', NULL, NULL, NULL, NULL, NULL, NULL, NULL, NULL, NULL, NULL, NULL, NULL, '', 'A/202, Gauri Apartments,', 'Eksar Road,  Borivali (W),', 'Borivali', '400091', '', '', '', '', '', '', '', 'LM', '8651', '', '', '', '', NULL, '', '', '', 1, '', '', '', '', '', '', '', 0, '', NULL, NULL, NULL, NULL, NULL, '43740.87778', '43740.87778'),
(8947, '', '8948', '', 'Maloo', 'Pawan', 'Natwarlal', '', '', '', '', '', '', '', '', '', '', NULL, NULL, NULL, NULL, NULL, NULL, NULL, NULL, NULL, NULL, NULL, NULL, '', '303 Dheeraj Upvan Tower-1,', 'Siddharth Nagar, Borivali (E),', 'Borivali', '400066', '', '', '', '', '', '', '', 'LM', '8652', '', '', '', '', NULL, '', '', '', 1, '', '', '', '', '', '', '', 0, '', NULL, NULL, NULL, NULL, NULL, '43740.87847', '43740.87847'),
(8948, '', '8949', '', 'Saboo', 'Darshita', 'Maheshchandra', '', '', '', '', '', '', '', '', '', '', NULL, NULL, NULL, NULL, NULL, NULL, NULL, NULL, NULL, NULL, NULL, NULL, '', '801, Jeevan Vihar, 5,', 'Manav Mandir Road, Malabar Hill,', 'Malabar', '400006', '', '', '', '', '', '', '', 'LM', '8653', '', '', '', '', NULL, '', '', '', 1, '', '', '', '', '', '', '', 0, '', NULL, NULL, NULL, NULL, NULL, '43740.87917', '43740.87917'),
(8949, '', '8950', '', 'Bagri', 'Archana', 'Anil', '', '', '', '', '', '', '', '', '', '', NULL, NULL, NULL, NULL, NULL, NULL, NULL, NULL, NULL, NULL, NULL, NULL, '', '2103-B, Vivarea, 21st Floor,', 'Sane Guruji Marg, Dr. A.L. Nair Road, Jacob Circle, Mahalaxmi,', 'MUMBAI', '400011', '', '', '', '', '', '', '', 'LM', '8654', '', '', '', '', NULL, '', '', '', 1, '', '', '', '', '', '', '', 0, '', NULL, NULL, NULL, NULL, NULL, '43740.87986', '43740.87986'),
(8950, '', '8951', '', 'Maroo', 'Sunil', 'Sampatk7umar', '', '', '', '', '', '', '', '', '', '', NULL, NULL, NULL, NULL, NULL, NULL, NULL, NULL, NULL, NULL, NULL, NULL, '', '201 . Pushpakunj CHS,', '16th A Road, Churchgate ,  Mumbai', 'Churchgate', '400020', '', '', '', '', '', '', '', 'LM', '8655', '', '', '', '', NULL, '', '', '', 1, '', '', '', '', '', '', '', 0, '', NULL, NULL, NULL, NULL, NULL, '43740.88056', '43740.88056'),
(8951, '', '8952', '', 'Tuwani', 'Pranav', 'Pawan', '', '', '', '', '', '', '', '', '', '', NULL, NULL, NULL, NULL, NULL, NULL, NULL, NULL, NULL, NULL, NULL, NULL, '', '402. Sumer Apartment,', 'Shankar ganekar Marg, Prabhadevi , Mumbai,', 'Prabhadevi', '400025', '', '', '', '', '', '', '', 'LM', '8656', '', '', '', '', NULL, '', '', '', 1, '', '', '', '', '', '', '', 0, '', NULL, NULL, NULL, NULL, NULL, '43740.88125', '43740.88125'),
(8952, '', '8953', '', 'Tuwani', 'Prashant', 'Pawan', '', '', '', '', '', '9892030155', '', '', '', '', NULL, NULL, NULL, NULL, NULL, NULL, NULL, NULL, NULL, NULL, NULL, NULL, '', '402. Sumer Apartment,', 'Shankar ganekar Marg, Prabhadevi , Mumbai,', 'Prabhadevi', '400025', '', '', '', '', '', '', '', 'LM', '8657', '', '', '', '', NULL, '', '', '', 1, '', '', '', '', '', '', '', 0, '', NULL, NULL, NULL, NULL, NULL, '43740.88194', '43740.88194'),
(8953, '', '8954', '', 'Bang', 'Aniket', 'Kishore', '', '', '', '', '', '7738380222', '', '', '', '', NULL, NULL, NULL, NULL, NULL, NULL, NULL, NULL, NULL, NULL, NULL, NULL, '', 'A/3403, Vivarea Tower, Sane Guruji Marg,', 'Jacob Circle, Mahalaxmi, Mumbai', 'Mahalaxmi', '400011', '', '', '', '', '', '', '', 'LM', '8658', '', '', '', '', NULL, '', '', '', 1, '', '', '', '', '', '', '', 0, '', NULL, NULL, NULL, NULL, NULL, '43740.88264', '43740.88264'),
(8954, '', '8955', '', 'Malpani', 'Vishal', 'Madanmohan', '', '', '', '', '', '9820783404', '', '', '', '', NULL, NULL, NULL, NULL, NULL, NULL, NULL, NULL, NULL, NULL, NULL, NULL, '', 'C-1012, National Park View 2. Kulupwadi ,', 'Near National Park, Borivali (E)', 'Borivali', '400066', '', '', '', '', '', '', '', 'LM', '8659', '', '', '', '', NULL, '', '', '', 1, '', '', '', '', '', '', '', 0, '', NULL, NULL, NULL, NULL, NULL, '43740.88333', '43740.88333'),
(8955, '', '8956', '', 'Chandak', 'Omprakash', 'Shyamsunder', '', '', '', '', '', '9323374555', '', '', '', '', NULL, NULL, NULL, NULL, NULL, NULL, NULL, NULL, NULL, NULL, NULL, NULL, '', '143/145, Dadi Seth Agiyari Lane,', 'Shiv Nivas 2nd Floor, Mumbai', 'Mumbai', '400002', '', '', '', '', '', '', '', 'LM', '8660', '', '', '', '', NULL, '', '', '', 1, '', '', '', '', '', '', '', 0, '', NULL, NULL, NULL, NULL, NULL, '43740.88403', '43740.88403'),
(8956, '', '8957', '', 'Kasat', 'Praddep', 'Ratanlal', '', '', '', '', '', '', '', '', '', '', NULL, NULL, NULL, NULL, NULL, NULL, NULL, NULL, NULL, NULL, NULL, NULL, '', 'M - 4/2, Heeramani Ratan Society,', 'Bangur Nagar, Goregaon (W), Mumbai', 'Goregaon', '400104', '', '', '', '', '', '', '', 'LM', '8661', '', '', '', '', NULL, '', '', '', 1, '', '', '', '', '', '', '', 0, '', NULL, NULL, NULL, NULL, NULL, '43740.88472', '43740.88472'),
(8957, '', '8958', '', 'Kasat', 'Mamta', 'Pradeep', '', '', '', '', '', '99930480097', '', '', '', '', NULL, NULL, NULL, NULL, NULL, NULL, NULL, NULL, NULL, NULL, NULL, NULL, '', 'M - 4/2, Heeramani Ratan Society,', 'Bangur Nagar, Goregaon (W), Mumbai', 'Goregaon', '400104', '', '', '', '', '', '', '', 'LM', '8662', '', '', '', '', NULL, '', '', '', 1, '', '', '', '', '', '', '', 0, '', NULL, NULL, NULL, NULL, NULL, '43740.88542', '43740.88542'),
(8958, '', '8959', '', 'Jagetia', 'Nidhi', 'Jaikumar', '', '', '', '', '', '9324385038', '', '', '', '', NULL, NULL, NULL, NULL, NULL, NULL, NULL, NULL, NULL, NULL, NULL, NULL, '', '702. Falcon Crest Chs Ltd. Linking Road,', 'Yoginagar, Near Aura Hotel Borivali (W) Mumbai', 'Borivali', '400091', '', '', '', '', '', '', '', 'LM', '8663', '', '', '', '', NULL, '', '', '', 1, '', '', '', '', '', '', '', 0, '', NULL, NULL, NULL, NULL, NULL, '43740.88611', '43740.88611'),
(8959, '', '8960', '', 'Kabra', 'Shilpa', 'Rajat', '', '', '', '', '', '', '', '', '', '', NULL, NULL, NULL, NULL, NULL, NULL, NULL, NULL, NULL, NULL, NULL, NULL, '', 'B- 307. Hulas Basti Gardens, Dutt Mandir Road,', 'Mahavir Nagar, Kandivali (W) Mumbai', 'Kandivali', '400097', '', '', '', '', '', '', '', 'LM', '8664', '', '', '', '', NULL, '', '', '', 1, '', '', '', '', '', '', '', 0, '', NULL, NULL, NULL, NULL, NULL, '43740.88681', '43740.88681'),
(8960, '', '8961', '', 'Biyani', 'Sandhya', 'Abhijeet', '', '', '', '', '', '9819410272', '', '', '', '', NULL, NULL, NULL, NULL, NULL, NULL, NULL, NULL, NULL, NULL, NULL, NULL, '', '1003. A -Wing,', 'Eldorado K.D. Road, Prabhadevi , Mumbai', 'Prabhadevi', '400028', '', '', '', '', '', '', '', 'LM', '8665', '', '', '', '', NULL, '', '', '', 1, '', '', '', '', '', '', '', 0, '', NULL, NULL, NULL, NULL, NULL, '43740.8875', '43740.8875'),
(8961, '', '8962', '', 'Gaggad', 'Nupur', 'Ankit', '', '', '', '', '', '', '', '', '', '', NULL, NULL, NULL, NULL, NULL, NULL, NULL, NULL, NULL, NULL, NULL, NULL, '', '801. Adinath Tower, Sudha Park,', 'Near Police Ground, Shanti Sudha Path, Ghatkopar € Mumbai', 'Ghatkopar', '400077', '', '', '', '', '', '', '', 'LM', '8666', '', '', '', '', NULL, '', '', '', 1, '', '', '', '', '', '', '', 0, '', NULL, NULL, NULL, NULL, NULL, '43740.88819', '43740.88819'),
(8962, '', '8963', '', 'Choudhary', 'Vivek', 'Suresh', '', '', '', '', '', '9820456719', '', '', '', '', NULL, NULL, NULL, NULL, NULL, NULL, NULL, NULL, NULL, NULL, NULL, NULL, '', 'Room No  - 7, Narayan Wadi, 2nd Floor,', '86/88/ Khadilkar Road, C.P.Tank. Mumbai', 'Mumbai', '400004', '', '', '', '', '', '', '', 'LM', '8667', '', '', '', '', NULL, '', '', '', 1, '', '', '', '', '', '', '', 0, '', NULL, NULL, NULL, NULL, NULL, '43740.88889', '43740.88889'),
(8963, '', '8964', '', 'Rathi', 'Suresh', 'Dalichand', '', '', '', '', '', '', '', '', '', '', NULL, NULL, NULL, NULL, NULL, NULL, NULL, NULL, NULL, NULL, NULL, NULL, '', '4601, Tower No 5. Crescent Bay,', 'Jerabai Wadia Road,  Bhiwada,  Parel Mumbai', 'Mumbai', '400012', '', '', '', '', '', '', '', 'LM', '8668', '', '', '', '', NULL, '', '', '', 1, '', '', '', '', '', '', '', 0, '', NULL, NULL, NULL, NULL, NULL, '43740.88958', '43740.88958'),
(8964, '', '8965', '', 'Nawal', 'Govinda', 'Ashok Kumar', '', '', '', '', '', '9630780204', '', '', '', '', NULL, NULL, NULL, NULL, NULL, NULL, NULL, NULL, NULL, NULL, NULL, NULL, '', 'Room No.1, Madhurkar Mahadik Chawl, Rajda Nagar,', 'Shimpoli Road, Near Gokhle High School, Borivali (W),', 'Mumbai', '400092', '', '', '', '', '', '', '', 'LM', '8669', '', '', '', '', NULL, '', '', '', 1, '', '', '', '', '', '', '', 0, '', NULL, NULL, NULL, NULL, NULL, '43740.89028', '43740.89028'),
(8965, '', '8966', '', 'Bagri', 'Prerna', 'Ajay', '', '', '', '', '', '', '', '', '', '', NULL, NULL, NULL, NULL, NULL, NULL, NULL, NULL, NULL, NULL, NULL, NULL, '', 'Uday Niwas Bangala, Lands end Chs,', '29/D, Dongarsi Road, Near Elizabeth Hospital,  Mallabar Hill, Walkeshwar,', 'MUMBAI', '400006', '', '', '', '', '', '', '', 'LM', '8670', '', '', '', '', NULL, '', '', '', 1, '', '', '', '', '', '', '', 0, '', NULL, NULL, NULL, NULL, NULL, '43740.89097', '43740.89097'),
(8966, '', '8967', '', 'Bagri', 'Aditya', 'Ajay', '', '', '', '', '', '', '', '', '', '', NULL, NULL, NULL, NULL, NULL, NULL, NULL, NULL, NULL, NULL, NULL, NULL, '', 'Uday Niwas Bangala, Lands end Chs,', '29/D, Dongarsi Road, Near Elizabeth Hospital,  Mallabar Hill, Walkeshwar,', 'MUMBAI', '400006', '', '', '', '', '', '', '', 'LM', '8671', '', '', '', '', NULL, '', '', '', 1, '', '', '', '', '', '', '', 0, '', NULL, NULL, NULL, NULL, NULL, '43740.89167', '43740.89167'),
(8967, '', '8968', '', 'Daga', 'Chirag', 'Ramesh Chandra', '', '', '', '', '', '7738889145', '', '', '', '', NULL, NULL, NULL, NULL, NULL, NULL, NULL, NULL, NULL, NULL, NULL, NULL, '', 'B - 103, New Nikita 2 Chs Ltd, Chikuwadi,', 'Shimpoli Road, Near Shimpoli Teliphone Exachange, Borivali (W)', 'Mumbai', '400092', '', '', '', '', '', '', '', 'LM', '8672', '', '', '', '', NULL, '', '', '', 1, '', '', '', '', '', '', '', 0, '', NULL, NULL, NULL, NULL, NULL, '43740.89236', '43740.89236'),
(8968, '', '8969', '', 'Bagri', 'Priti', 'Kishor', '', '', '', '', '', '9322099012', '', '', '', '', NULL, NULL, NULL, NULL, NULL, NULL, NULL, NULL, NULL, NULL, NULL, NULL, '', '20/31, Silver Sand Chs Ltd. Off New Link Road,', 'Balasaheb deoras Marg,  Oshiwara Andheri (W)', 'MUMBAI', '400102', '', '', '', '', '', '', '', 'LM', '8673', '', '', '', '', NULL, '', '', '', 1, '', '', '', '', '', '', '', 0, '', NULL, NULL, NULL, NULL, NULL, '43740.89306', '43740.89306'),
(8969, '', '8970', '', 'Bagri', 'Kishor', 'Jay Kishan', '', '', '', '', '', '9867690819', '', '', '', '', NULL, NULL, NULL, NULL, NULL, NULL, NULL, NULL, NULL, NULL, NULL, NULL, '', '20/31, Silver Sand Chs Ltd. Off New Link Road,', 'Balasaheb deoras Marg,  Oshiwara Andheri (W)', 'MUMBAI', '400102', '', '', '', '', '', '', '', 'LM', '8674', '', '', '', '', NULL, '', '', '', 1, '', '', '', '', '', '', '', 0, '', NULL, NULL, NULL, NULL, NULL, '43740.89375', '43740.89375'),
(8970, '', '8971', '', 'Bagri', 'Asha', 'Vallabhdas', '', '', '', '', '', '', '', '', '', '', NULL, NULL, NULL, NULL, NULL, NULL, NULL, NULL, NULL, NULL, NULL, NULL, '', 'Uday Niwas Bangala, Lands end Chs,', '29/D, Dongarsi Road, Near Elizabeth Hospital,  Mallabar Hill, Walkeshwar,', 'MUMBAI', '400006', '', '', '', '', '', '', '', 'LM', '8675', '', '', '', '', NULL, '', '', '', 1, '', '', '', '', '', '', '', 0, '', NULL, NULL, NULL, NULL, NULL, '43740.89444', '43740.89444'),
(8971, '', '8972', '', 'Kabra', 'Savita', 'Pradeep', '', '', '', '', '', '', '', '', '', '', NULL, NULL, NULL, NULL, NULL, NULL, NULL, NULL, NULL, NULL, NULL, NULL, '', 'A/102, Green Fileds, Lokhandwala Complex,', 'HDFC Bank, Azad Nagar, Andheri (W)', 'Mumbai', '400053', '', '', '', '', '', '', '', 'LM', '8676', '', '', '', '', NULL, '', '', '', 1, '', '', '', '', '', '', '', 0, '', NULL, NULL, NULL, NULL, NULL, '43740.89514', '43740.89514'),
(8972, '', '8973', '', 'Moondhra', 'Sarika', 'Dhruv', '', '', '', '', '', '', '', '', '', '', NULL, NULL, NULL, NULL, NULL, NULL, NULL, NULL, NULL, NULL, NULL, NULL, '', '601, Dunhill Villa,', 'Basant Street, Santacruz (W)', 'Mumbai', '400054', '', '', '', '', '', '', '', 'LM', '8677', '', '', '', '', NULL, '', '', '', 1, '', '', '', '', '', '', '', 0, '', NULL, NULL, NULL, NULL, NULL, '43740.89583', '43740.89583'),
(8973, '', '8974', '', 'Bagri', 'Mohit', 'Kishor', '', '', '', '', '', '9867014691', '', '', '', '', NULL, NULL, NULL, NULL, NULL, NULL, NULL, NULL, NULL, NULL, NULL, NULL, '', '20/31, Silver Sand Chs Ltd. Off New Link Road,', 'Balasaheb deoras Marg,  Oshiwara Andheri (W)', 'MUMBAI', '400102', '', '', '', '', '', '', '', 'LM', '8678', '', '', '', '', NULL, '', '', '', 1, '', '', '', '', '', '', '', 0, '', NULL, NULL, NULL, NULL, NULL, '43740.89653', '43740.89653'),
(8974, '', '8975', '', 'Lakhotia', 'Vikaram', 'Vijay', '', '', '', '', '', '', '', '', '', '', NULL, NULL, NULL, NULL, NULL, NULL, NULL, NULL, NULL, NULL, NULL, NULL, '', 'Flat No. 3203,  32nd Flr,Indiabulls Sky,', 'Senapati Bapat Marg, Lower Parel ,', 'Mumbai', '400013', '', '', '', '', '', '', '', 'LM', '8679', '', '', '', '', NULL, '', '', '', 1, '', '', '', '', '', '', '', 0, '', NULL, NULL, NULL, NULL, NULL, '43740.89722', '43740.89722'),
(8975, '', '8976', '', 'Lakhotia', 'Vijay', 'Premkishore', '', '', '', '', '', '', '', '', '', '', NULL, NULL, NULL, NULL, NULL, NULL, NULL, NULL, NULL, NULL, NULL, NULL, '', 'Flat No. 3203,  32nd Flr,Indiabulls Sky,', 'Senapati Bapat Marg, Lower Parel ,', 'Mumbai', '400013', '', '', '', '', '', '', '', 'LM', '8680', '', '', '', '', NULL, '', '', '', 1, '', '', '', '', '', '', '', 0, '', NULL, NULL, NULL, NULL, NULL, '43740.89792', '43740.89792'),
(8976, '', '8977', '', 'Malpani', 'Sashibala', 'Satyanarayan', '', '', '', '', '', '9879060094', '', '', '', '', NULL, NULL, NULL, NULL, NULL, NULL, NULL, NULL, NULL, NULL, NULL, NULL, '', 'A -704, Krishna Regency,', 'Behind Sunder Nagar, Malad (W)', 'Mumbai', '400064', '', '', '', '', '', '', '', 'LM', '8681', '', '', '', '', NULL, '', '', '', 1, '', '', '', '', '', '', '', 0, '', NULL, NULL, NULL, NULL, NULL, '43740.89861', '43740.89861'),
(8977, '', '8978', '', 'Navandar', 'Smita', 'Nitin', '', '', '', '', '', '9594070602', '', '', '', '', NULL, NULL, NULL, NULL, NULL, NULL, NULL, NULL, NULL, NULL, NULL, NULL, '', '3, Khimji Bhavan, Khimji Lane,', 'M.G. Road, Rajawadi , Ghatkopar (E)', 'Mumbai', '400077', '', '', '', '', '', '', '', 'LM', '8682', '', '', '', '', NULL, '', '', '', 1, '', '', '', '', '', '', '', 0, '', NULL, NULL, NULL, NULL, NULL, '43740.89931', '43740.89931'),
(8978, '', '8979', '', 'Navandar', 'Siddhesh', 'Nitin', '', '', '', '', '', '8425885077', '', '', '', '', NULL, NULL, NULL, NULL, NULL, NULL, NULL, NULL, NULL, NULL, NULL, NULL, '', '3, Khimji Bhavan, Khimji Lane,', 'M.G. Road, Rajawadi , Ghatkopar (E)', 'Mumbai', '400077', '', '', '', '', '', '', '', 'LM', '8683', '', '', '', '', NULL, '', '', '', 1, '', '', '', '', '', '', '', 0, '', NULL, NULL, NULL, NULL, NULL, '43740.9', '43740.9'),
(8979, '', '8980', '', 'Jajoo', 'Narayan', 'Dagadulal', '', '', '', '', '', '', '', '', '', '', NULL, NULL, NULL, NULL, NULL, NULL, NULL, NULL, NULL, NULL, NULL, NULL, '', 'B/603 - 504, Sheth Garden, Neelam Nagar,', 'M. P. Gujjar Road, Opp to Bldg No. 3, Mulund (E)', 'Mumbai', '400081', '', '', '', '', '', '', '', 'LM', '8684', '', '', '', '', NULL, '', '', '', 1, '', '', '', '', '', '', '', 0, '', NULL, NULL, NULL, NULL, NULL, '43740.90069', '43740.90069'),
(8980, '', '8981', '', 'Ajmera', 'Anupma', 'Dheeraj', '', '', '', '', '', '9167960169', '', '', '', '', NULL, NULL, NULL, NULL, NULL, NULL, NULL, NULL, NULL, NULL, NULL, NULL, '', 'Flat No. 1101,  11th Floor, Veronica Apartment,', 'Vasant Oasis , Makwana Road, Marol , Andheri (E)', 'MUMBAI', '400059', '', '', '', '', '', '', '', 'LM', '8685', '', '', '', '', NULL, '', '', '', 1, '', '', '', '', '', '', '', 0, '', NULL, NULL, NULL, NULL, NULL, '43740.90139', '43740.90139'),
(8982, '8981', '8983', 'Shri.', 'P', 'Zawar', 'M', 'M', 'Male', '1990-08-07', 'Married', '2020-02-07', '9820327651', NULL, NULL, NULL, NULL, NULL, NULL, NULL, NULL, NULL, NULL, NULL, NULL, NULL, NULL, NULL, NULL, NULL, NULL, NULL, NULL, '400081', NULL, NULL, NULL, 'P_LM.png', NULL, NULL, 'Service', 'LM', '8687', NULL, '[\"BCom\"]', NULL, NULL, NULL, NULL, NULL, NULL, 1, NULL, NULL, NULL, NULL, '', NULL, NULL, 0, '2020-02-07 13:45:04', NULL, NULL, NULL, NULL, NULL, '2020-02-07 13:45:04', '2020-02-07 13:45:04'),
(8983, '8981', '8984', 'Kum.', 'Sunita', 'Agal', 'P', 'A', 'Female', '1980-01-07', 'Single', '2020-02-07', '9819853552', NULL, NULL, 'sunpradip@gmail.com', NULL, NULL, NULL, NULL, NULL, NULL, NULL, NULL, NULL, NULL, NULL, NULL, NULL, NULL, NULL, NULL, NULL, '400081', NULL, NULL, NULL, 'Sunita_LM.jpg', NULL, '1', 'Business', 'LM', '8688', NULL, '[\"BCom\"]', NULL, NULL, NULL, NULL, NULL, NULL, 1, NULL, NULL, NULL, NULL, '', NULL, NULL, 0, '2020-02-07 13:54:31', NULL, NULL, NULL, NULL, NULL, '2020-02-07 13:54:31', '2020-02-08 10:05:00'),
(8987, '583', '8990', 'Shri.', 'Rohan', 'Salvekar', 'Ashutosh', 'supriya', 'Male', '1993-02-05', 'Single', '2020-02-28', '8657559439', NULL, NULL, 'salvekar.rohan@gmail.com', 'Testing@testing.com', NULL, NULL, NULL, NULL, NULL, NULL, NULL, NULL, NULL, NULL, NULL, NULL, NULL, NULL, NULL, NULL, '400081', NULL, NULL, NULL, 'Rohan_LM.pdf', NULL, '1', 'Graphic designer', 'LM', '8689', NULL, '[\"BA\"]', NULL, NULL, NULL, NULL, NULL, NULL, 1, NULL, NULL, NULL, NULL, '', NULL, NULL, 0, '2020-02-28 08:10:48', NULL, NULL, NULL, NULL, NULL, '2020-02-28 08:10:48', '2020-02-28 08:10:48'),
(9003, '364', '9007', 'Shri.', 'Sujeet', 'Maheshwari', 'Hiralal', 'Usha', 'Male', '1999-01-04', 'Single', '2020-03-12', '8421157611', '8796783166', NULL, 'nandraj.bigdreams@gmail.com', NULL, NULL, 'D 809 Arihant Plaza', 'Near National Park', 'Near National Park', 'ABC', 'TEST', 'TEST', '02240006000', 'Residential', 'N/A', 'Borivali', '', NULL, NULL, NULL, NULL, '400099', NULL, NULL, NULL, 'Sujeet_LM.jpeg', NULL, NULL, 'Developer', 'LM', '8692', NULL, '[\"B Arch\"]', 'Home No 172 Bhim shakti Chouk, Prabudha Nagar, Satpur,Nashik', NULL, NULL, NULL, 'Home No 172 Bhim shakti Chouk, Prabudha Nagar, Satpur,Nashik', NULL, 1, NULL, NULL, NULL, NULL, 'img/Member_7030544751.jpg', '{\"user_id\":\"9007\",\"salutation\":\"Mr.\",\"f_name\":\"Sujeet\",\"m_name\":\"Hiralal\",\"mother_name\":\"Usha\",\"gender\":\"Male\",\"dob\":\"01\\/04\\/1999\",\"marital_status\":\"Single\",\"dom\":\"2020-03-12\",\"contact\":\"8421157611\",\"alt_contact\":null,\"tel\":null,\"email\":\"nandraj.bigdreams@gmail.com\",\"alt_email\":null,\"blood_group\":null,\"address_line_1\":\"D 809 Arihant Plaza\",\"address_line_2\":\"Near National Park\",\"address_line_3\":\"Near National Park\",\"oaddress_line_1\":\"Home No 172 Bhim shakti Chouk,\",\"oaddress_line_2\":\"Prabudha Nagar, Satpur,Nashik\",\"oaddress_line_3\":\"Mumbai\",\"city\":null,\"up_khanp\":null,\"alt_address\":null,\"alt_city\":null,\"alt_pincode\":null,\"occupation\":\"Developer\",\"company_details\":null,\"qualification\":\"[\\\"B Arch\\\"]\",\"native_address\":\"Home No 172 Bhim shakti Chouk, Prabudha Nagar, Satpur,Nashik 21\",\"family_address\":null,\"office_address\":null,\"other_address\":\"Home No 172 Bhim shakti Chouk, Prabudha Nagar, Satpur,Nashik\",\"dist\":null,\"native_pincode\":null}', '{\"user_id\":\"9007\",\"salutation\":\"Mr.\",\"f_name\":\"Sujeet\",\"m_name\":\"Hiralal\",\"mother_name\":\"Usha\",\"gender\":\"Male\",\"dob\":\"01\\/04\\/1999\",\"marital_status\":\"Single\",\"dom\":\"2020-03-12\",\"contact\":\"8421157611\",\"alt_contact\":null,\"tel\":null,\"email\":\"nandraj.bigdreams@gmail.com\",\"alt_email\":null,\"blood_group\":null,\"address_line_1\":\"D 809 Arihant Plaza\",\"address_line_2\":\"Near National Park\",\"address_line_3\":\"Near National Park\",\"oaddress_line_1\":\"Home No 172 Bhim shakti Chouk,\",\"oaddress_line_2\":\"Prabudha Nagar, Satpur,Nashik\",\"oaddress_line_3\":\"Mumbai\",\"city\":null,\"up_khanp\":null,\"alt_address\":null,\"alt_city\":null,\"alt_pincode\":null,\"occupation\":\"Developer\",\"company_details\":null,\"qualification\":\"[\\\"B Arch\\\"]\",\"native_address\":\"Home No 172 Bhim shakti Chouk, Prabudha Nagar, Satpur,Nashik 21\",\"family_address\":null,\"office_address\":null,\"other_address\":\"Home No 172 Bhim shakti Chouk, Prabudha Nagar, Satpur,Nashik\",\"dist\":null,\"native_pincode\":null}', 0, '2020-03-12 10:34:56', NULL, '28/03/2020', '123456', '03/03/2020', '1906', '2020-03-12 10:34:56', '2020-03-12 10:34:56'),
(9004, '364', '9008', 'Shri.', 'Pradeep', 'Maheshwari', 'Satyanaryan', 'Uma', 'Male', '1991-01-02', 'Single', '2020-03-12', '7030544751', '8796783166', NULL, 'arvindpandeyicaatom@gmail.com', NULL, 'info@cdst.com', 'C/A 102 Hariom Plaza', 'Near National Park', 'Near National Park', 'D/A 105', 'Arihant Apartment', 'Arihant Apartment', '0225000600', 'Residential', 'East', 'Borivali', 'www.cdst.com', NULL, NULL, NULL, NULL, '400066', NULL, NULL, NULL, 'Pradeep_LM.jpg', NULL, NULL, 'Business', 'LM', '8693', NULL, '[\"MCA\"]', 'Kolkata', NULL, NULL, NULL, NULL, NULL, 1, NULL, NULL, NULL, NULL, 'img/Member_7030544751.jpeg', NULL, NULL, 0, '2020-03-12 11:20:13', NULL, '01/03/2020', '548', '11/03/2020', '1180', '2020-03-12 11:20:13', '2020-03-12 11:20:13');

-- --------------------------------------------------------

--
-- Table structure for table `migrations`
--

CREATE TABLE `migrations` (
  `id` int(10) UNSIGNED NOT NULL,
  `migration` varchar(255) COLLATE utf8mb4_unicode_ci NOT NULL,
  `batch` int(11) NOT NULL
) ENGINE=InnoDB DEFAULT CHARSET=utf8mb4 COLLATE=utf8mb4_unicode_ci;

--
-- Dumping data for table `migrations`
--

INSERT INTO `migrations` (`id`, `migration`, `batch`) VALUES
(3, '2018_10_23_103755_create_regions_table', 1),
(66, '2014_10_12_000000_create_users_table', 2),
(67, '2014_10_12_100000_create_password_resets_table', 2),
(68, '2018_10_23_120810_create_members_table', 2),
(69, '2018_10_25_103105_create_event_table', 2),
(70, '2018_10_25_103105_create_khanp_table', 2),
(71, '2018_10_25_103105_create_regions_table', 2),
(72, '2018_10_25_103105_create_samiti_table', 2),
(73, '2018_10_25_103105_create_upkhanp_table', 2),
(74, '2018_10_25_103105_create_venue_table', 2),
(75, '2018_11_13_064011_create_surnames_table', 2),
(76, '2018_12_05_141601_create_obituaries_table', 2),
(77, '2018_12_07_072101_create_family_table', 2),
(78, '2018_12_07_072101_create_galleries_table', 2),
(79, '2018_12_07_113631_create_brochures_table', 2),
(80, '2018_12_07_113631_create_otp_verify_table', 2);

-- --------------------------------------------------------

--
-- Table structure for table `new_registration`
--

CREATE TABLE `new_registration` (
  `id` int(10) UNSIGNED NOT NULL,
  `member_id` int(11) DEFAULT NULL,
  `user_id` int(11) DEFAULT NULL,
  `salutation` varchar(10) COLLATE utf8mb4_unicode_ci NOT NULL,
  `f_name` varchar(191) COLLATE utf8mb4_unicode_ci NOT NULL,
  `l_name` varchar(191) COLLATE utf8mb4_unicode_ci DEFAULT NULL,
  `m_name` varchar(191) COLLATE utf8mb4_unicode_ci DEFAULT NULL,
  `mother_name` varchar(191) COLLATE utf8mb4_unicode_ci DEFAULT NULL,
  `gender` varchar(10) COLLATE utf8mb4_unicode_ci DEFAULT NULL,
  `dob` date DEFAULT NULL,
  `marital_status` varchar(191) COLLATE utf8mb4_unicode_ci DEFAULT NULL,
  `dom` date DEFAULT NULL,
  `contact` varchar(20) COLLATE utf8mb4_unicode_ci DEFAULT NULL,
  `alt_contact` varchar(20) COLLATE utf8mb4_unicode_ci DEFAULT NULL,
  `tel` varchar(20) COLLATE utf8mb4_unicode_ci DEFAULT NULL,
  `email` varchar(191) COLLATE utf8mb4_unicode_ci DEFAULT NULL,
  `alt_email` varchar(191) COLLATE utf8mb4_unicode_ci DEFAULT NULL,
  `business_email` varchar(255) COLLATE utf8mb4_unicode_ci DEFAULT NULL,
  `website` varchar(255) COLLATE utf8mb4_unicode_ci DEFAULT NULL,
  `blood_group` varchar(5) COLLATE utf8mb4_unicode_ci DEFAULT NULL,
  `address` text COLLATE utf8mb4_unicode_ci,
  `city` varchar(191) COLLATE utf8mb4_unicode_ci DEFAULT NULL,
  `pincode` varchar(191) COLLATE utf8mb4_unicode_ci DEFAULT NULL,
  `alt_address` text COLLATE utf8mb4_unicode_ci,
  `alt_city` varchar(191) COLLATE utf8mb4_unicode_ci DEFAULT NULL,
  `alt_pincode` varchar(191) COLLATE utf8mb4_unicode_ci DEFAULT NULL,
  `resident_proof` mediumtext COLLATE utf8mb4_unicode_ci,
  `khanp` varchar(191) COLLATE utf8mb4_unicode_ci DEFAULT NULL,
  `up_khanp` varchar(191) COLLATE utf8mb4_unicode_ci DEFAULT NULL,
  `occupation` varchar(191) COLLATE utf8mb4_unicode_ci DEFAULT NULL,
  `member_type` varchar(191) COLLATE utf8mb4_unicode_ci DEFAULT NULL,
  `member_code` varchar(191) COLLATE utf8mb4_unicode_ci DEFAULT NULL,
  `company_details` text COLLATE utf8mb4_unicode_ci,
  `qualification` varchar(191) COLLATE utf8mb4_unicode_ci DEFAULT NULL,
  `native_address` text COLLATE utf8mb4_unicode_ci,
  `family_address` text COLLATE utf8mb4_unicode_ci,
  `office_address` text COLLATE utf8mb4_unicode_ci,
  `other_address` text COLLATE utf8mb4_unicode_ci,
  `family_member_id` int(150) DEFAULT NULL,
  `nearest_railway` varchar(255) COLLATE utf8mb4_unicode_ci DEFAULT NULL,
  `direction` varchar(255) COLLATE utf8mb4_unicode_ci DEFAULT NULL,
  `dist` varchar(191) COLLATE utf8mb4_unicode_ci DEFAULT NULL,
  `native_pincode` varchar(191) COLLATE utf8mb4_unicode_ci DEFAULT NULL,
  `profile_photo` varchar(191) COLLATE utf8mb4_unicode_ci DEFAULT NULL,
  `approve_regional` int(11) DEFAULT '0' COMMENT 'Member Update Store',
  `approve_super_admin` int(11) DEFAULT '0',
  `created_at` timestamp NULL DEFAULT NULL,
  `updated_at` timestamp NULL DEFAULT NULL,
  `correspondence_address` varchar(255) COLLATE utf8mb4_unicode_ci DEFAULT NULL,
  `address_line_1` varchar(255) COLLATE utf8mb4_unicode_ci DEFAULT NULL,
  `address_line_2` varchar(255) COLLATE utf8mb4_unicode_ci DEFAULT NULL,
  `address_line_3` varchar(255) COLLATE utf8mb4_unicode_ci DEFAULT NULL,
  `oaddress_line_1` varchar(255) COLLATE utf8mb4_unicode_ci DEFAULT NULL,
  `oaddress_line_2` varchar(255) COLLATE utf8mb4_unicode_ci DEFAULT NULL,
  `oaddress_line_3` varchar(255) COLLATE utf8mb4_unicode_ci DEFAULT NULL,
  `office_phone` varchar(150) COLLATE utf8mb4_unicode_ci DEFAULT NULL
) ENGINE=InnoDB DEFAULT CHARSET=utf8mb4 COLLATE=utf8mb4_unicode_ci;

--
-- Dumping data for table `new_registration`
--

INSERT INTO `new_registration` (`id`, `member_id`, `user_id`, `salutation`, `f_name`, `l_name`, `m_name`, `mother_name`, `gender`, `dob`, `marital_status`, `dom`, `contact`, `alt_contact`, `tel`, `email`, `alt_email`, `business_email`, `website`, `blood_group`, `address`, `city`, `pincode`, `alt_address`, `alt_city`, `alt_pincode`, `resident_proof`, `khanp`, `up_khanp`, `occupation`, `member_type`, `member_code`, `company_details`, `qualification`, `native_address`, `family_address`, `office_address`, `other_address`, `family_member_id`, `nearest_railway`, `direction`, `dist`, `native_pincode`, `profile_photo`, `approve_regional`, `approve_super_admin`, `created_at`, `updated_at`, `correspondence_address`, `address_line_1`, `address_line_2`, `address_line_3`, `oaddress_line_1`, `oaddress_line_2`, `oaddress_line_3`, `office_phone`) VALUES
(1, 6096, NULL, 'Mr.', 'Test', 'Agiwal', 'AAAA', 'AAAA', 'Male', '2019-10-01', 'Married', NULL, '8776876876', NULL, '022', NULL, NULL, NULL, NULL, 'A +', NULL, NULL, '400029', NULL, NULL, NULL, NULL, NULL, '2', NULL, 'LM', NULL, NULL, '[\"PhD\",\"LLB\"]', NULL, NULL, NULL, NULL, NULL, NULL, NULL, NULL, NULL, 'img/Member_67971901.gif', 1, 1, '2019-01-11 13:42:58', '2020-03-18 10:25:05', '', '', '', '', '', '', '', NULL),
(2, 7327, NULL, 'Dr.', 'hava', 'Agiwal', 'hava', 'hava', 'Male', '2019-02-01', 'Married', '2019-09-01', '7989568948', '8974856985', '022', 'hava@gmaill.com', 'nabeel@gmail.com', NULL, NULL, 'O +', 'kanjurmarg', 'Mumbai', '400029', 'kanjurmarg2', NULL, NULL, NULL, NULL, '2', 'Engineer', 'LM', NULL, 'test', '[\"BBA\\/BBI\\/BBS\\/BFA\\/BFM\\/BHSC\",\"MA\",\"CA\"]', 'testrareasda', NULL, NULL, NULL, NULL, NULL, NULL, 'kanpur', '400612', 'img/Member_7989568948.png', 1, 1, '2019-01-11 14:20:38', '2019-01-11 14:20:38', '', '', '', '', '', '', '', NULL),
(3, NULL, NULL, 'Mr.', 'Admin', 'Admin', 'tytrytr', 'tryrytry', 'Male', '2019-08-12', 'Married', NULL, '09876543210', NULL, '022', NULL, NULL, NULL, NULL, 'A +', 'Admin Address', 'Mumbai', '400029', 'Admin Address', NULL, NULL, NULL, NULL, '2', NULL, 'LM', NULL, NULL, '[null]', 'Admin Address', NULL, NULL, NULL, NULL, NULL, NULL, NULL, NULL, '', 1, 1, '2019-02-25 09:44:56', '2019-02-25 09:44:56', '', '', '', '', '', '', '', NULL),
(4, 5456, NULL, 'Dr.', 'abc', 'Agal', 'mnc', 'njk', 'Male', '2019-07-08', 'Married', '2021-03-08', '8421157611', NULL, NULL, 'nandu@abc.com', NULL, NULL, NULL, NULL, 'Thane (W)', NULL, '400029', 'Thane (W)', NULL, NULL, 'abc_LM.jpg', NULL, NULL, 'Programmer', 'LM', NULL, NULL, '[\"PhD\"]', 'Thane (W)', NULL, 'Thane (W)', 'Thane (W)', NULL, NULL, NULL, NULL, NULL, 'img/Member_8421157611.jpg', 1, 0, '2019-08-13 06:34:42', '2019-08-13 06:34:42', '', '', '', '', '', '', '', NULL),
(5, 130, NULL, 'Mr.', 'test', 'Agal', 'test', 'test', 'Male', '2001-01-08', 'Married', '2020-01-08', '7020831595', NULL, NULL, 'test@gmail.com', NULL, NULL, NULL, NULL, 'test test', NULL, '400029', 'test test', NULL, NULL, 'test_LM.png', NULL, NULL, 'farming', 'LM', NULL, NULL, '[\"BSc\"]', 'test test', NULL, 'test test', 'test test', NULL, NULL, NULL, NULL, NULL, 'img/Member_7020831595.jpg', 0, 0, '2019-08-13 06:45:41', '2019-08-13 06:45:41', '', '', '', '', '', '', '', NULL),
(6, 130, NULL, 'Mr.', 'a', 'Agal', 'a', 'a', 'Male', '2019-07-08', 'Married', '2021-03-08', '8421157611', NULL, NULL, 'test@test.com', NULL, NULL, NULL, NULL, NULL, NULL, '400029', NULL, NULL, NULL, '', NULL, '1', 'Employee', 'LM', NULL, NULL, '[\"PhD\"]', NULL, NULL, NULL, NULL, NULL, NULL, NULL, NULL, NULL, '', 0, 0, '2019-08-13 12:52:16', '2019-08-13 12:52:16', '', '', '', '', '', '', '', NULL),
(7, 130, NULL, 'Mr.', 'a', 'Agal', 'a', 'a', 'Male', '2019-12-08', 'Married', '2019-05-08', '9324825802', NULL, NULL, 'ask@ekabra.com', NULL, NULL, NULL, NULL, NULL, NULL, '400029', NULL, NULL, NULL, '', NULL, NULL, NULL, 'LM', NULL, NULL, '[\"10th\\/SSC\"]', NULL, NULL, NULL, NULL, NULL, NULL, NULL, NULL, NULL, '', 0, 0, '2019-08-13 13:07:51', '2019-08-13 13:07:51', '', '', '', '', '', '', '', NULL),
(8, 7327, NULL, 'Mr.', 'a', 'Agal', 'a', 'a', 'Male', '2019-05-08', 'Married', '2019-05-08', '9324825802', NULL, NULL, NULL, NULL, NULL, NULL, NULL, '135/19 PRABHU NIWAS CHS\r\nINDULAL BHUVA MARG\r\nWADALA (WEST), MUMBAI 400 031', NULL, '400029', NULL, NULL, NULL, '', NULL, NULL, NULL, 'Choose Member Type', NULL, NULL, '[null]', NULL, NULL, NULL, NULL, NULL, NULL, NULL, NULL, NULL, '', 0, 0, '2019-08-13 13:09:18', '2019-08-13 13:09:18', '', '', '', '', '', '', '', NULL),
(9, 7327, NULL, 'Mr.', 'a', 'Agal', 'a', 'a', 'Male', '2020-01-08', 'Married', '2020-09-08', '9324825802', NULL, NULL, 'ask@ekabra.com', NULL, NULL, NULL, NULL, NULL, NULL, '400031', NULL, NULL, NULL, '', NULL, NULL, NULL, 'LM', NULL, NULL, '[\"PhD\"]', NULL, NULL, NULL, NULL, NULL, NULL, NULL, NULL, NULL, '', 1, 1, '2019-08-13 13:10:58', '2019-08-13 13:10:58', '', '', '', '', '', '', '', NULL),
(10, 6636, NULL, 'Mr.', 'Ashok', 'PERIWAL', 'Ramnarayan', NULL, 'Male', '1989-12-05', 'Married', '2020-01-08', '9323659441', NULL, NULL, 'ashok_periwal@yahoo.com', NULL, NULL, NULL, NULL, '60, Flr-4 80/84, Kapurchand Bhavan, Dadi Seth Agary Lane.Fanaswadi,', NULL, '400002', NULL, NULL, NULL, 'Ashok_LM.jfif', NULL, NULL, 'C. A.', 'LM', NULL, NULL, '[\"CA\"]', NULL, NULL, NULL, NULL, NULL, NULL, NULL, NULL, NULL, 'img/Member_9323659441.jfif', 1, 1, '2019-08-13 13:31:18', '2019-08-13 13:31:18', '', '', '', '', '', '', '', NULL),
(11, 2257, NULL, 'Mr.', 'Rohit', 'Somani', 'Satish', NULL, 'Male', '1987-08-07', 'Married', '2019-06-03', '9920352696', NULL, NULL, 'rohit.51987@gmail.com', NULL, NULL, NULL, NULL, NULL, NULL, '400104', NULL, NULL, NULL, 'Rohit_LM.jpg', NULL, '520', 'Practising CA', 'LM', NULL, NULL, '[null]', NULL, NULL, NULL, NULL, NULL, NULL, NULL, NULL, NULL, 'img/Member_9920352696.jpg', 1, 1, '2019-08-19 10:09:02', '2019-08-19 10:09:02', '', '', '', '', '', '', '', NULL),
(12, 2257, NULL, 'Mr.', 'Anushree', 'Somani', 'Rohit', NULL, 'Female', '1988-05-11', 'Married', '2019-06-03', '9920352604', NULL, NULL, 'rohit.51987@gmail.com', NULL, NULL, NULL, NULL, 'A/ 804, Pluto , Vasant Galaxi,', NULL, '400104', NULL, NULL, NULL, 'Anushree_LM.jpg', NULL, '520', 'Service', 'LM', NULL, NULL, '[null]', NULL, NULL, NULL, NULL, NULL, NULL, NULL, NULL, NULL, 'img/Member_9920352604.jpg', 1, 1, '2019-08-19 10:26:34', '2019-08-19 10:26:34', '', '', '', '', '', '', '', NULL),
(13, 7969, NULL, 'Mr.', 'Vinay', 'Bagri', 'Kailash', 'Prema', 'Male', '1979-07-09', 'Married', NULL, '+919820577570', NULL, NULL, 'vinay@gdbsecurities.com', NULL, NULL, NULL, NULL, '1401 Jaywant Apartments, 63, Tardeo Road, Mumbai : 400034', NULL, '400001', NULL, NULL, NULL, 'Vinay_LM.jpg', NULL, NULL, 'CA', 'LM', NULL, NULL, '[\"Others\"]', NULL, NULL, '1401 Jaywant Apartments, 63, Tardeo Road, Mumbai : 400034', NULL, NULL, NULL, NULL, NULL, NULL, '', 0, 0, '2019-08-20 11:10:32', '2019-08-20 11:10:32', '', '', '', '', '', '', '', NULL),
(14, 3654, NULL, 'Mr.', 'Amit', 'Bajaj', 'Bajaj', NULL, 'Male', '2019-04-07', 'Married', '2019-06-12', '9920318503', NULL, NULL, 'bajaj.a@outlook.com', NULL, NULL, NULL, NULL, 'G - 504, Krishna Residency, Atmaram Compound,', NULL, '400064', NULL, NULL, NULL, 'Amit_LM.jpg', NULL, '63', 'Service', 'LM', NULL, NULL, '[null]', NULL, NULL, NULL, NULL, NULL, NULL, NULL, NULL, NULL, 'img/Member_9920318503.jpg', 1, 1, '2019-08-22 13:05:33', '2019-08-22 13:05:33', '', '', '', '', '', '', '', NULL),
(15, 6122, NULL, 'Mr.', 'Sapana', 'Malpani', 'Samrat', NULL, 'Male', '1982-05-06', 'Married', '2019-08-10', '8433829716', NULL, NULL, 'sapana_sm@yahoo.com', NULL, NULL, NULL, NULL, 'T1 - 3204, Oakwood,', NULL, '400078', NULL, NULL, NULL, 'Sapana_LM.jpg', NULL, '359', 'House Wife', 'LM', NULL, NULL, '[null]', NULL, NULL, NULL, NULL, NULL, NULL, NULL, NULL, NULL, 'img/Member_8433829716.jpg', 1, 0, '2019-08-22 13:23:53', '2019-08-22 13:23:53', '', '', '', '', '', '', '', NULL),
(16, 5458, NULL, 'Mr.', 'Hem', 'Bang', 'Dilip', NULL, 'Male', '2000-07-03', 'Single', NULL, '09870101012', NULL, NULL, 'hem.bang48@gmail.com', NULL, NULL, NULL, NULL, NULL, NULL, '400026', NULL, NULL, NULL, 'Hem_LM.jpg', NULL, '83', NULL, 'LM', NULL, NULL, '[null]', 'Near Breach Candy Hospital,', NULL, '104 -Somerset House, 10th flr, Bhulabhai Desai Road.', NULL, NULL, NULL, NULL, NULL, NULL, 'img/Member_09870101012.jpg', 1, 0, '2019-08-26 10:47:13', '2019-08-26 10:47:13', '', '', '', '', '', '', '', NULL),
(17, 4890, NULL, 'Mr.', 'Rajesh Kumar', 'Tapuriah', 'Madanlal', NULL, 'Male', '1965-01-06', 'Married', '2019-08-02', '9821055179', NULL, NULL, 'ajesh.tapuriah@akinchemicals.com', NULL, NULL, NULL, NULL, 'Sujata Bldg, 8 Little Gibbs Road, Flat No 82, 8th Flr,', NULL, '400006', NULL, NULL, NULL, 'Rajesh Kumar_LM.jpg', NULL, '547', 'Service', 'LM', NULL, NULL, '[null]', 'Sir P.M. Road, Fort, Mumbai  - 400001', NULL, 'Jash Chembers, 5th Flr,', NULL, NULL, NULL, NULL, NULL, NULL, 'img/Member_9821055179.jpg', 1, 1, '2019-08-26 11:05:55', '2019-08-26 11:05:55', '', '', '', '', '', '', '', NULL),
(19, 7327, NULL, 'Mr.', 'Rahit', 'Agal', 'Prabhakar', 'Aasha', 'Male', '2020-03-07', 'Divorced', NULL, '8421157611', '9022341911', NULL, 'rohit@gmail.com', NULL, 'admin@example.com', 'www.example.com', NULL, 'A-302, BAHUBALI APTS., SAI BABA NAGAR, NAVGHAR ROAD, BHAYANDER (E)', NULL, '400029', 'A-302, BAHUBALI APTS., SAI BABA NAGAR, NAVGHAR ROAD, BHAYANDER (E)', NULL, NULL, 'Rahit_LM.jpg', NULL, '1', 'Developers', 'LM', NULL, NULL, '[\"PhD (Mathmetics)\"]', NULL, NULL, 'A-302, BAHUBALI APTS., SAI BABA NAGAR, NAVGHAR ROAD, BHAYANDER (E)', NULL, NULL, NULL, NULL, NULL, NULL, 'img/Member_8421157611.jpg', 0, 0, '2019-09-03 12:14:07', '2019-09-03 12:14:07', '', '', '', '', '', '', '', NULL),
(20, 6096, NULL, 'Mr.', 'Developer', 'Agal', 'xyz', 'mnp', 'Male', '2019-12-08', 'Married', NULL, '821157611', '7888059992', NULL, 'developer@gmail.com', NULL, 'developers@gmail.com', 'www.example.com', NULL, 'NBC COMPLEX, OFFICE NO.416, PLOT NO.43, SECTOR -11, CBD BELAPUR, NAVIMUMBAI', NULL, '400003', 'NBC COMPLEX, OFFICE NO.416, PLOT NO.43, SECTOR -11, CBD BELAPUR, NAVIMUMBAI', NULL, NULL, 'Developer_LM.jpg', NULL, '1', 'Developers', 'LM', NULL, NULL, '[\"PhD (Mathmetics)\"]', 'NBC COMPLEX, OFFICE NO.416, PLOT NO.43, SECTOR -11, CBD BELAPUR, NAVIMUMBAI', NULL, 'NBC COMPLEX, OFFICE NO.416, PLOT NO.43, SECTOR -11, CBD BELAPUR, NAVIMUMBAI', 'NBC COMPLEX, OFFICE NO.416, PLOT NO.43, SECTOR -11, CBD BELAPUR, NAVIMUMBAI', NULL, NULL, NULL, NULL, NULL, 'img/Member_821157611.jpg', 0, 0, '2019-09-03 13:21:30', '2019-09-03 13:21:30', '', '', '', '', '', '', '', NULL),
(21, 14, NULL, 'Mr.', 'Sandeep', 'Agal', 'Balu', 'Usha', 'Male', '2011-01-11', 'Married', '2020-02-09', '8421157611', '7888059992', NULL, 'sandeep@email.com', NULL, 'connect.bigdreams@gmail.com', 'www.example.com', NULL, '1001, RATNAGAR CHS., 10TH FLOOR, FOUR BUNGLOW SIGNAL, J.P. ROAD, NEAR KAMDHENU SHOPPING CENTRE, ANDHERI (W) 9821705160', NULL, '400029', '1001, RATNAGAR CHS., 10TH FLOOR, FOUR BUNGLOW SIGNAL, J.P. ROAD, NEAR KAMDHENU SHOPPING CENTRE, ANDHERI (W) 9821705160', NULL, NULL, 'Sandeep_LM.jpg', NULL, '1', 'Developers', 'LM', NULL, NULL, '[\"PhD\"]', 'Muluns', NULL, '1001, RATNAGAR CHS., 10TH FLOOR, FOUR BUNGLOW SIGNAL, J.P. ROAD, NEAR KAMDHENU SHOPPING CENTRE, ANDHERI (W) 9821705160', 'Muluns', NULL, NULL, NULL, NULL, NULL, 'img/Member_8421157611.jpg', 0, 0, '2019-09-05 13:53:15', '2019-09-05 13:53:15', '', '', '', '', '', '', '', NULL),
(22, 130, NULL, 'Mr.', 'Developers', 'Agal', 'Ashok', 'Chandrabhaga', 'Male', '2019-12-08', 'Married', '2020-11-09', '9820114078', '9833939571', NULL, 'connect.bigdreams@gmail.com', NULL, NULL, NULL, NULL, 'Gulmohar Road, Juhu, Vile Parle (W)', NULL, '400029', 'Gulmohar Road, Juhu, Vile Parle (W)', NULL, NULL, 'Developers_LM.jpeg', NULL, '1', 'Developers', 'LM', NULL, NULL, '[\"PhD\"]', NULL, NULL, 'Gulmohar Road, Juhu, Vile Parle (W)', NULL, NULL, NULL, NULL, NULL, NULL, 'img/Member_9820114078.jpeg', 0, 0, '2019-09-07 07:01:16', '2019-09-07 07:01:16', '', '', '', '', '', '', '', NULL),
(23, 130, NULL, 'Mr.', 'Mayur', 'Agal', 'Dilip', 'Aasha', 'Male', '2019-07-08', 'Married', '2019-07-09', '999999999', '999999999', NULL, 'bhushan@admin.com', NULL, 'admin@gmail.com', 'www.example.com', NULL, 'Gulmohar Road, Juhu, Vile Parle (W)', NULL, '400011', 'Gulmohar Road, Juhu, Vile Parle (W)', NULL, NULL, 'Mayur_LM.jpeg', NULL, '4', 'Developers', 'LM', NULL, NULL, '[\"PhD\"]', 'Gulmohar Road, Juhu, Vile Parle (W)', NULL, 'Gulmohar Road, Juhu, Vile Parle (W)', 'Gulmohar Road, Juhu, Vile Parle (W)', NULL, NULL, NULL, NULL, NULL, 'img/Member_999999999.jpeg', 0, 0, '2019-09-07 07:58:10', '2019-09-07 07:58:10', '', '', '', '', '', '', '', NULL),
(24, 140, NULL, 'Mr.', 'Remesh', 'Agal', 'Dilip', 'Aasha', 'Male', '2020-08-08', 'Married', '2019-07-09', '222222211', '23334444', NULL, 'amdin@gamin.com', NULL, 'admin.osh@jbcnschool.edu', 'www.example.com', NULL, 'Gulmohar Road, Juhu, Vile Parle (W)', NULL, '400064', 'Gulmohar Road, Juhu, Vile Parle (W)', NULL, NULL, '', NULL, '1', 'Developers', 'LM', NULL, NULL, '[\"PhD\"]', 'Andheri Link Road, Oshiwara', NULL, 'Gulmohar Road, Juhu, Vile Parle (W)', 'Andheri Link Road, Oshiwara', NULL, NULL, NULL, NULL, NULL, 'img/Member_222222211.jpeg', 1, 1, '2019-09-07 08:12:33', '2019-09-07 08:12:33', '', '', '', '', '', '', '', NULL),
(28, NULL, 130, 'Mr.', 'Anil', 'Kabra', 'Satyanarayan', 'Kailashidevi', 'Male', NULL, 'Married', NULL, '9324825801', NULL, NULL, 'askwalks@gmail.com', NULL, NULL, NULL, NULL, '135/19 PRABHU NIWAS CHS,\r\nINDULAL BHUVA MARG, \r\nNr SIWS College\r\nWadala west', 'Mumbai', '400012', NULL, NULL, NULL, NULL, NULL, '275', 'Business', NULL, NULL, NULL, '[\"CA\",\"BCom\"]', 'Jusri makrana', NULL, NULL, NULL, NULL, NULL, NULL, NULL, NULL, NULL, 0, 0, '2019-09-10 11:37:32', '2019-09-10 11:38:46', '', '', '', '', '', '', '', NULL),
(29, NULL, NULL, 'Mr.', 'Nandraj', 'Gangurde', 'Ashok', 'Chandrabhaga', 'Male', NULL, 'Married', NULL, '10001010101', NULL, NULL, 'nandugangurde07@gmail.com1', NULL, NULL, NULL, NULL, 'Thane (W)', 'Mumbai', '400011', NULL, NULL, NULL, NULL, NULL, NULL, 'Developers', NULL, NULL, NULL, '[\"MBA\\/MMS\"]', NULL, NULL, NULL, NULL, NULL, NULL, NULL, NULL, NULL, NULL, 1, 1, '2019-09-10 11:46:50', '2019-09-10 11:46:50', '', '', '', '', '', '', '', NULL),
(30, 130, NULL, 'Mr.', 'ARVIND', 'Agal', 'SANJAY', 'MUNNI', 'Male', '1993-07-01', 'Married', '2019-09-07', '7030544752', '9795031981', NULL, 'arvindpandeyicaatom@gmail.com', NULL, 'info@apct.com', 'apcorporatetraining.com', NULL, 'test 1111111', NULL, '400029', 'mumbai', NULL, NULL, 'ARVIND_LM.jpg', NULL, NULL, 'ACCOUNTANT', 'LM', NULL, NULL, '[null]', NULL, NULL, 'test 00001', NULL, NULL, NULL, NULL, NULL, NULL, 'img/Member_7030544751.jpeg', 1, 0, '2019-09-19 08:31:19', '2019-09-19 08:31:19', '', '', '', '', '', '', '', NULL),
(33, NULL, NULL, 'Mrs.', 'Radhika Inani', 'Inani', 'Tushar Inani', 'Mrs Anjana P Somani', 'Female', '1988-07-07', 'Married', '2019-10-10', '9983330473', '9983330473', NULL, 'somani.radhika@gmail.com', NULL, 'somani.radhika@gmail.com', 'NA', NULL, '102,Bahar, DOORDARSHAN COLONY', NULL, '400063', 'Mumbai', NULL, NULL, '', NULL, '244', 'Manager at Kotak', 'NM', NULL, NULL, '[\"MBA\\/MMS\"]', 'Jaipur Rajasthan', NULL, 'NA', 'NA', NULL, NULL, NULL, NULL, NULL, '', 0, 0, '2019-10-10 10:41:51', '2019-10-10 10:41:51', '', '', '', '', '', '', '', NULL),
(34, NULL, 5414, 'Mr.', 'Anukul', 'Bagri', 'Dilip', 'Nandini', 'Male', NULL, 'Married', NULL, '9820420699', NULL, NULL, 'anubagri@gmail.com', NULL, NULL, NULL, NULL, 'Flat No. 51, 5th Floor,', 'MUMBAI', '400001', NULL, NULL, NULL, NULL, NULL, NULL, 'Stock Broker', NULL, NULL, NULL, '[\"BCom\"]', NULL, NULL, NULL, NULL, NULL, NULL, NULL, NULL, NULL, NULL, 0, 0, '2019-10-11 11:50:45', '2019-10-11 11:50:45', '', '', '', '', '', '', '', NULL),
(35, NULL, NULL, 'Mrs.', 'Vinni', 'Kothari', 'Kothari', 'Madhu kothari', 'Female', '1985-11-05', 'Married', '2019-12-10', '7498095535', '9619088217', NULL, 'vinnikothari@gmail.com', NULL, NULL, NULL, NULL, '1506 chandak paloma, vishweshwar nagar road, near udipi vihar hotel', NULL, '400065', NULL, NULL, NULL, '', NULL, NULL, 'Business', 'SW', NULL, NULL, '[\"Diploma\"]', NULL, NULL, NULL, NULL, NULL, NULL, NULL, NULL, NULL, 'img/Member_7498095535.jpg', 0, 0, '2019-10-12 07:28:03', '2019-10-12 07:28:03', '', '', '', '', '', '', '', NULL),
(36, NULL, NULL, 'Mrs.', 'Vinni', 'Kothari', 'Manmohan chandak', 'Madhu kothari', 'Female', '1985-11-05', 'Married', '2019-12-10', '7498095535', '9619088217', NULL, 'vinnikothari@gmail.com', NULL, NULL, NULL, NULL, '1506 chandak paloma, vishweshara nagar road', NULL, '400063', 'Goregaon east', NULL, NULL, '', NULL, NULL, 'Business', 'LM', NULL, NULL, '[\"Diploma\",\"BCom\",\"MBA\\/MMS\"]', NULL, NULL, NULL, NULL, NULL, NULL, NULL, NULL, NULL, 'img/Member_7498095535.jpg', 0, 0, '2019-10-12 07:39:42', '2019-10-12 07:39:42', '', '', '', '', '', '', '', NULL),
(37, 5414, NULL, 'Master', 'HARSHAMAN', 'bagri', 'anukul', 'BagRI', 'Male', '2006-10-04', 'Single', NULL, '8080930185', '8080930185', NULL, 'harshamanb@gmail.com', NULL, NULL, NULL, NULL, NULL, NULL, '400001', NULL, NULL, NULL, '', NULL, NULL, 'STUDENT', 'LM', NULL, NULL, '[\"10th\\/SSC\"]', NULL, NULL, NULL, NULL, NULL, NULL, NULL, NULL, NULL, '', 0, 0, '2019-10-12 09:22:41', '2019-10-12 09:22:41', '', '', '', '', '', '', '', NULL),
(38, NULL, 3620, 'Mr.', 'Anil', 'Chitlangia', 'Madhav Bihari', 'Pushpalata', 'Male', NULL, 'Married', NULL, '9833232449', NULL, NULL, 'achitlangia@gmail.Com', NULL, NULL, NULL, NULL, '303/304, C-wing', 'MUMBAI', '400080', NULL, NULL, NULL, NULL, NULL, NULL, 'Business', NULL, NULL, NULL, '[\"BSc\"]', 'Sikar', NULL, NULL, NULL, NULL, NULL, NULL, NULL, NULL, NULL, 0, 0, '2019-10-13 07:33:32', '2019-10-13 07:33:32', '', '', '', '', '', '', '', NULL),
(39, 690, NULL, 'Mr.', 'Damodar', 'Modani', 'Ramcharanji', 'Late Gayatri Devi', 'Male', '1956-09-03', 'Married', '2020-02-10', '9594399222', '9819011970', NULL, 'dpmodani@yahoo.co.in', NULL, NULL, NULL, NULL, 'A 3903 D B Woods', NULL, '400063', 'Goregaon East Mumbai', NULL, NULL, '', NULL, '388', 'Consulting', 'Choose Member Type', NULL, NULL, '[\"CA\"]', 'Naraina (Raj), Sirpur Kaghaz nagar (Telangana)', NULL, 'A 3903 D B Woods  Gokuldham, Krishna Vatica Marg  Goregaon East Mumbai', NULL, NULL, NULL, NULL, NULL, NULL, '', 0, 0, '2019-10-14 14:42:03', '2019-10-14 14:42:03', '', '', '', '', '', '', '', NULL),
(40, 3447, NULL, 'Mr.', 'Vishal', 'Maheshwari', 'Madanmohan', 'Prabha', 'Male', '1980-01-09', 'Married', '2020-03-10', '9820783404', '9820891077', NULL, 'vishal.maheshwari32@gmail.com', NULL, NULL, NULL, NULL, 'C-1012, NATIONAL PARK VIEW 2,\r\nRAHEJA ESTATE, KULUPWADI', NULL, '400066', 'C-1012, NATIONAL PARK VIEW 2,\r\nRAHEJA ESTATE, KULUPWADI', NULL, NULL, 'Vishal_LM.pdf', NULL, NULL, 'Lawyer', 'LM', NULL, NULL, '[\"LLB\"]', NULL, NULL, 'C-1012, NATIONAL PARK VIEW 2,\r\nRAHEJA ESTATE, KULUPWADI', NULL, NULL, NULL, NULL, NULL, NULL, 'img/Member_9820783404.jpg', 0, 0, '2019-10-15 11:49:55', '2019-10-15 11:49:55', '', '', '', '', '', '', '', NULL),
(41, NULL, NULL, 'Mr.', 'Vishal', 'Maheshwari', 'Madanmohan', 'Prabha', 'Male', '1980-01-09', 'Married', '2020-03-10', '9820783404', '9820891077', NULL, 'vishal.maheshwari32@gmail.com', NULL, NULL, NULL, NULL, 'C-1012, NATIONAL PARK VIEW 2,\r\nRAHEJA ESTATE, KULUPWADI', NULL, '400066', 'C-1012, NATIONAL PARK VIEW 2,\r\nRAHEJA ESTATE, KULUPWADI', NULL, NULL, '', NULL, NULL, 'Lawyer', 'LM', NULL, NULL, '[\"LLB\"]', NULL, NULL, 'C-1012, NATIONAL PARK VIEW 2,\r\nRAHEJA ESTATE, KULUPWADI', NULL, NULL, NULL, NULL, NULL, NULL, '', 0, 0, '2019-10-15 11:57:29', '2019-10-15 11:57:29', '', '', '', '', '', '', '', NULL),
(42, 6571, NULL, 'Mrs.', 'Shilpa kabra', 'Kabra', 'Rajat kabra', 'savitri', 'Female', '1985-12-08', 'Married', '2020-05-10', '9820854321', '9029035444', NULL, 'shilpamorwal@gmail.com', NULL, NULL, 'www.thedesignbox.in', NULL, 'B 307, Hulas Basti Gardens', NULL, '400067', 'Kandivali West', NULL, NULL, 'Shilpa kabra_LM.pdf', NULL, '275', 'Architect', 'LM', NULL, NULL, '[\"M Arch\"]', NULL, NULL, '9/89 Pragati CHS, New Link Road, Mahavir Nagar,Kandivali West, Mumbai, Maharashtra 400067', NULL, NULL, NULL, NULL, NULL, NULL, 'img/Member_9820854321.jpeg', 0, 0, '2019-10-17 11:05:50', '2019-10-17 11:05:50', '', '', '', '', '', '', '', NULL),
(43, 6571, NULL, 'Mrs.', 'SHILPA', 'Kabra', 'RAJAT', 'SAVITRI', 'Female', '1985-12-08', 'Married', '2020-05-10', '9820854321', '9224425444', NULL, 'shilpa@thedesignbox.in', NULL, NULL, 'www.thedesignbox.in', NULL, 'b 307, hulas basti gardens', NULL, '400067', 'kandivali west', NULL, NULL, 'SHILPA_LM.pdf', NULL, '275', 'ARCHITECT', 'LM', NULL, NULL, '[\"M Arch\"]', NULL, NULL, '9/89 Pragati CHS, New Link Road, MHB Colony,, Mahavir Nagar, Lane Besides Petrol Pump, Kandivali West,, Mumbai, Maharashtra 400067', NULL, NULL, NULL, NULL, NULL, NULL, 'img/Member_9820854321.jpeg', 0, 0, '2019-10-17 11:47:43', '2019-10-17 11:47:43', '', '', '', '', '', '', '', NULL),
(44, NULL, 8486, 'Mr.', 'Aditya', 'Sawal', 'Ravikant', 'Jyoti', 'Male', NULL, 'Single', NULL, '9699179434', NULL, NULL, 'sawaladitya@gmail.com', NULL, NULL, NULL, NULL, 'C-403, 4th Floor,Maheshwari Nagar near Kondivita Village,Chakala MIDC', 'MUMBAI', '400093', NULL, NULL, NULL, NULL, NULL, NULL, 'business', NULL, NULL, NULL, 'null', NULL, NULL, NULL, NULL, NULL, NULL, NULL, NULL, NULL, NULL, 0, 0, '2019-10-17 11:56:18', '2019-10-17 11:56:18', '', '', '', '', '', '', '', NULL),
(45, NULL, 7822, 'Mr.', 'Mansi', 'Bagri', 'Anukul', 'Shehlata', 'Female', NULL, 'Married', NULL, '9320272792', NULL, NULL, 'mansibagri@gmail.com', NULL, NULL, NULL, NULL, 'Flat no. 51, 5th Floor, 64/72 Mohan Terrace', 'MUMBAI', '400001', NULL, NULL, NULL, NULL, NULL, NULL, NULL, NULL, NULL, NULL, '[\"BCom\"]', NULL, NULL, NULL, NULL, NULL, NULL, NULL, NULL, NULL, NULL, 0, 0, '2019-10-24 10:43:54', '2019-10-24 10:43:54', '', '', '', '', '', '', '', NULL),
(50, 7327, NULL, 'Shri.', 'Pradnyshila', 'Agiwal', 'Navnatth', 'Sojar', 'Female', '1994-12-29', 'Single', '2019-12-10', '7900195599', NULL, NULL, 'pradnyajadhav995@gmail.com', NULL, 'connect.bigdreams@gmail.com', 'nishant.com', NULL, NULL, NULL, '400058', NULL, NULL, NULL, 'Pradnyshila_LM.jpg', NULL, '2', 'Employee', 'LM', NULL, NULL, '[\"MCS\"]', 'Mulund East', NULL, NULL, 'Mulund East', NULL, 'Mumbai Central', 'East', NULL, NULL, 'img/Member_7900195599.jpg', 0, 0, '2019-12-10 08:51:28', '2019-12-10 08:51:28', 'Residential', '901, SUNRISE BUSINESS PARK, THANE', 'Mulund (E)', 'Mumbai, Maharashtra 400058 India', '901, SUNRISE BUSINESS PARK, THANE', '901, SUNRISE BUSINESS PARK, THANE', '901, SUNRISE BUSINESS PARK, THANE', NULL),
(51, 6352, NULL, 'Shri.', 'RAMPRAKASH', 'PHOPHLIYA', 'SATYANARAYAN', 'SARLA', 'Male', '1979-05-11', 'Married', '2019-12-11', '9967889075', NULL, NULL, 'ramprakash3@gmail.com', 'ramprakash3@rediffmail.com', 'ramprakash3@gmail.com', NULL, NULL, NULL, NULL, '400104', NULL, NULL, NULL, 'RAMPRAKASH_LM.pdf', NULL, NULL, 'PRACTICING CHARTERED ACCOUNTANT', 'LM', NULL, NULL, '[\"CA\"]', 'B-6, Brijdham, Bangur Nagar, Goregaon West, Mumbai - 400104', NULL, NULL, NULL, NULL, 'GOREGAON', 'West', NULL, NULL, 'img/Member_9967889075.pdf', 0, 0, '2019-12-11 13:18:00', '2019-12-11 13:18:00', 'Residential', 'B-6, Brijdham,', 'Bangur Nagar, New Linking Road, Near Hyper City Mall, Goregaon West', 'Mumbai, Maharashtra 400104 India', 'Room No 67, 3rd Floor,', '9/15 Morarji Velji Building, Dr M B Velkar Marg, Kalbadevi', 'Mumbai - 400002', NULL),
(52, 6352, NULL, 'Shri.', 'RAMPRAKASH', 'PHOPHLIYA', 'SATYANARAYAN', 'SARLA', 'Male', '1979-11-17', 'Married', '2019-12-11', '9967889075', NULL, NULL, 'ramprakash3@gmail.com', 'ramprakash3@rediffmail.com', 'ramprakash3@gmail.com', NULL, NULL, NULL, NULL, '400104', NULL, NULL, NULL, 'RAMPRAKASH_LM.pdf', NULL, NULL, 'Practicing Chartered Accountant', 'LM', NULL, NULL, '[\"CA\"]', 'B-6, Brijdham, Bangur Nagar, Near Hyper City Mall, Goregaon West, Mumbai - 400104', NULL, NULL, NULL, NULL, 'Goregaon', 'West', NULL, NULL, 'img/Member_9967889075.pdf', 0, 0, '2019-12-11 13:28:49', '2019-12-11 13:28:49', 'Residential', 'B-6, Brijdham,', 'Bangur Nagar, Near Hyper City Mall, Goregaon West', 'Mumbai, Maharashtra 400104 India', 'Room No 67, 3rd Floor, 9/15 Morarji Velji Building,', 'Dr M B Velkar Marg, Kalbadevi', 'Mumbai - 400002', NULL),
(53, 1, NULL, 'Shri.', 'wlzPNpBSnmvAcqo', 'Agal', 'oAcHrXvjtQK', 'seiUhpwaEc', 'Male', '1970-01-01', 'Single', '2019-12-12', 'vpsXxUBaNzmVHe', 'kfGwgcTm', NULL, 'gertrudel278@gmail.com', 'gertrudel278@gmail.com', 'gertrudel278@gmail.com', 'QGpSehkX', NULL, NULL, NULL, '400029', NULL, NULL, NULL, '', 'JKfTkiqlDhE', '1', 'lKtPzELcDNvdsRH', 'LM', NULL, NULL, '[\"1\"]', 'DOtPnwVRclSXT', 'YDSGHZEl', 'DKfjdqBzCW', 'ropLClzORJmswA', NULL, 'QmtMGdXqpkxIYDV', '1', NULL, NULL, '', 0, 0, '2019-12-12 08:34:38', '2019-12-12 08:34:38', 'Office', 'qRJYfgQsHG', 'UwzVJWCpLPTEily', 'HYRktmAfjX', 'BJVUdmwSXNMPyzjf', 'FvVwMLJazKAbk', 'VBPMHXKjgv', NULL),
(54, 1, NULL, 'Shri.', 'ZQqTzsiX', 'Agal', 'FlwhWpykKRQ', 'HmWFhBrjzRSQuwv', 'Male', '1970-01-01', 'Single', '2019-12-12', 'fzqTUMtKvciQZ', 'YoHaDzvTmMReXSPG', NULL, 'gertrudel278@gmail.com', 'gertrudel278@gmail.com', 'gertrudel278@gmail.com', 'jfTIqbhtdeOigwFm', NULL, NULL, NULL, '400029', NULL, NULL, NULL, '', 'FEWSfITXrjOq', '1', 'hZorxIEWucvHe', 'LM', NULL, NULL, '[\"1\"]', 'xwQMikNsoVPbELFC', 'EWgNrwnkqxcudTls', 'wRMieUlBaOdfEQ', 'JoatLbGBzNDflPZ', NULL, 'npPesxuqFMr', '1', NULL, NULL, '', 0, 0, '2019-12-12 08:34:48', '2019-12-12 08:34:48', 'Office', 'CgUSLBoeK', 'pDrAYEvxf', 'FQSwBzZsab', 'yTxCwrUJ', 'LIDBSAyasmiWtPr', 'WzYRpJeZSfFGqAg', NULL),
(55, 5998, NULL, 'Shri.', 'OM PRAKASH', 'Somani', 'SHIV PRAKASH', 'SHATA DEVI', 'Male', '1985-11-05', 'Married', '2019-12-12', '9869972402', '8976016100', NULL, 'opsomani.ca@gmail.com', 'flowerpayal1984@gmail.com', 'opsomani@pkca.in', 'www.pkca.in', NULL, NULL, NULL, '400103', NULL, NULL, NULL, 'OM PRAKASH_LM.jpg', NULL, '520', 'CHARTERED ACCOUNTANT IN PRACTICE', 'LM', NULL, NULL, '[\"CA\"]', 'BHAGAT RAM SOMANI & SONS\r\nOLD BUS STAND, KAPASAN\r\nDISTT - CHITTORGARH', NULL, NULL, 'KAPASAN', NULL, 'BORIVALI', 'West', NULL, NULL, 'img/Member_9869972402.jpeg', 0, 0, '2019-12-12 09:56:14', '2019-12-12 09:56:14', 'Residential', 'FLAT NO 16', 'TERRACE VIEW CHSL, LIC COLONY, NEAR KARUNA HOSPITAL, BORIVALI WEST', 'Mumbai, Maharashtra 400103 India', 'B 201, NEW SHIVAM BUILDING', 'KULUPWADI, NEAR NATIONAL PARK, BORIVALI EAST', 'MUMBAI 400066', NULL),
(56, 7327, NULL, 'Kum.', 'Harish', 'Bagri', 'Sanjay', 'Vandana', 'Male', '1994-11-23', 'Married', '2019-12-12', '9139988700', NULL, NULL, 'ahirearyan700@gmail.com', NULL, 'harishbusiness@gmail.com', 'harish.com', NULL, NULL, NULL, '400012', NULL, NULL, NULL, 'Harish_LM.jpg', NULL, NULL, 'Employee', 'LM', NULL, NULL, '[\"MCA\",\"BCA\\/BCS\"]', 'Nashik Cidco', NULL, NULL, NULL, NULL, 'Mumbai Central', 'East', NULL, NULL, 'img/Member_9139988700.jpg', 1, 1, '2019-12-12 10:58:39', '2019-12-12 10:58:39', 'Residential', '202 A-wing Rajshree Apt, Shivaji Nagar, ', 'Waldhuni andheri (E)', 'Mumbai, Maharashtra 400012 India', '990, Samarath Business Park', 'Mulund (E)', 'Mumbai, Maharashtra 400089', NULL),
(57, 2054, NULL, 'Shri.', 'Shashikant', 'Gaggar', 'Damodarlal', 'Jamnadevi Gaggar', 'Male', '1963-03-29', 'Married', '2019-12-15', '9990455505', '9540994505', NULL, 'gaggarshashi@yahoo.com', NULL, NULL, NULL, NULL, NULL, NULL, '400093', NULL, NULL, NULL, 'Shashikant_LM.jpeg', NULL, NULL, 'Professional', 'LM', NULL, NULL, '[\"BE\",\"MBA\\/MMS\"]', 'PO. Maulasar. \r\nDist. Nagaur. \r\nRajasthan.', NULL, NULL, NULL, NULL, 'Andheri', 'East', NULL, NULL, 'img/Member_9990455505.jpeg', 0, 0, '2019-12-15 12:41:27', '2019-12-15 12:41:27', 'Office', 'B-505, Kaatyayni Residency.\r\nOff Mahakali Caves Road. \r\nRd no 11, MIDC. \r\nAndheri East.', 'Kaatyayni Residency. \r\nNr Hotel Tim Grand.', 'Mumbai, Maharashtra 400093 India', 'UltraTech Cement Ltd\r\n204, 2nd floor. Ahura Centre. \r\nMahakali Caves Road. \r\nAndheri East.', 'Ahura Centre. \r\nOpp Hotel Radisson.', 'Mumbai - 400093. \r\nMaharashtra.', NULL),
(58, 5983, NULL, 'Shri.', 'testkname', 'Agal', 'testfathername', 'testmothername', 'Male', '1995-12-19', 'Married', '2019-12-16', '9730450492', '8600602079', NULL, 'kiranbachhav1994@gmail.com', 'test@gmail.com', 'business@gmail.com', 'www.website.com', NULL, NULL, NULL, '400002', NULL, NULL, NULL, 'testkname_LM.jpg', NULL, '1', 'farmer', 'LM', NULL, NULL, '[null]', 'abcTestNative Address', NULL, NULL, 'testAbc Other Address', NULL, 'mulund', 'East', NULL, NULL, 'img/Member_9730450492.jpg', 0, 0, '2019-12-16 07:13:04', '2019-12-16 07:13:04', 'Residential', 'test address', 'building no.52', 'Mumbai, Maharashtra 400002 India', 'test address', 'building no.52', 'Mumbai, Maharashtra 400002 India', NULL),
(59, 5983, NULL, 'Shri.', 'testkname', 'Agal', 'testfathername', 'testmothername', 'Male', '1995-12-19', 'Married', '2019-12-16', '9730450492', '8600602079', NULL, 'kiranbachhav1994@gmail.com', 'test@gmail.com', 'business@gmail.com', 'www.website.com', NULL, NULL, NULL, '400002', NULL, NULL, NULL, 'testkname_LM.jpg', NULL, '1', 'farmer', 'LM', NULL, NULL, '[null]', 'abcTestNative Address', NULL, NULL, 'testAbc Other Address', NULL, 'mulund', 'East', NULL, NULL, 'img/Member_9730450492.jpg', 0, 0, '2019-12-16 07:29:49', '2019-12-16 07:29:49', 'Residential', 'test address', 'building no.52', 'Mumbai, Maharashtra 400002 India', 'test address', 'building no.52', 'Mumbai, Maharashtra 400002 India', NULL),
(60, 5983, NULL, 'Shri.', 'testkname', 'Agal', 'testfathername', 'testmothername', 'Male', '1995-12-19', 'Married', '2019-12-16', '9730450492', '8600602079', NULL, 'kiranbachhav1994@gmail.com', 'test@gmail.com', 'business@gmail.com', 'www.website.com', NULL, NULL, NULL, '400002', NULL, NULL, NULL, 'testkname_LM.jpg', NULL, '1', 'farmer', 'LM', NULL, NULL, '[null]', 'abcTestNative Address', NULL, NULL, 'testAbc Other Address', NULL, 'mulund', 'East', NULL, NULL, 'img/Member_9730450492.jpg', 0, 0, '2019-12-16 07:30:11', '2019-12-16 07:30:11', 'Residential', 'test address', 'building no.52', 'Mumbai, Maharashtra 400002 India', 'test address', 'building no.52', 'Mumbai, Maharashtra 400002 India', NULL),
(61, 5983, NULL, 'Shri.', 'testkname', 'Agal', 'testfathername', 'testmothername', 'Male', '1995-12-19', 'Married', '2019-12-16', '9730450492', '8600602079', NULL, 'kiranbachhav1994@gmail.com', 'test@gmail.com', 'business@gmail.com', 'www.website.com', NULL, NULL, NULL, '400002', NULL, NULL, NULL, 'testkname_LM.jpg', NULL, '1', 'farmer', 'LM', NULL, NULL, '[null]', 'abcTestNative Address', NULL, NULL, 'testAbc Other Address', NULL, 'mulund', 'East', NULL, NULL, 'img/Member_9730450492.jpg', 0, 0, '2019-12-16 07:31:24', '2019-12-16 07:31:24', 'Residential', 'test address', 'building no.52', 'Mumbai, Maharashtra 400002 India', 'test address', 'building no.52', 'Mumbai, Maharashtra 400002 India', NULL),
(62, 5983, NULL, 'Shri.', 'testkname', 'Agal', 'testfathername', 'testmothername', 'Male', '1995-12-19', 'Married', '2019-12-16', '9730450492', '8600602079', NULL, 'kiranbachhav1994@gmail.com', 'test@gmail.com', 'business@gmail.com', 'www.website.com', NULL, NULL, NULL, '400002', NULL, NULL, NULL, 'testkname_LM.jpg', NULL, '1', 'farmer', 'LM', NULL, NULL, '[null]', 'abcTestNative Address', NULL, NULL, 'testAbc Other Address', NULL, 'mulund', 'East', NULL, NULL, 'img/Member_9730450492.jpg', 1, 0, '2019-12-16 07:31:56', '2019-12-16 07:31:56', 'Residential', 'test address', 'building no.52', 'Mumbai, Maharashtra 400002 India', 'test address', 'building no.52', 'Mumbai, Maharashtra 400002 India', NULL),
(64, NULL, 5086, 'Mr.', 'K', 'Rathi', 'B', 'Ramibai', 'Male', NULL, 'Married', NULL, '9821903954', NULL, NULL, 'Rathi_Kb@yahoo.Co.In', NULL, NULL, NULL, NULL, NULL, 'MUMBAI', '400062', NULL, NULL, NULL, NULL, NULL, '470', 'Chartered Accountant', NULL, NULL, NULL, '[\"CA\"]', 'Jodhpur', NULL, NULL, NULL, NULL, NULL, NULL, NULL, NULL, NULL, 0, 0, '2019-12-16 17:06:02', '2019-12-16 17:06:02', NULL, NULL, NULL, NULL, NULL, NULL, NULL, NULL),
(65, 5974, NULL, 'Shri.', 'Parag', 'Hurkat', 'Vijaykumarji Hurgat', 'Sheela Hurgat', 'Male', '1984-02-23', 'Married', '2019-12-17', '9763709503', '9763709506', NULL, 'parag.aarthi@gmail.com', NULL, NULL, NULL, NULL, NULL, NULL, '400086', NULL, NULL, NULL, 'Parag_LM.png', NULL, '240', 'Service', 'LM', NULL, NULL, '[\"BE (IT)\"]', NULL, NULL, NULL, NULL, NULL, 'Ghatkopar/ Vikhroli', 'West', NULL, NULL, 'img/Member_9763709503.png', 0, 0, '2019-12-17 04:46:27', '2019-12-17 04:46:27', 'Residential', 'Apt 1702, Boulevard -4', 'Wadhwa the Address, LBS Marg, Opp Rcity Mall, Ghatkopar west,', 'Mumbai, Maharashtra 400086 India', NULL, NULL, NULL, NULL),
(66, 6612, NULL, 'Shri.', 'surendra', 'Sodhani', 'Mahavirprasad', 'Durgadevi', 'Male', '1963-01-14', 'Married', '2019-12-17', '9821436946', '9324902697', NULL, 'surendrasodhani@yahoo.com', NULL, NULL, NULL, NULL, NULL, NULL, '400030', NULL, NULL, NULL, 'surendra_LM.jpeg', NULL, '515', 'Business', 'LM', NULL, NULL, '[\"BCom\"]', NULL, NULL, NULL, NULL, NULL, 'Dadar', 'N/A', NULL, NULL, '', 0, 0, '2019-12-17 09:35:55', '2019-12-17 09:35:55', 'Residential', '263/7', 'MadhuHans Bldg,  Dr A.B Road, Opp old passport office, Worli.', 'Mumbai, Maharashtra 400030 India', NULL, NULL, NULL, NULL),
(67, 145, NULL, 'Shri.', 'Sanjay', 'Jhanwar', 'Harvilas', 'Koshaliya', 'Male', '1983-12-31', 'Married', '2019-12-17', '9920720051', NULL, NULL, 'sanjayjhanwar@gmail.com', NULL, NULL, NULL, NULL, NULL, NULL, '400092', NULL, NULL, NULL, 'Sanjay_LM.jpeg', NULL, '255', 'Service', 'LM', NULL, NULL, '[\"MBA\\/MMS\"]', NULL, NULL, NULL, NULL, NULL, 'Borivali', 'West', NULL, NULL, 'img/Member_9920720051.jpeg', 0, 0, '2019-12-17 17:14:33', '2019-12-17 17:14:33', 'Residential', 'C701', 'VEDANT RAJMAITRI CHSL\r\nDD BORGE MARG, OFF EKSAR ROAD', 'Mumbai, Maharashtra 400092 India', NULL, NULL, NULL, NULL),
(68, 3595, NULL, 'Smt.', 'Garima Rander', 'RANDER', 'Krishnakumar Rander', 'Shobha Jhawar', 'Female', '1970-01-01', 'Married', '2019-12-18', '9619948486', '932132501', NULL, 'garima.gs.jhawar@gmail.com', 'curtainitup@gmail.com', NULL, 'curtainitup.com', NULL, NULL, NULL, '400092', NULL, NULL, NULL, 'Garima Rander_LM.pdf', NULL, NULL, 'French professor, Business Owner', 'LM', NULL, NULL, '[\"BCom\"]', NULL, NULL, NULL, NULL, NULL, 'Borivali', 'West', NULL, NULL, 'img/Member_9619948486.jpg', 0, 0, '2019-12-18 07:46:09', '2019-12-18 07:46:09', 'Residential', '1502', 'om sai charan society, link road, yogi nagar, borivali west', 'Mumbai, Maharashtra 400092 India', NULL, NULL, NULL, NULL),
(69, 3595, NULL, 'Shri.', 'Yash', 'RANDER', 'Ghanshyamji', 'Anitaji', 'Male', '1995-10-12', 'Married', '2019-12-18', '9920751422', '9920901422', NULL, 'randeryash@gmail.com', NULL, NULL, NULL, NULL, NULL, NULL, '400092', NULL, NULL, NULL, 'Yash_LM.pdf', NULL, NULL, 'Civil engineer', 'LM', NULL, NULL, '[\"M Arch\"]', NULL, NULL, NULL, NULL, NULL, 'Borivali', 'West', NULL, NULL, 'img/Member_9920751422.jpg', 0, 0, '2019-12-18 08:52:59', '2019-12-18 08:52:59', 'Residential', '1502, om sai charan societ, Link road, Yogi nagar, borivali west', 'Yogi nagar, opposite aura hotel', 'Mumbai 400092', NULL, NULL, NULL, NULL),
(70, 7383, NULL, 'Smt.', 'Chaitali', 'Biyani', 'vinit', 'deepa', 'Female', '1984-04-20', 'Married', NULL, '09422800795', '9833513191', NULL, 'chaitalikhatod@gmail.com', 'chaitalikhatod@gmail.com', 'chaitalikhatod@gmail.com', 'www.proher.in', NULL, NULL, NULL, '400089', NULL, NULL, NULL, 'Chaitali_LM.jpeg', NULL, '137', 'freelance animator', 'LM', NULL, NULL, '[\"BSc\"]', NULL, NULL, NULL, NULL, NULL, 'ghatkopar', 'East', NULL, NULL, '', 0, 0, '2019-12-19 14:16:50', '2019-12-19 14:16:50', 'Residential', '1402 2C  wing', 'Bhakti heights , building no 122, opp to icici bank', 'Mumbai, Maharashtra 400089 India', NULL, NULL, NULL, NULL),
(71, 7383, NULL, 'Smt.', 'Chaitali', 'Biyani', 'vinit', 'deepa', 'Female', '1984-04-20', 'Married', NULL, '09422800795', '9833513191', NULL, 'chaitalikhatod@gmail.com', 'chaitalikhatod@gmail.com', 'chaitalikhatod@gmail.com', 'www.proher.in', NULL, NULL, NULL, '400089', NULL, NULL, NULL, 'Chaitali_LM.jpeg', NULL, '137', 'freelance animator', 'LM', NULL, NULL, '[\"BSc\"]', NULL, NULL, NULL, NULL, NULL, 'ghatkopar', 'East', NULL, NULL, '', 0, 0, '2019-12-19 14:16:54', '2019-12-19 14:16:54', 'Residential', '1402 2C  wing', 'Bhakti heights , building no 122, opp to icici bank', 'Mumbai, Maharashtra 400089 India', NULL, NULL, NULL, NULL),
(72, 3654, NULL, 'Shri.', 'Sanjay Kumar', 'Inani', 'Satyanarayan', 'Tulsi Devi', 'Male', '1978-07-20', 'Married', '2019-12-20', '9167390835', NULL, NULL, 'sanjayinani@yahoo.com', NULL, NULL, NULL, NULL, NULL, NULL, '400101', NULL, NULL, NULL, 'Sanjay Kumar_LM.pdf', NULL, '244', 'Service', 'LM', NULL, NULL, '[\"CA\"]', NULL, NULL, NULL, NULL, NULL, 'Kandivali', 'East', NULL, NULL, '', 0, 0, '2019-12-20 12:15:55', '2019-12-20 12:15:55', 'Residential', '1006, Tower 4,', 'Spring Grove Tower, Lokhandwala COmplex, Kandivali East', 'Mumbai, Maharashtra 400101 India', NULL, NULL, NULL, NULL),
(73, 7327, NULL, 'Kum.', 'asdasd', 'Agiwal', 'asdasd', 'asdasdasd', 'Male', '2019-12-03', 'Married', '2019-12-21', '123123123', NULL, NULL, NULL, NULL, NULL, NULL, NULL, NULL, NULL, '400001', NULL, NULL, NULL, 'asdasd_LM.php', NULL, '2', 'asdasd', 'LM', NULL, NULL, '[null]', NULL, NULL, NULL, NULL, NULL, 'asdasd', 'N/A', NULL, NULL, 'img/Member_123123123.php', 0, 0, '2019-12-21 03:26:58', '2019-12-21 03:26:58', 'Residential', '12123', 'asdas', 'Mumbai, Maharashtra 400001 India', NULL, NULL, NULL, NULL),
(74, 7327, NULL, 'Shri.', 'asdasd', 'Agiwal', 'asd', 'asdasdasd', 'Male', '2019-12-01', 'Married', '2019-12-21', '12123123', '123123', NULL, 'webb@tempmail.de', NULL, NULL, NULL, NULL, NULL, NULL, '400002', NULL, NULL, NULL, 'asdasd_LM.php', NULL, '2', 'asdasd', 'LM', NULL, NULL, '[null]', NULL, NULL, NULL, NULL, NULL, 'asdasd', 'East', NULL, NULL, 'img/Member_12123123.php', 0, 0, '2019-12-21 03:28:31', '2019-12-21 03:28:31', NULL, '123123123', 'asdasdasd', 'Mumbai, Maharashtra 400002 India', NULL, NULL, NULL, NULL),
(75, NULL, 4703, 'Mr.', 'Gangadhar', 'Bharadia', 'Chaturbhuj', 'Chauthi', 'Male', NULL, 'Married', NULL, '9322216391', NULL, NULL, 'Gbhararia@hotmail.Com', NULL, NULL, NULL, NULL, NULL, 'MUMBAI', '400068', NULL, NULL, NULL, NULL, NULL, '126', 'Service in Polycab India Ltd.', NULL, NULL, NULL, '[\"CA\"]', 'Jharely, Nagaur (Rajasthan)', NULL, NULL, NULL, NULL, NULL, NULL, NULL, NULL, NULL, 0, 0, '2019-12-21 09:58:11', '2019-12-21 09:58:11', NULL, NULL, NULL, NULL, NULL, NULL, NULL, NULL),
(76, 8674, NULL, 'Kum.', 'kiran', 'Agiwal', 'kamlesh', 'vandana', 'Male', '1994-12-19', 'Married', '2019-12-21', '9730450492', '7057554174', NULL, 'connectatbigdreams@gmail.com', 'kiranbachhav1994@gmail.com', 'kiranbachhav1994@gmail.com', 'www.abc.com', NULL, NULL, NULL, '400004', NULL, NULL, NULL, 'kiran_LM.jpg', NULL, '5', 'farmer', 'LM', NULL, NULL, '[\"BA\"]', 'dhgv h bjhbhjh uhuh  uu uhuhuhi uhkkh', NULL, NULL, 'fhgjhg uhujh ygujhj ygjhikhjg', NULL, 'mulund', 'N/A', NULL, NULL, 'img/Member_9730450492.jpg', 0, 0, '2019-12-21 13:27:22', '2019-12-21 13:27:22', 'Residential', 'cgfb chnv hv vj h v jh', 'v vhv jn ht  hgv hgb', 'Mumbai, Maharashtra 400004 India', 'fdhgv j jh jy ygyhgj u tuyujhkujh hy uyu', 'yfyjgh hkumuhkmjh uyhkuhkj', 'fhg  hgjhg hguh jhkujh jghbjbj', NULL),
(77, 6122, NULL, 'Dr.', 'Shraddha', 'Kasat', 'Pushkar', 'Vidya', 'Female', '1988-12-19', 'Married', '2019-12-22', '9004200048', NULL, NULL, 'dr.shraddhabhandari@gmail.com', NULL, NULL, NULL, NULL, NULL, NULL, '400081', NULL, NULL, NULL, 'Shraddha_LM.pdf', NULL, '308', 'Dentist', 'LM', NULL, NULL, '[\"BDS\"]', NULL, NULL, NULL, NULL, NULL, 'Mulund', 'East', NULL, NULL, '', 0, 0, '2019-12-22 05:10:10', '2019-12-22 05:10:10', 'Residential', '2101', 'Centre Point, 90 feet Road, Gavanpada', 'Mumbai, Maharashtra 400081 India', NULL, NULL, NULL, NULL),
(78, 4245, NULL, 'Shri.', 'Abhishek', 'Kothari', 'Dau Lal Kothari', 'Shanti Kothari', 'Male', '1984-11-22', 'Divorced', '2019-12-22', '09321481484', NULL, NULL, 'abhishekkothari2@gmail.com', 'abhishekkothari2@gmail.com', 'abhishekkothari2@gmail.com', NULL, NULL, NULL, NULL, '400104', NULL, NULL, NULL, 'Abhishek_LM.JPG', NULL, NULL, 'Senior Research Analyst', 'LM', NULL, NULL, '[\"CFA\"]', '2A BYSACK STREET 3RD FLOOR BURRABAZAR', NULL, NULL, '2A BYSACK STREET 3RD FLOOR BURRABAZAR', NULL, 'Goregaon', 'West', NULL, NULL, '', 0, 0, '2019-12-22 06:46:13', '2019-12-22 06:46:13', 'Residential', 'B6-16, Bansi Ratna CHSL, Maheshnagar, S V RoadNear MTNL, Goregaon West', 'B6-16, Bansi Ratna CHSL, Maheshnagar, S V RoadNear MTNL, Goregaon West', 'B6-16, Bansi Ratna CHSL, Maheshnagar, S V RoadNear MTNL, Goregaon West', 'B6-16, Bansi Ratna CHSL, Maheshnagar, S V RoadNear MTNL, Goregaon West', 'B6-16, Bansi Ratna CHSL, Maheshnagar, S V RoadNear MTNL, Goregaon West', 'Mumbai /Maharashtra/400104', NULL),
(79, 5939, NULL, 'Shri.', 'Manish', 'Jhanwar', 'Mansukh', 'Usha', 'Male', '1984-10-05', 'Married', '2019-12-22', '9987548204', '9702308190', NULL, 'manishjhawar2001@gmail.com', NULL, NULL, 'www.cammco.in', NULL, NULL, NULL, '400043', NULL, NULL, NULL, 'Manish_LM.pdf', NULL, '255', 'Practicing CA', 'LM', NULL, NULL, '[\"CA\"]', '97 Mahesh Nagar, Ankpat Marg, Ujjain , Madhya Pradesh-456010', NULL, NULL, NULL, NULL, 'Ghatkopar', 'East', NULL, NULL, '', 0, 0, '2019-12-22 17:31:39', '2019-12-22 17:31:39', 'Office', '4/604,', 'Indian Oil Nagar, Ghatkopar Mankhurd Link Road, Govandi(W)', 'Mumbai, Maharashtra 400043 India', 'Office no.6, 292 Jamna Building,', 'LT Marg, Near Metro Cinema, Marine Lines', 'Mumbai, Maharashtra 400002 India', NULL),
(80, 6096, NULL, 'Shri.', 'kk', 'Agal', 'kk', 'kk', 'Male', '2019-12-25', 'Married', '2019-12-25', '9730450492', '8600602079', NULL, 'jk@jd.dnk', 'huj@jd.fnk', 'jndk@kvmf.fn', 'jmkd.djik', NULL, NULL, NULL, '400003', NULL, NULL, NULL, 'kk_LM.jpg', NULL, '4', 'jklj', 'LM', NULL, NULL, '[\"BA\"]', 'njnvf jik', NULL, NULL, 'ijv', NULL, 'jdfn', 'N/A', NULL, NULL, 'img/Member_9730450492.jpg', 0, 0, '2019-12-25 12:42:07', '2019-12-25 12:42:07', 'Residential', 'fhuj', 'jnjf', 'Mumbai, Maharashtra 400003 India', 'jnjnn', 'nkvmk,', 'jmk,m', NULL),
(81, 8674, NULL, 'Shri.', 'kk', 'Agiwal', 'kk', 'kkk', 'Male', '2019-12-25', 'Married', '2019-12-25', '9730450492', '8600602079', NULL, 'hn@jd.cn', 'knk@jkd.nk', 'bjds@jdf.d', 'hj.bj', NULL, NULL, NULL, '400003', NULL, NULL, NULL, 'kk_LM.jpg', NULL, '5', 'jh', 'LM', NULL, NULL, '[\"BA\"]', 'hsjmdn fh', NULL, NULL, 'hjvn j', NULL, 'njm', 'N/A', NULL, NULL, 'img/Member_9730450492.jpg', 0, 0, '2019-12-25 12:52:47', '2019-12-25 12:52:47', 'Residential', 'hdhjk', 'h uh', 'j Mumbai, Maharashtra 400003 India', 'hh', 'uu', 'h', NULL),
(82, 5828, NULL, 'Shri.', 'Kamal', 'Birla', 'Bhuramalji Birla', 'Bhanwari Devi Birla', 'Male', '1957-04-07', 'Married', '2019-12-25', '7977038821', '9904200188', NULL, 'kamalbirla.57@gmail.com', 'swatsbirla@gmail.com', NULL, NULL, NULL, NULL, NULL, '401107', NULL, NULL, NULL, 'Kamal_LM.pdf', NULL, '151', 'Retired', 'LM', NULL, NULL, '[\"BCom\"]', 'PO- RENWAL, JAIPUR, RAJASTHAN-303603', NULL, NULL, NULL, NULL, 'Dahisar', 'East', NULL, NULL, '', 0, 0, '2019-12-25 17:00:50', '2019-12-25 17:00:50', 'Residential', 'FLAT NO-1504, ANTARTICA B', 'LODAH AQUA CHS. LTD, WESTERN EXPRESS HIGHWAY, OPP. TO THAKUR MALL, MIRA ROAD EAST', 'Mumbai, Maharashtra 401107 India', NULL, NULL, NULL, NULL),
(83, 5828, NULL, 'Shri.', 'Kamal Kumar', 'Birla', 'Bhuramalji', 'Bhanwari Devi', 'Male', '1957-04-07', 'Married', '2019-12-25', '7977038821', '9904200188', NULL, 'kamalbirla.57@gmail.com', 'swatsbirla@gmail.com', NULL, NULL, NULL, NULL, NULL, '401107', NULL, NULL, NULL, 'Kamal Kumar_LM.pdf', NULL, '151', 'Retired', 'LM', NULL, NULL, '[\"BCom\"]', 'PO-RENWAL, JAIPUR, RAJASTHAN-303603', NULL, NULL, NULL, NULL, 'Dahisar', 'East', NULL, NULL, '', 0, 0, '2019-12-25 17:10:34', '2019-12-25 17:10:34', 'Residential', 'FLAT NO-1504, ANTARTICA B', 'LODHA AQUA CHS. LTD., WESTERN EXPRESS HIGHWAY, OPPOSITE TO THAKUR MALL, MIRA ROAD EAST, DIST. THANE', 'Mumbai, Maharashtra 401107 India', NULL, NULL, NULL, NULL),
(84, 5998, NULL, 'Smt.', 'PAYAL', 'Somani', 'OM PRAKASH', 'LALITA SHAH', 'Female', '1983-11-10', 'Married', '2019-12-26', '8976016100', '9869972402', NULL, 'flowerpayal1984@gmail.com', NULL, NULL, NULL, NULL, NULL, NULL, '400103', NULL, NULL, NULL, 'PAYAL_LM.pdf', NULL, '520', 'HOUSE WIFE AND PART TIME BUSINESS', 'LM', NULL, NULL, '[\"MSc\"]', 'BHAGAT RAM SOMANI AND SONS\r\nOLD BUS STAND, KAPASAN\r\nDISTT CHITTORGARH 312202', NULL, NULL, NULL, NULL, 'BORIVALI', 'West', NULL, NULL, 'img/Member_8976016100.jpeg', 0, 0, '2019-12-26 16:14:33', '2019-12-26 16:14:33', 'Residential', 'FLAT NO 16,', 'C-2, TERRACE VIEW CHSL, LIC COLONY, NEAR KARUNA HOSPITAL, BORIVALI WEST', 'Mumbai, Maharashtra 400103 India', NULL, NULL, NULL, NULL),
(85, 5414, NULL, 'Shri.', 'harshaman', 'BAGRI', 'Anukul', 'Mansi', 'male', '2006-04-10', 'Single', '2019-12-27', '9029577655', NULL, NULL, 'anubagri@gmail.com', NULL, NULL, NULL, NULL, NULL, NULL, '400001', NULL, NULL, NULL, 'harshaman_LM.bmp', NULL, NULL, 'Student', 'LM', NULL, NULL, '[\"BCom\"]', NULL, NULL, NULL, NULL, NULL, 'cst', 'N/A', NULL, NULL, 'img/Member_9029577655.bmp', 0, 0, '2019-12-27 09:33:54', '2019-12-27 09:33:54', 'Residential', '64/72', 'modi street', 'Mumbai, Maharashtra 400001 India', '404', 'Stock Exchange Towers', 'Mumbai, Maharashtra 400001 I', NULL),
(86, 6448, NULL, 'Smt.', 'Santoshdevi', 'Darak', 'Nandkishore', 'Sushiladevi', 'Female', '1971-04-18', 'Married', '2019-12-29', '9320411978', '8779754236', NULL, 'studentmayankdarak@gmail.com', 'santosh5195@gmail.com', NULL, NULL, NULL, NULL, NULL, '400092', NULL, NULL, NULL, 'Santoshdevi_LM.jpg', NULL, '210', 'Homemaker', 'LM', NULL, NULL, '[\"12th\\/HSC\"]', NULL, NULL, NULL, NULL, NULL, 'Borivali', 'West', NULL, NULL, 'img/Member_9320411978.jpg', 0, 0, '2019-12-29 06:59:21', '2019-12-29 06:59:21', 'Residential', '203', '203, Riddhi Palace, r.m.bhattad marg, kora kendra, borivali west', 'Mumbai, Maharashtra 400092 India', '203, Riddhi Palace, r.m.bhattad marg', 'Riddhi Palace, r.m.bhattad marg, kora kendra, borivali west', 'Mumbai Maharashtra 4000092', NULL),
(87, 147, NULL, 'Shri.', 'Kashish', 'Rathi', 'Kailash', 'Rathi', 'Male', '1995-03-21', 'Single', '2019-12-29', '9403203536', NULL, NULL, 'rathikashish1995@gmail.com', NULL, NULL, NULL, NULL, NULL, NULL, '400086', NULL, NULL, NULL, 'Kashish_LM.pdf', NULL, '469', 'MBRK & Co', 'LM', NULL, NULL, '[\"CA\"]', 'Narayan Kunj, Satana Road, Malegaon, Maharashtra', NULL, NULL, NULL, NULL, 'Andheri', 'East', NULL, NULL, 'img/Member_9403203536.jpg', 0, 0, '2019-12-29 19:42:09', '2019-12-29 19:42:09', 'Office', '201', 'Neelam Nagar - Building No 6,', 'Mulund, Mumbai, Maharashtra 400081 India', '405', 'Skyline Epitome', 'Near Vidya Vihar Station, Mumbai 86', NULL),
(88, NULL, 4516, 'Mr.', 'Satyanarayan', 'MOONDRA', 'Harakram', 'Badambai', 'Male', NULL, 'Married', NULL, '9322249591', NULL, NULL, 'snmoondra@hotmail.com', NULL, NULL, NULL, NULL, NULL, 'MUMBAI', '400065', NULL, NULL, NULL, NULL, NULL, NULL, 'Service', NULL, NULL, NULL, '[\"CA\"]', NULL, NULL, NULL, NULL, NULL, NULL, NULL, NULL, NULL, NULL, 0, 0, '2019-12-30 06:51:54', '2019-12-30 06:51:54', NULL, NULL, NULL, NULL, NULL, NULL, NULL, NULL),
(89, 2232, NULL, 'Shri.', 'SHYAMSUNDER', 'Chandak', 'BANSILAL', 'KAMALADEVI', 'Male', '1959-06-13', 'Married', '2019-12-31', '9820282611', '8411974449', NULL, 'shyam@marutiropes.com', NULL, 'shyam@marutiropes.com', 'www.marutiropes.com', NULL, NULL, NULL, '400057', NULL, NULL, NULL, 'SHYAMSUNDER_LM.pdf', NULL, NULL, 'BUSINESS', 'LM', NULL, NULL, '[null]', NULL, NULL, NULL, '3870 BHAVANI PETH BARSHI 413401', NULL, 'VILE PARLE', 'East', NULL, NULL, 'img/Member_9820282611.jpg', 0, 0, '2019-12-31 07:06:08', '2019-12-31 07:06:08', 'Residential', '503 /504', 'SUCHITRA CO- OP- CHS.  TEJPAL SCHEME ROAD NO.5 VILE PARLE EAST MUMBAI', '400057', '720 THE SUMMIT BUSINESS PARK', '720,The Summit Business Bay,\r\nOpp. Cinemax Cinema,\r\nNear W.E.H. Metro Station,\r\nAndheri Kurla Road,\r\nAndheri (East) Mumbai', '400093', NULL),
(90, 6845, NULL, 'Shri.', 'KRISHNA TOWER C', 'Lakhotia', 'Manak chand', 'Bimladevi', 'Male', '1950-12-28', 'Married', '2019-12-31', '9322911864', NULL, NULL, 'gangalakhotia@yahoo.com', 'gangalakhotia@yahoo.com', 'gangalakhotia@yahoo.com', NULL, NULL, NULL, NULL, '400101', NULL, NULL, NULL, 'KRISHNA TOWER C_LM.jpg', NULL, '346', 'business', 'LM', NULL, NULL, '[\"BSc\"]', 'Dr atmaram sawant marg, o', NULL, NULL, 'Dr atmaram sawant marg, o', NULL, 'kandivali east', 'N/A', NULL, NULL, 'img/Member_9322911864.jpg', 0, 0, '2019-12-31 08:34:25', '2019-12-31 08:34:25', NULL, 'Dr atmaram sawant marg, o', 'Dr atmaram sawant marg, o', 'Dr atmaram sawant marg, o', 'Dr atmaram sawant marg, o', 'Dr atmaram sawant marg, o', 'Dr atmaram sawant marg, o', NULL),
(91, 4245, NULL, 'Shri.', 'Abhishek', 'Kothari', 'Dau Lal', 'Shanti', 'Male', '1984-11-22', 'Divorced', '2020-01-02', '9321481484', NULL, NULL, 'abhishekkothari2@gmail.com', 'abhishekkothari2@gmail.com', NULL, NULL, NULL, NULL, NULL, '400104', NULL, NULL, NULL, 'Abhishek_LM.JPG', NULL, NULL, 'Service', 'LM', NULL, NULL, '[null]', NULL, NULL, NULL, NULL, NULL, 'Goregaon', 'West', NULL, NULL, '', 0, 0, '2020-01-02 14:19:12', '2020-01-02 14:19:12', 'Residential', '2A', 'Bysack Street, 3rd floor, burrabazar', 'kolkata, West Bengal, 700007', NULL, NULL, NULL, NULL),
(92, NULL, 7437, 'Mr.', 'Neeraj', 'Taparia', 'Balkrishna', 'Premvati', 'Male', NULL, 'Married', NULL, '9004934395', NULL, NULL, 'neeraj.taparia@sc.com', NULL, NULL, NULL, NULL, NULL, 'MUMBAI', '400063', NULL, NULL, NULL, NULL, NULL, NULL, 'Banker', NULL, NULL, NULL, 'null', NULL, NULL, NULL, NULL, NULL, NULL, NULL, NULL, NULL, NULL, 0, 0, '2020-01-04 10:14:26', '2020-01-04 10:14:26', NULL, NULL, NULL, NULL, NULL, NULL, NULL, NULL);
INSERT INTO `new_registration` (`id`, `member_id`, `user_id`, `salutation`, `f_name`, `l_name`, `m_name`, `mother_name`, `gender`, `dob`, `marital_status`, `dom`, `contact`, `alt_contact`, `tel`, `email`, `alt_email`, `business_email`, `website`, `blood_group`, `address`, `city`, `pincode`, `alt_address`, `alt_city`, `alt_pincode`, `resident_proof`, `khanp`, `up_khanp`, `occupation`, `member_type`, `member_code`, `company_details`, `qualification`, `native_address`, `family_address`, `office_address`, `other_address`, `family_member_id`, `nearest_railway`, `direction`, `dist`, `native_pincode`, `profile_photo`, `approve_regional`, `approve_super_admin`, `created_at`, `updated_at`, `correspondence_address`, `address_line_1`, `address_line_2`, `address_line_3`, `oaddress_line_1`, `oaddress_line_2`, `oaddress_line_3`, `office_phone`) VALUES
(94, 5553, NULL, 'Shri.', 'Harshilkumar', 'Bhandari', 'shyamlal', 'premilaben', 'Male', '1982-04-02', 'Married', '2020-01-11', '9819662169', '7977004485', NULL, 'ca.hsshah@gmail.com', 'harshil@caharshilshah.com', 'harshil@caharshilshah.com', 'www.caharshilshah.com', NULL, NULL, NULL, '400101', NULL, NULL, NULL, 'Harshilkumar_LM.PDF', NULL, NULL, 'ca practise', 'LM', NULL, NULL, '[null]', NULL, NULL, NULL, NULL, NULL, 'kandivali', 'East', NULL, NULL, '', 0, 0, '2020-01-11 06:32:35', '2020-01-11 06:32:35', 'Residential', '2D-605, n g sunctiy phase 2 chs ltd, thakur village, kandivali east, mumbai 400101', 'n g suncity phase 2 chs ltd', 'mumbai', 'harshil shah & Company, Chartered Accountants, 113, Dimple Aracade, Thakur Complex, Kandivali East, Mumbai 400101', 'dimple aracade', 'mumbai', NULL),
(95, 8584, NULL, 'Smt.', 'SHEETAL', 'Rathi', 'KANHAIYA', 'SUMAN TAPARIA', 'Female', '1988-02-10', 'Married', '2020-01-11', '8928231748', '8955354127', NULL, 'INFO@TAXBANIYA.COM', NULL, 'INFO@TAXBANIYA.COM', 'WWW.TAXBANIYA.COM', NULL, NULL, NULL, '400060', NULL, NULL, NULL, 'SHEETAL_LM.jpg', NULL, NULL, 'DIRECTOR', 'LM', NULL, NULL, '[null]', NULL, NULL, NULL, NULL, NULL, 'JOGESHWARI', 'East', NULL, NULL, 'img/Member_8928231748.jpg', 0, 0, '2020-01-11 07:54:01', '2020-01-11 07:54:01', 'Office', '101 A,', 'DIPTI EMPRESS NATWAR ROAD 5 OPP HAJARI HOSPITAL', 'JOGESWARI EAST, MUMBAI, MAHARASHTRA 400060', '101 A', 'ROYAL ENCLAVE, PARSI PANCHAYAT ROAD, NEAR SONA UDYOG', 'ANDHERI EAST, MUMBAI, MAHARASHTRA, 400069', NULL),
(96, 6503, NULL, 'Shri.', 'Geetesh', 'Rathi', 'Gourishanker', 'Minakshi', 'Male', '1990-03-10', 'Married', '2020-01-11', '9167045050', '9769494064', NULL, 'geetesh.rathi@gmail.com', NULL, NULL, NULL, NULL, NULL, NULL, '400104', NULL, NULL, NULL, 'Geetesh_LM.pdf', NULL, NULL, 'Professional- CA', 'LM', NULL, NULL, '[null]', NULL, NULL, NULL, NULL, NULL, 'goregaon', 'West', NULL, NULL, '', 0, 0, '2020-01-11 11:02:07', '2020-01-11 11:02:07', 'Residential', 'A 601', 'Vasundhara Society,\r\nShashtri nagar Goregaon west', '400104', NULL, NULL, NULL, NULL),
(97, 1, NULL, 'Shri.', 'jecdXzqDJmgTtIKP', 'Agal', 'ZnkzqQMsYewc', 'YFjeOGvL', 'Male', '1970-01-01', 'Single', '2020-01-12', 'xSVBytwFchqGo', 'jNOtwaSqIlV', NULL, 'huntbartholomew8@gmail.com', 'huntbartholomew8@gmail.com', 'huntbartholomew8@gmail.com', 'gsWJYOxdwBKkHmPz', NULL, NULL, NULL, '400029', NULL, NULL, NULL, '', 'tVDANOGhzoS', '1', 'ZkVybewl', 'LM', NULL, NULL, '[\"1\"]', 'VgeTAOJcrNxQd', 'LHNTzKitWIJE', 'QBGvDylOZITJ', 'rvpGToQgqdekxnCI', NULL, 'FKjdrOfvkVDc', '1', NULL, NULL, '', 0, 0, '2020-01-12 23:35:09', '2020-01-12 23:35:09', 'Office', 'BDxgXVFobYWkvO', 'spmigwcKOLAk', 'GprTbcZzPfynUmI', 'XeDQgdvzVj', 'BTqQbHjg', 'hzHMOXNvJT', NULL),
(98, 1, NULL, 'Shri.', 'nuQRyHjiTSgFdPlm', 'Agal', 'THPBcUakoqJwn', 'kKbcGPJxgviDqTH', 'Male', '1970-01-01', 'Single', '2020-01-12', 'PxHClzEu', 'VCwtZOJNFMeIfdX', NULL, 'huntbartholomew8@gmail.com', 'huntbartholomew8@gmail.com', 'huntbartholomew8@gmail.com', 'cXGRbsLNiuo', NULL, NULL, NULL, '400029', NULL, NULL, NULL, '', 'dDypOkwLtiocVHX', '1', 'LcjlOBkZ', 'LM', NULL, NULL, '[\"1\"]', 'thNypkuqOmEAlrR', 'LjYElHIOir', 'IMkjJuhHilyoGdN', 'oMUXCnJdHEc', NULL, 'kLshRPzJ', '1', NULL, NULL, '', 0, 0, '2020-01-12 23:35:23', '2020-01-12 23:35:23', 'Office', 'yBqIgVneApKzurd', 'aOQxbfKhzNjV', 'stTFpXiRKPvzj', 'kSCmXHRtsUJTwAQP', 'rHkZhdzcqfSVJgMP', 'xPblDEQRzwGJcmv', NULL),
(99, 5435, NULL, 'Shri.', 'vaibhav toshniwal', 'Toshniwal', 'Vimal Kishore Toshniwal', 'Gayatri Toshniwal', 'Male', '1988-09-03', 'Married', '2020-01-15', '9799374487', '7506262741', NULL, 'vaibhav.udct@gmail.com', 'vaibhav.udct@gmail.com', NULL, NULL, NULL, NULL, NULL, '400078', NULL, NULL, NULL, 'vaibhav toshniwal_LM.jpg', NULL, '557', 'Oil and Gas', 'LM', NULL, NULL, '[\"IIMs\"]', 'I -183 Bapunagar bhilwara rajasthan', NULL, NULL, NULL, NULL, 'Bhandup', 'West', NULL, NULL, 'img/Member_9799374487.jpg', 0, 0, '2020-01-15 03:14:26', '2020-01-15 03:14:26', 'Residential', '301 Autumn Hay,', 'Neptune Living Point LBS Marg Bhandup West', 'Mumbai, Maharashtra 400078 India', NULL, NULL, NULL, NULL),
(102, 5691, NULL, 'Shri.', 'avinash', 'biyani', 'kusum mumar', 'pushpa biyani', 'Male', '1977-11-22', 'Married', '2020-01-29', '9819482003', '9769001565', NULL, 'avibiyani@gmail.com', 'avinash@biyanigroupindia.com', NULL, NULL, NULL, NULL, NULL, '400104', NULL, NULL, NULL, 'avinash_LM.pdf', NULL, '137', 'business', 'LM', NULL, NULL, '[\"MBA\\/MMS\"]', NULL, NULL, NULL, NULL, NULL, 'goregoan west', 'West', NULL, NULL, 'img/Member_9819482003.jpg', 0, 0, '2020-01-29 10:46:17', '2020-01-29 10:46:17', 'Residential', '2503', 'POLARIS TOWER\r\nVASANT GALAXY\r\nBANGUR NAGAR', 'GOREGOAN WEST\r\nMUMBAI\r\n400104', 'A\r\n101', 'A\r\n101', 'A\r\n101', NULL),
(103, 8981, NULL, 'Shri.', 'P', 'Zawar', 'M', 'M', 'Male', '1990-08-07', 'Married', '2020-02-07', '9820327651', NULL, NULL, NULL, NULL, NULL, NULL, NULL, NULL, NULL, '400081', NULL, NULL, NULL, 'P_LM.png', NULL, NULL, 'Service', 'LM', NULL, NULL, '[\"BCom\"]', NULL, NULL, NULL, NULL, NULL, 'Mulund', 'East', NULL, NULL, '', 1, 1, '2020-02-07 13:05:59', '2020-02-07 13:05:59', 'Residential', '44', 'Rishabh Ashish', 'Mumbai, Maharashtra 400081 India', NULL, NULL, NULL, NULL),
(104, 8981, NULL, 'Kum.', 'Sunita', 'Agal', 'P', 'A', 'Female', '1980-01-07', 'Single', '2020-02-07', '9819853552', NULL, NULL, 'sunpradip@gmail.com', NULL, NULL, NULL, NULL, NULL, NULL, '400081', NULL, NULL, NULL, 'Sunita_LM.jpg', NULL, '1', 'Business', 'LM', NULL, NULL, '[\"BCom\"]', NULL, NULL, NULL, NULL, NULL, 'Mulund', 'East', NULL, NULL, '', 1, 1, '2020-02-07 13:50:41', '2020-02-07 13:50:41', 'Residential', '7, 2nd flr', 'Rishabh Aashish', 'Mumbai, Maharashtra 400081 India', NULL, NULL, NULL, NULL),
(105, 5574, NULL, 'Shri.', 'Amit', 'Mundhara', 'Surendra', 'Asha', 'Male', '1975-09-24', 'Married', '2020-02-13', '9243057459', NULL, NULL, 'gwlamit@gmail.com', NULL, NULL, NULL, NULL, NULL, NULL, '400066', NULL, NULL, NULL, 'Amit_LM.pdf', NULL, '403', 'SERVICE', 'LM', NULL, NULL, '[\"MCA\"]', NULL, NULL, NULL, NULL, NULL, 'Borivali', 'East', NULL, NULL, 'img/Member_9243057459.jpg', 0, 0, '2020-02-13 10:41:04', '2020-02-13 10:41:04', 'Residential', '2503', 'Ambrosia, Off W E Highway,\r\nDevipada, Magathane, Borivali East', 'Mumbai, Maharashtra 400066 India', NULL, NULL, NULL, NULL),
(106, 8625, NULL, 'Shri.', 'naman', 'Soni', 'babulal', 'saraswati', 'Male', '1968-07-29', 'Married', '2020-02-13', '9967848899', '9320466889', NULL, 'nareshsoni2@gmail.com', 'nareshsoni2@gmail.com', NULL, NULL, NULL, NULL, NULL, '400062', NULL, NULL, NULL, 'naman_LM.PDF', NULL, '541', 'self employed', 'LM', NULL, NULL, '[\"BSc\"]', NULL, NULL, NULL, NULL, NULL, 'goregaon west', 'West', NULL, NULL, 'img/Member_9967848899.JPG', 0, 0, '2020-02-13 13:13:35', '2020-02-13 13:13:35', 'Office', 'PLOT NO 7/25 YESHWANT NAGAR GOREGAON WEST', 'PLOT NO 7/25 YESHWANT NAGAR GOREGAON WEST', 'Mumbai, Maharashtra 400062 India', 'PLOT NO 7/25 YESHWANT NAGAR GOREGAON WEST', 'PLOT NO 7/25 YESHWANT NAGAR GOREGAON WEST', 'PLOT NO 7/25 YESHWANT NAGAR GOREGAON WEST', NULL),
(108, 6309, NULL, 'Kum.', 'Siddhesh', 'Abnave', 'Ramesh', 'Manisha', 'Male', '1996-07-15', 'Single', '2020-02-14', '7977675197', '7977675197', NULL, 'siddhesh412.412@gmail.com', 'siddhesh412.412@gmail.com', NULL, NULL, NULL, NULL, NULL, '400047', NULL, NULL, NULL, 'Siddhesh_LM.jpg', NULL, NULL, 'BE', 'LM', NULL, NULL, '[\"BE (IT)\"]', NULL, NULL, NULL, NULL, NULL, 'Mulund', 'East', NULL, NULL, 'img/Member_7977675197.jpg', 1, 1, '2020-02-14 06:55:17', '2020-02-14 06:55:17', 'Office', 'Room no.312', 'Mahatma fule nagar', '400047', 'Flat no.7-8', 'Rishabh Ashish,Anand Nagar,Taurush building', '400081', NULL),
(109, 5574, NULL, 'Shri.', 'Amit', 'Maheshwari', 'Surendra', 'Asha', 'Male', '1975-09-24', 'Married', '2020-02-17', '9900134724', NULL, NULL, 'gwlamit@gmail.com', NULL, NULL, NULL, NULL, NULL, NULL, '400066', NULL, NULL, NULL, 'Amit_LM.jpg', NULL, NULL, 'SERVICE', 'LM', NULL, NULL, '[\"MCA\"]', NULL, NULL, NULL, NULL, NULL, 'Borivali', 'East', NULL, NULL, 'img/Member_9900134724.jpg', 0, 0, '2020-02-17 11:42:18', '2020-02-17 11:42:18', 'Residential', '2503', 'Ambrosia, Off W E Highway,\r\nDevipada, Magathane,\r\nBorivali East', 'Mumbai, Maharashtra 400066 India', NULL, NULL, NULL, NULL),
(110, 7182, NULL, 'Shri.', 'ALOK', 'Sarda', 'SANTOSHKUMAR', 'UMA', 'Male', '1981-04-13', 'Married', '2020-02-26', '9702003424', '9702060206', NULL, 'alok_sarda@yahoo.co.in', 'sarda.alok@gmail.com', NULL, NULL, NULL, NULL, NULL, '400064', NULL, NULL, NULL, 'ALOK_LM.pdf', NULL, '497', 'SERVICE', 'LM', NULL, NULL, '[\"CA\"]', NULL, NULL, NULL, NULL, NULL, 'Malad', 'West', NULL, NULL, 'img/Member_9702003424.jpg', 0, 0, '2020-02-26 12:30:11', '2020-02-26 12:30:11', 'Residential', 'B22-23, 2ND FLR', 'CHINA LINK, LINK ROAD, RAJAN PADA, MALAD (W)', 'Mumbai, Maharashtra 400064 India', NULL, NULL, NULL, NULL),
(111, 5245, NULL, 'Shri.', 'SARDA', 'Sarda', 'SANTOSHKUMAR', 'UMA', 'Male', '1981-04-13', 'Married', '2020-02-26', '9702003424', '9702060206', NULL, 'alok_sarda@yahoo.co.in', 'sarda.alok@gmail.com', NULL, NULL, NULL, NULL, NULL, '400064', NULL, NULL, NULL, 'SARDA_LM.pdf', NULL, '497', 'SERVICE', 'LM', NULL, NULL, '[\"CA\"]', NULL, NULL, NULL, NULL, NULL, 'MALAD', 'West', NULL, NULL, 'img/Member_9702003424.jpg', 0, 0, '2020-02-26 13:51:42', '2020-02-26 13:51:42', 'Residential', 'B22-23, 2ND FLR, CHINA LINK, LINK ROAD, RAJAN PADA', 'MALAD (WEST)', 'Mumbai, Maharashtra 400064 India', 'VODAFONE IDEALIMITED, 10TH FLR, BIRLA CENTURION, CENTURY MILLS COMPOUND, PB MARG', 'WORLI', 'MUMBAI, MAHARASHTRA 400030', NULL),
(112, 5245, NULL, 'Shri.', 'SARDA', 'Sarda', 'SANTOSHKUMAR', 'UMA', 'Male', '1981-04-13', 'Married', '2020-02-26', '9702003424', '9702060206', NULL, 'alok_sarda@yahoo.co.in', NULL, NULL, NULL, NULL, NULL, NULL, '400064', NULL, NULL, NULL, 'SARDA_LM.pdf', NULL, '497', 'SERVICE', 'LM', NULL, NULL, '[\"CA\"]', NULL, NULL, NULL, NULL, NULL, 'MALAD', 'West', NULL, NULL, 'img/Member_9702003424.jpg', 0, 0, '2020-02-26 13:57:18', '2020-02-26 13:57:18', 'Residential', 'B22-23, 2ND FLR, CHINA LINK, LINK ROAD, RAJAN PADA', 'MALAD (WEST)', 'Mumbai, Maharashtra 400064 India', 'VODAFONE IDEA LTD, 10TH FLR, BIRLA CENTURION, CENTURY MILLS COMPOUND, PB MARG', 'WORLI', 'Mumbai, Maharashtra 400030 India', NULL),
(115, 583, NULL, 'Shri.', 'Rohan', 'Salvekar', 'Ashutosh', 'supriya', 'Male', '1993-02-05', 'Single', '2020-02-28', '8657559439', NULL, NULL, 'salvekar.rohan@gmail.com', 'Testing@testing.com', NULL, NULL, NULL, NULL, NULL, '400081', NULL, NULL, NULL, 'Rohan_LM.pdf', NULL, '1', 'Graphic designer', 'LM', NULL, NULL, '[\"BA\"]', NULL, NULL, NULL, NULL, NULL, 'Mulund', 'N/A', NULL, NULL, '', 1, 1, '2020-02-28 07:11:42', '2020-02-28 07:11:42', 'Residential', 'Mulund\r\nsddsd', 'Mulund\r\nsddsd', 'Mumbai, Maharashtra 400081 India', 'Mulund\r\nsddsd', 'Mulund\r\nsddsd', 'Mulund\r\nsddsd', NULL),
(129, 1, NULL, 'Shri.', 'tqwMhoselEpCZ', 'Agal', 'gcXAJeBUajV', 'juYXCtRlF', 'Male', '1970-01-01', 'Single', '2020-03-08', 'vbOrSiPYJjqwQHFM', 'RskmCHPhAK', NULL, 'collinsamberlynn3@gmail.com', 'collinsamberlynn3@gmail.com', 'collinsamberlynn3@gmail.com', 'SVxOKRbfj', NULL, NULL, NULL, '400029', NULL, NULL, NULL, '', 'jZAdpHIbNikotFyc', '1', 'PcoWdKNE', 'LM', NULL, NULL, '[\"1\"]', 'pDBFPZaouzMSbt', 'KcECgUTkehB', 'qXcMdtaALGmyoSC', 'raFlwhTUdfzqO', 1, 'uDrqSPtfFVTLzc', '1', NULL, NULL, '', 0, 0, '2020-03-08 16:33:02', '2020-03-08 16:33:02', 'Office', 'GMLvjdSXhEgmA', 'ACqxevkNj', 'sBLyumNkqvYXP', 'gwufyhcal', 'hQBbDnrOgpJFP', 'CMGqNXdwxy', '2217512561'),
(130, 1, NULL, 'Shri.', 'YeLPuyOxEWpotg', 'Agal', 'KUjNrAOsVCWvb', 'ZUHICKjwDPtmaAk', 'Male', '1970-01-01', 'Single', '2020-03-08', 'QuNhkvoTWmqpJjM', 'jQHYTZsmIierGVwD', NULL, 'collinsamberlynn3@gmail.com', 'collinsamberlynn3@gmail.com', 'collinsamberlynn3@gmail.com', 'IoMSGRxpZDCu', NULL, NULL, NULL, '400029', NULL, NULL, NULL, '', 'jQDqHrCBUxYy', '1', 'UDrsIMKeymN', 'LM', NULL, NULL, '[\"1\"]', 'uEzLaIbAV', 'YBojykasEXbm', 'KmaWPxNvZftB', 'cOfqFlUBNSMG', 1, 'nZeFDHLPoXi', '1', NULL, NULL, '', 0, 0, '2020-03-08 16:33:14', '2020-03-08 16:33:14', 'Office', 'tayKbAVvPQgZeU', 'nzhmdwuXWJKH', 'ozkYSNTnEwHp', 'aixfrSWBFgp', 'UgSZXWCPeMxnjmBY', 'XgjiZUeQMK', '3226090767'),
(131, 223, NULL, 'Shri.', 'Nandraj', 'Maheshwari', 'Ashok', 'Chandrabhaga', 'Male', '1989-07-28', 'Married', '2020-03-08', '84211576111', '8421157611', NULL, 'nandugangurde07@gmail.com1', 'nandraj.bigdreams@gmail.com', 'nandrajgangrde@gmail.com', 'bigdreams.in', NULL, NULL, NULL, '400011', NULL, NULL, NULL, 'Nandraj_LM.jpg', NULL, NULL, 'Employee', 'LM', NULL, NULL, '[\"MCA\"]', 'Home No 172 Bhim shakti Chouk, Prabudha Nagar, Satpur,Nashik', NULL, NULL, 'Home No 172 Bhim shakti Chouk, Prabudha Nagar, Satpur,Nashik', 583, 'Mumbai Central', 'East', NULL, NULL, 'img/Member_7888059992.jpg', 1, 1, '2020-03-08 19:21:27', '2020-03-08 19:21:27', 'Residential', 'Flat No. 203', 'Isa Apartment, Shahri colony vasind', 'Mumbai, Maharashtra 400011 India', 'Flat no 7/8', 'Rushabh Ashish, Bhoir Nagar,', 'Mulund Mumbai', '8421157611'),
(132, 7701, NULL, 'Shri.', 'Yash', 'Maheshwari', 'Ramanand', 'Usha', 'Male', '1990-01-01', 'Married', '2020-03-09', '7030544751', '8796783166', NULL, 'arvindpandeyicaatom@gmail.com', NULL, NULL, NULL, NULL, NULL, NULL, '400099', NULL, NULL, NULL, 'Yash_LM.webp', NULL, NULL, 'Business', 'LM', NULL, NULL, '[\"BE (Computers)\"]', NULL, NULL, NULL, NULL, 364, 'Borivali', 'East', NULL, NULL, 'img/Member_7030544751.jpg', 0, 0, '2020-03-09 06:29:17', '2020-03-09 06:29:17', 'Residential', 'D-812 Hariom Plaza', 'Near National Park', 'Mumbai, Maharashtra 400099 India', 'Test Ad', 'Test Ad', 'MH', '02240006000'),
(133, 364, NULL, 'Shri.', 'Sujeet', 'Maheshwari', 'Hiralal', 'Usha', 'Male', '1999-01-04', 'Single', '2020-03-12', '8421157611', '8796783166', NULL, 'nandraj.bigdreams@gmail.com', NULL, NULL, NULL, NULL, NULL, NULL, '400099', NULL, NULL, NULL, 'Sujeet_LM.jpeg', NULL, NULL, 'Developer', 'LM', NULL, NULL, '[\"B Arch\"]', 'Home No 172 Bhim shakti Chouk, Prabudha Nagar, Satpur,Nashik', NULL, NULL, 'Home No 172 Bhim shakti Chouk, Prabudha Nagar, Satpur,Nashik', 7584, 'Borivali', 'N/A', NULL, NULL, 'img/Member_7030544751.jpg', 1, 1, '2020-03-12 07:41:09', '2020-03-12 07:41:09', 'Residential', 'D 809 Arihant Plaza', 'Near National Park', 'Mumbai, Maharashtra 400099 India', 'ABC', 'TEST', 'MH', '02240006000'),
(134, 364, NULL, 'Shri.', 'Pradeep', 'Maheshwari', 'Satyanaryan', 'Uma', 'Male', '1991-01-02', 'Single', '2020-03-12', '7030544751', '8796783166', NULL, 'arvindpandeyicaatom@gmail.com', NULL, 'info@cdst.com', 'www.cdst.com', NULL, NULL, NULL, '400066', NULL, NULL, NULL, 'Pradeep_LM.jpg', NULL, NULL, 'Business', 'LM', NULL, NULL, '[\"MCA\"]', 'Kolkata', NULL, NULL, NULL, 6301, 'Borivali', 'East', NULL, NULL, 'img/Member_7030544751.jpeg', 1, 1, '2020-03-12 11:16:25', '2020-03-12 11:16:25', 'Residential', 'C/A 102 Hariom Plaza', 'Near National Park', 'Mumbai, Maharashtra 400066 India', 'D/A 105', 'Arihant Apartment', 'Dahisar MH 400068', '0225000600'),
(135, NULL, 7351, 'Mr.', 'Mandhania', 'Last Name', 'Gajadhar', 'Kantadevi', 'Male', NULL, 'Single', NULL, '9819421252', NULL, NULL, 'gautammandhania@gmail.com', NULL, NULL, NULL, NULL, NULL, 'MUMBAI', '400064', NULL, NULL, NULL, NULL, NULL, NULL, NULL, NULL, NULL, NULL, 'null', 'Kuchaman City, Dist. Nagaur, Rajasthan', NULL, NULL, NULL, NULL, NULL, NULL, NULL, NULL, NULL, 0, 0, '2020-03-14 14:03:47', '2020-03-14 14:03:47', NULL, NULL, NULL, NULL, NULL, NULL, NULL, NULL),
(136, 223, NULL, 'Shri.', 'Harish', 'Baldawa', 'Sanjay', 'Vandana', 'Male', '2001-12-11', 'Married', '2020-03-17', '9139988700', '8421157611', NULL, 'harishahire.bigdreams@gmail.com', 'connect@gmail.com', 'something@gmail.com', 'nishant.com', NULL, NULL, NULL, '400061', NULL, NULL, NULL, 'Harish_LM.jpg', NULL, '78', 'Employee', 'LM', NULL, NULL, '[\"MCA\"]', 'A/1, Abu Asad Premise, Above Coice Backery, Military Road, Marol, Andheri (East), Mumbai-400059.', NULL, NULL, 'A/1, Abu Asad Premise, Above Coice Backery, Military Road, Marol, Andheri (East), Mumbai-400059.', 8926, 'Mulund', 'East', NULL, NULL, 'img/Member_9139988700.jpg', 0, 0, '2020-03-17 09:19:14', '2020-03-17 09:19:14', 'Residential', 'A-202', 'Rajshree apartment, valdhuni, kalyan-w', 'Mumbai, Maharashtra 400061 India', '7/8', 'Rushabh Aashish Apartment', 'Mulund-E Mumbai', '83333333333'),
(137, NULL, 9007, 'Mr.', 'Sujeet', 'Maheshwari', 'Hiralal', 'Usha', 'Male', NULL, 'Single', NULL, '8421157611', NULL, NULL, 'nandraj.bigdreams@gmail.com', NULL, NULL, NULL, NULL, NULL, NULL, '400099', NULL, NULL, NULL, NULL, NULL, NULL, 'Developer', NULL, NULL, NULL, '[\"B Arch\"]', 'Home No 172 Bhim shakti Chouk, Prabudha Nagar, Satpur,Nashik 21', NULL, NULL, NULL, NULL, NULL, NULL, NULL, NULL, NULL, 0, 0, '2020-04-09 00:00:00', '2020-04-09 21:05:15', NULL, 'D 809 Arihant Plaza', 'Near National Park', 'Near National Park', 'ABC', 'TEST', 'Mumbai', NULL);

-- --------------------------------------------------------

--
-- Table structure for table `obituaries`
--

CREATE TABLE `obituaries` (
  `id` int(10) UNSIGNED NOT NULL,
  `photo` varchar(191) COLLATE utf8mb4_unicode_ci DEFAULT NULL,
  `member_id` int(10) UNSIGNED DEFAULT NULL,
  `birth_date` date DEFAULT NULL,
  `died_on` date DEFAULT NULL,
  `obituary_date` date DEFAULT NULL,
  `description` text COLLATE utf8mb4_unicode_ci,
  `description_one` text COLLATE utf8mb4_unicode_ci,
  `description_two` text COLLATE utf8mb4_unicode_ci,
  `description_three` text COLLATE utf8mb4_unicode_ci,
  `created_at` timestamp NULL DEFAULT NULL,
  `updated_at` timestamp NULL DEFAULT NULL
) ENGINE=InnoDB DEFAULT CHARSET=utf8mb4 COLLATE=utf8mb4_unicode_ci;

--
-- Dumping data for table `obituaries`
--

INSERT INTO `obituaries` (`id`, `photo`, `member_id`, `birth_date`, `died_on`, `obituary_date`, `description`, `description_one`, `description_two`, `description_three`, `created_at`, `updated_at`) VALUES
(1, 'img/Obituary_1.jpg', 1, '1994-06-07', '2018-12-08', '2018-12-10', 'Died personal issues', NULL, NULL, NULL, '2018-12-08 06:54:19', '2018-12-08 06:54:19'),
(2, 'img/Obituary_1.png', 1, '1995-02-15', '0016-06-09', '2019-03-14', '\"It can also exacerbate just about any health condition you can think of.\" Studies have found many health problems related to stress. Stress seems to worsen or increase the risk of conditions like obesity, heart disease, Alzheimer\'s disease, diabetes, depression, gastrointestinal problems, and asthma.', NULL, NULL, NULL, '2018-12-14 13:53:18', '2018-12-14 13:53:18'),
(3, 'img/Obituary_10.jpg', 10, '2018-12-03', '1914-07-18', '2018-12-22', '\"It can also exacerbate just about any health condition you can think of.\" Studies have found many health problems related to stress. Stress seems to worsen or increase the risk of conditions like obesity, heart disease, Alzheimer\'s disease, diabetes, depression, gastrointestinal problems, and asthma.', NULL, NULL, NULL, '2018-12-14 13:55:55', '2018-12-14 13:55:55'),
(4, 'img/Obituary_13.jpg', 13, '1912-12-06', '2018-12-21', '2018-12-28', '\"It can also exacerbate just about any health condition you can think of.\" Studies have found many health problems related to stress. Stress seems to worsen or increase the risk of conditions like obesity, heart disease, Alzheimer\'s disease, diabetes, depression, gastrointestinal problems, and asthma.', NULL, NULL, NULL, '2018-12-14 13:58:08', '2018-12-14 13:58:08'),
(5, 'img/Obituary_15.jpg', 15, '1917-12-09', '2018-12-19', '2018-12-27', NULL, NULL, NULL, NULL, '2018-12-14 13:59:04', '2018-12-14 13:59:04'),
(6, 'img/Obituary_7486.jpg', 7486, '1977-02-14', '2019-06-02', '2019-06-30', NULL, NULL, NULL, NULL, '2019-06-22 16:02:40', '2019-06-22 16:02:40');

-- --------------------------------------------------------

--
-- Table structure for table `otp_verify`
--

CREATE TABLE `otp_verify` (
  `id` int(10) UNSIGNED NOT NULL,
  `userid` int(11) NOT NULL,
  `phone` varchar(191) COLLATE utf8mb4_unicode_ci NOT NULL,
  `code` varchar(191) COLLATE utf8mb4_unicode_ci NOT NULL,
  `created_at` timestamp NULL DEFAULT NULL,
  `updated_at` timestamp NULL DEFAULT NULL
) ENGINE=InnoDB DEFAULT CHARSET=utf8mb4 COLLATE=utf8mb4_unicode_ci;

--
-- Dumping data for table `otp_verify`
--

INSERT INTO `otp_verify` (`id`, `userid`, `phone`, `code`, `created_at`, `updated_at`) VALUES
(1, 1, '123456', '9876', '2020-01-01 00:00:00', '2020-01-01 00:00:00'),
(5, 0, '8928231748', '8224', '2020-01-11 07:54:53', '2020-01-11 07:54:53'),
(6, 0, '9799374487', '9987', '2020-01-15 03:14:03', '2020-01-15 03:14:03'),
(9, 0, '9320955435', '1188', '2020-01-16 11:31:24', '2020-01-16 11:31:24'),
(19, 0, '9920575425', '7650', '2020-01-27 09:52:48', '2020-01-27 09:52:48'),
(21, 0, '9819482003', '2536', '2020-01-29 10:51:42', '2020-01-29 10:51:42'),
(22, 0, '09833687626', '3113', '2020-01-29 12:59:31', '2020-01-29 12:59:31'),
(23, 0, '9920720051', '3743', '2020-02-01 09:25:00', '2020-02-01 09:25:00'),
(24, 0, '9820327651', '6407', '2020-02-07 13:04:50', '2020-02-07 13:04:50'),
(27, 0, '9819853552', '9954', '2020-02-08 09:53:26', '2020-02-08 09:53:26'),
(28, 0, '9243057459', '5541', '2020-02-13 10:40:20', '2020-02-13 10:40:20'),
(29, 0, '9967848899', '2243', '2020-02-13 13:13:15', '2020-02-13 13:13:15'),
(37, 0, '7977675197', '4875', '2020-02-14 07:35:03', '2020-02-14 07:35:03'),
(38, 0, '9900134724', '1403', '2020-02-17 11:42:03', '2020-02-17 11:42:03'),
(41, 0, '9702003424', '6532', '2020-02-26 13:56:55', '2020-02-26 13:56:55'),
(44, 0, '9969886523', '8435', '2020-02-27 14:35:50', '2020-02-27 14:35:50'),
(45, 0, '7208749264', '4949', '2020-02-28 05:42:59', '2020-02-28 05:42:59'),
(46, 0, '7208740264', '9119', '2020-02-28 06:42:33', '2020-02-28 06:42:33'),
(47, 0, '8657559439', '2631', '2020-02-28 07:11:10', '2020-02-28 07:11:10'),
(59, 0, '9819532263', '3840', '2020-03-10 00:26:18', '2020-03-10 00:26:18'),
(60, 0, '9967576906', '6606', '2020-03-11 18:06:36', '2020-03-11 18:06:36'),
(70, 0, '9139988700', '7647', '2020-03-17 09:17:11', '2020-03-17 09:17:11'),
(72, 0, '9819421252', '5816', '2020-03-18 12:41:56', '2020-03-18 12:41:56'),
(73, 0, '7030544751', '2133', '2020-03-18 12:50:38', '2020-03-18 12:50:38'),
(74, 0, '12345', '8706', '2020-04-04 13:16:53', '2020-04-04 13:16:53'),
(76, 0, '9820420699', '1778', '2020-04-09 18:36:05', '2020-04-09 18:36:05'),
(77, 0, '7888059992', '8753', '2020-04-09 19:00:02', '2020-04-09 19:00:02');

-- --------------------------------------------------------

--
-- Table structure for table `qualification`
--

CREATE TABLE `qualification` (
  `name` varchar(100) NOT NULL,
  `type` varchar(100) NOT NULL,
  `category` int(11) NOT NULL,
  `id` int(11) NOT NULL
) ENGINE=InnoDB DEFAULT CHARSET=latin1;

--
-- Dumping data for table `qualification`
--

INSERT INTO `qualification` (`name`, `type`, `category`, `id`) VALUES
('10th/SSC', 'PREGRADUATE', 10, 6),
('12th/HSC', 'PREGRADUATE', 10, 7),
('B Arch', 'PG', 4, 8),
('B Pharm', 'Graduation', 4, 9),
('B Tech', 'PG', 4, 10),
('BA', 'Graduation', 1, 11),
('BAMS', 'Graduation', 7, 12),
('BBA/BBI/BBS/BFA/BFM/BHSC', 'Graduation', 8, 13),
('BCA/BCS', 'Graduation', 8, 14),
('BCom', 'Graduation', 2, 15),
('BCom (Hons)', 'Graduation', 2, 16),
('BDS', 'PG', 7, 17),
('BE (Civil Engg)', 'PG', 4, 18),
('BE (Computer Science)', 'PG', 4, 19),
('BE (Computers)', 'PG', 4, 20),
('BE (IT)', 'PG', 4, 21),
('BE (Mech)', 'PG', 4, 22),
('BE ', 'PG', 4, 23),
('BEd', 'Graduation', 8, 24),
('BHMS', 'Graduation', 7, 25),
('BMLT/BMM/BBM/BMS', 'Graduation', 8, 26),
('BS (Computer & Electrical Engg)', 'PG', 4, 27),
('BSc', 'Graduation', 11, 28),
('CA', 'PG Commerce', 2, 29),
('CA', 'PG Commerce', 2, 30),
('CFA', 'PG Commerce', 2, 31),
('Chemical Engineering', 'PG', 4, 32),
('Computer Related', 'Graduation', 3, 33),
('CPA', 'Graduation', 8, 34),
('CS', 'PG Commerce', 2, 35),
('D Pharm', 'PG', 7, 36),
('Develpmental Counselling', 'Graduation', 8, 37),
('Dip Early Childhood Education', 'Graduation', 8, 38),
('Diploma', 'Graduation', 8, 39),
('DME/DMLT/DBM', 'Graduation', 8, 40),
('DNB Medicine', 'PG Medicine', 7, 41),
('Engineering', 'PG', 4, 42),
('Fashion Designing', 'Graduation', 8, 43),
('Home Science', 'PG', 8, 44),
('Hotel Management', 'Graduation', 8, 45),
('ICWA', 'PG Commerce', 2, 46),
('IIMs', 'PG', 6, 47),
('Interior Designing', 'Diploma', 8, 48),
('LLB', 'Graduation', 5, 49),
('M Arch', 'PG', 4, 50),
('M Ed', 'PG', 8, 51),
('M Pharm', 'PG', 7, 52),
('M Tech', 'PG', 4, 53),
('MA', 'PG', 1, 54),
('Masters in Performing Arts', 'PG', 8, 55),
('MBA/MMS', 'PG', 6, 56),
('MBBS', 'PG Medicine', 7, 57),
('MCA', 'PG', 3, 58),
('MCM/ATPL/MMC', 'PG', 8, 59),
('MCom', 'PG Commerce', 2, 60),
('MCS', 'PG', 3, 61),
('MD', 'PG', 11, 62),
('MDS', 'PG', 11, 63),
('ME', 'PG', 4, 64),
('MS', 'PG', 8, 65),
('MSc', 'PG', 11, 66),
('MSc (Mathmatics)', 'PG', 11, 67),
('Naturopathy', 'PG', 7, 68),
('Others', 'PG', 8, 69),
('Others', 'PREGRADUATE', 8, 70),
('PhD', 'PG', 9, 71),
('PhD (Mathmetics)', 'PG', 9, 72),
('Physiotherapy', 'PG Medicine', 7, 73),
('PURSUING CA', 'PG Commerce', 2, 74),
('SAP Certification Course', 'PG', 3, 75);

-- --------------------------------------------------------

--
-- Table structure for table `qualification_category`
--

CREATE TABLE `qualification_category` (
  `id` int(11) NOT NULL,
  `name` varchar(100) NOT NULL
) ENGINE=InnoDB DEFAULT CHARSET=latin1;

--
-- Dumping data for table `qualification_category`
--

INSERT INTO `qualification_category` (`id`, `name`) VALUES
(1, 'EDUCATION - Arts'),
(2, 'EDUCATION - Commerce'),
(3, 'EDUCATION - Computers'),
(4, 'EDUCATION - Engineering'),
(5, 'EDUCATION - Law'),
(6, 'EDUCATION - MBA'),
(7, 'EDUCATION - Medicine'),
(8, 'EDUCATION - Others'),
(9, 'EDUCATION - Phd'),
(10, 'EDUCATION - Pre Grad'),
(11, 'EDUCATION - Sciences\r\n');

-- --------------------------------------------------------

--
-- Table structure for table `regions`
--

CREATE TABLE `regions` (
  `id` int(10) UNSIGNED NOT NULL,
  `name` varchar(191) COLLATE utf8mb4_unicode_ci NOT NULL,
  `pincode` mediumtext COLLATE utf8mb4_unicode_ci NOT NULL,
  `establishment_date` date NOT NULL,
  `members` mediumtext COLLATE utf8mb4_unicode_ci NOT NULL,
  `admin` varchar(191) COLLATE utf8mb4_unicode_ci NOT NULL,
  `created_at` timestamp NULL DEFAULT NULL,
  `updated_at` timestamp NULL DEFAULT NULL
) ENGINE=InnoDB DEFAULT CHARSET=utf8mb4 COLLATE=utf8mb4_unicode_ci;

--
-- Dumping data for table `regions`
--

INSERT INTO `regions` (`id`, `name`, `pincode`, `establishment_date`, `members`, `admin`, `created_at`, `updated_at`) VALUES
(1, 'Andheri', '400029,400040,400041,400043,400044,400045,400046,400047,400048,400049,400050,400051,400052,400053,400054,400055,400056,400057,400058,400059,400061,400069,400072,400093,400096,400098,400099,400101,400105', '2018-09-01', '[4,14,61,80,81,98,108,119,190,198,279,280,336,338,384,403,416,434,444,445,446,448,450,465,468,477,482,494,496,503,504,505,506,511,539,548,550,551,554,607,619,626,627,638,647,648,680,685,690,700,719,720,721,742,762,763,780,781,786,789,799,821,828,842,843,852,863,871,872,877,882,886,887,888,891,903,915,916,943,946,952,957,994,1015,1019,1028,1029,1034,1039,1053,1063,1067,1069,1074,1080,1100,1102,1104,1109,1113,1118,1124,1142,1153,1154,1155,1164,1177,1184,1187,1188,1193,1213,1218,1220,1242,1244,1246,1247,1249,1253,1256,1272,1300,1301,1303,1304,1307,1308,1309,1310,1312,1319,1321,1326,1331,1337,1338,1339,1353,1361,1363,1366,1397,1398,1399,1404,1405,1410,1412,1414,1418,1427,1429,1434,1435,1438,1462,1464,1465,1477,1481,1493,1499,1502,1505,1518,1527,1532,1536,1546,1554,1555,1565,1575,1590,1596,1620,1632,1663,1664,1665,1676,1688,1696,1714,1720,1725,1737,1745,1746,1753,1765,1776,1780,1798,1812,1813,1814,1861,1872,1878,1892,1912,1915,1920,1933,1938,1939,1942,1943,1961,1968,1991,1992,1993,2005,2020,2022,2023,2026,2027,2032,2033,2034,2035,2038,2047,2049,2053,2054,2060,2063,2072,2074,2075,2091,2095,2124,2127,2128,2131,2138,2145,2157,2178,2189,2197,2204,2206,2216,2222,2225,2226,2227,2228,2232,2258,2262,2263,2265,2271,2274,2275,2277,2278,2279,2282,2283,2284,2286,2287,2289,2290,2291,2292,2294,2298,2299,2302,2303,2309,2311,2331,2332,2333,2335,2339,2349,2350,2352,2354,2355,2358,2360,2369,2372,2374,2405,2406,2413,2414,2426,2454,2455,2457,2458,2460,2463,2477,2478,2479,2480,2503,2510,2515,2516,2517,2518,2519,2520,2521,2522,2523,2524,2525,2526,2527,2528,2531,2543,2548,2549,2553,2554,2559,2560,2567,2571,2578,2592,2602,2604,2605,2607,2609,2610,2626,2632,2633,2634,2641,2643,2652,2665,2666,2671,2673,2682,2683,2684,2687,2689,2690,2694,2700,2712,2714,2720,2740,2743,2744,2747,2750,2752,2761,2774,2778,2789,2791,2792,2795,2803,2807,2811,2821,2830,2850,2852,2854,2855,2874,2885,2886,2887,2890,2894,2896,2897,2900,2916,2927,2934,2939,2940,2946,2947,2974,2975,2982,2988,2997,3004,3029,3031,3034,3040,3044,3048,3060,3071,3102,3109,3121,3130,3131,3150,3151,3153,3154,3156,3160,3161,3167,3178,3181,3189,3195,3197,3206,3221,3222,3228,3234,3236,3237,3238,3241,3247,3248,3249,3250,3251,3255,3273,3278,3280,3281,3285,3289,3290,3303,3322,3324,3327,3328,3329,3333,3334,3346,3347,3349,3350,3351,3353,3354,3396,3397,3408,3409,3414,3420,3431,3445,3496,3498,3510,3511,3512,3513,3515,3518,3526,3527,3528,3529,3530,3536,3540,3548,3565,3567,3576,3588,3590,3597,3599,3603,3604,3605,3630,3633,3635,3637,3642,3643,3658,3660,3661,3667,3671,3672,3679,3680,3681,3685,3686,3732,3733,3734,3736,3739,3747,3749,3750,3756,3760,3770,3771,3774,3781,3784,3790,3793,3804,3823,3837,3841,3846,3848,3853,3858,3861,3871,3872,3875,3880,3902,3903,3906,3909,3926,3927,3928,3929,3930,3932,3935,3942,3943,3945,3960,3989,3991,4001,4002,4004,4005,4006,4007,4009,4010,4023,4038,4039,4040,4051,4052,4053,4054,4078,4094,4096,4113,4116,4117,4123,4131,4156,4167,4178,4179,4186,4195,4197,4199,4256,4257,4258,4262,4285,4288,4310,4323,4325,4326,4340,4342,4343,4363,4395,4412,4418,4419,4424,4427,4429,4430,4434,4437,4441,4442,4460,4462,4463,4470,4481,4485,4486,4497,4512,4519,4533,4534,4535,4539,4606,4616,4624,4640,4644,4645,4653,4654,4655,4656,4665,4666,4667,4672,4679,4682,4683,4685,4686,4687,4689,4693,4696,4698,4699,4719,4720,4726,4728,4733,4736,4737,4738,4740,4741,4750,4765,4767,4774,4775,4791,4794,4844,4850,4855,4880,4900,4904,4906,4908,4914,4925,4930,4956,4959,4963,4964,4966,4977,4984,5007,5008,5011,5017,5024,5025,5028,5029,5030,5032,5035,5036,5037,5038,5040,5042,5043,5048,5049,5051,5052,5053,5054,5055,5059,5061,5066,5067,5068,5069,5071,5073,5084,5085,5088,5089,5091,5092,5095,5096,5105,5112,5134,5150,5155,5156,5160,5169,5170,5175,5179,5185,5192,5195,5196,5197,5233,5234,5236,5246,5247,5249,5262,5278,5316,5326,5335,5337,5339,5342,5347,5351,5353,5382,5383,5393,5425,5438,5439,5450,5452,5453,5456,5465,5470,5475,5486,5530,5569,5575,5576,5577,5578,5585,5618,5623,5625,5663,5728,5770,5771,5807,5816,5824,5863,5868,5882,5886,5894,5898,5899,5900,5911,5926,5957,5958,5966,5968,5981,5982,5984,5985,5991,5996,6002,6003,6004,6006,6018,6023,6042,6043,6045,6047,6075,6076,6081,6082,6084,6087,6090,6092,6097,6106,6111,6114,6118,6120,6125,6128,6131,6141,6148,6163,6172,6181,6183,6184,6185,6189,6193,6194,6195,6202,6219,6220,6221,6222,6238,6241,6242,6249,6250,6252,6253,6254,6273,6274,6275,6276,6277,6304,6316,6327,6336,6357,6358,6409,6415,6437,6442,6443,6444,6445,6446,6447,6448,6452,6453,6455,6456,6457,6458,6476,6482,6483,6487,6513,6550,6562,6568,6575,6578,6579,6582,6588,6613,6628,6638,6639,6644,6678,6708,6709,6725,6726,6731,6740,6752,6754,6755,6767,6768,6769,6773,6776,6782,6783,6784,6785,6786,6787,6788,6789,6801,6802,6809,6818,6819,6833,6841,6842,6851,6852,6861,6862,6863,6864,6865,6867,6868,6876,6908,6911,6920,6921,6923,6925,6934,6935,6936,6952,6953,6954,6955,6957,6958,6965,6966,6967,6970,6980,6981,6982,6983,6984,6993,6995,6996,6999,7000,7001,7003,7004,7010,7011,7016,7019,7020,7021,7022,7023,7026,7038,7040,7041,7042,7043,7062,7063,7071,7073,7074,7076,7077,7080,7081,7089,7090,7103,7113,7124,7144,7145,7192,7197,7216,7233,7236,7237,7242,7270,7273,7275,7276,7282,7283,7307,7334,7339,7353,7358,7369,7370,7371,7376,7377,7387,7388,7397,7421,7454,7466,7475,7493,7494,7502,7508,7509,7510,7511,7512,7522,7523,7529,7558,7569,7580,7581,7594,7598,7599,7610,7611,7612,7626,7660,7667,7668,7674,7675,7689,7690,7691,7693,7699,7713,7714,7721,7728,7729,7730,7741,7791,7853,7864,7869,7882,7911,7925,7931,7932,7933,7940,7945,7976,7980,7981,8010,8046,8062,8063,8064,8086,8088,8135,8152,8179,8180,8186,8187,8188,8189,8191,8192,8193,8205,8217,8225,8226,8227,8228,8229,8230,8231,8234,8235,8242,8243,8258,8259,8260,8261,8262,8279,8282,8283,8285,8289,8290,8320,8322,8332,8336,8337,8338,8339,8340,8341,8342,8343,8344,8345,8346,8350,8380,8381,8406,8448,8449,8456,8457,8458,8459,8462,8468,8469,8470,8472,8473,8477,8478,8484,8486,8487,8488,8497,8503,8530,8532,8533,8551,8555,8593,8594,8595,8596,8623,8624,8629,8630,8631,8634,8665,\"8670\",\"8671\",\"8672\",\"8690\",\"8995\",\"8996\",\"8997\",\"8998\",\"8999\",\"9000\",\"9001\",\"9002\",\"9003\"]', '14', '2018-12-19 12:34:53', '2020-03-12 10:34:56'),
(2, 'Borivali', '400066,400068,400091,400092,400103,401107', '0018-09-01', '[139,273,326,342,347,370,430,447,501,502,508,526,553,572,589,650,651,676,679,683,705,717,729,788,839,853,875,890,899,934,947,953,980,984,985,996,1044,1061,1079,1106,1111,1202,1229,1230,1232,1250,1257,1283,1287,1288,1299,1325,1327,1367,1368,1373,1379,1380,1383,1425,1443,1447,1451,1459,1475,1525,1533,1547,1552,1559,1573,1592,1595,1613,1616,1626,1631,1643,1644,1647,1661,1666,1678,1682,1691,1700,1702,1706,1707,1716,1766,1786,1795,1797,1809,1822,1828,1834,1835,1839,1851,1855,1856,1858,1867,1874,1875,1880,1897,1917,1953,1976,1988,2003,2051,2059,2085,2121,2137,2141,2143,2154,2167,2215,2234,2241,2242,2244,2245,2246,2247,2248,2249,2253,2254,2264,2267,2268,2269,2288,2296,2310,2314,2319,2320,2338,2395,2397,2437,2438,2456,2470,2476,2482,2483,2484,2552,2573,2603,2662,2672,2674,2675,2679,2696,2721,2756,2757,2764,2767,2776,2784,2785,2800,2801,2815,2816,2817,2820,2822,2824,2827,2828,2829,2833,2835,2839,2851,2856,2857,2860,2881,2882,2913,2918,2919,2922,2943,2951,2952,2953,2958,2965,2968,2969,2977,2989,2996,3002,3010,3030,3045,3046,3047,3050,3054,3080,3103,3104,3120,3136,3149,3177,3184,3185,3186,3194,3198,3200,3209,3211,3212,3215,3216,3226,3227,3230,3231,3235,3257,3262,3263,3265,3267,3268,3269,3279,3284,3302,3304,3305,3306,3326,3342,3343,3358,3371,3411,3412,3422,3423,3432,3434,3447,3458,3468,3472,3489,3492,3504,3517,3533,3542,3546,3559,3583,3594,3595,3629,3634,3639,3640,3647,3662,3664,3668,3677,3678,3702,3703,3704,3706,3707,3709,3717,3718,3719,3728,3748,3761,3768,3776,3778,3780,3782,3810,3826,3829,3863,3874,3878,3886,3889,3900,3904,3905,3907,3914,3916,3938,3939,3940,3941,3948,3949,3961,4015,4017,4035,4037,4047,4050,4055,4056,4075,4080,4109,4125,4150,4152,4165,4202,4203,4206,4216,4217,4219,4240,4241,4242,4253,4254,4255,4259,4260,4263,4269,4276,4295,4298,4306,4311,4312,4315,4316,4319,4320,4327,4328,4335,4346,4350,4380,4386,4390,4394,4400,4401,4410,4411,4413,4414,4415,4416,4426,4431,4433,4435,4436,4444,4445,4447,4448,4449,4450,4451,4452,4458,4461,4464,4502,4509,4510,4514,4515,4518,4525,4526,4530,4538,4540,4544,4545,4546,4547,4591,4601,4602,4604,4608,4618,4619,4622,4628,4633,4636,4642,4643,4646,4651,4657,4661,4668,4681,4690,4694,4703,4709,4714,4715,4717,4722,4723,4724,4729,4735,4743,4744,4745,4746,4747,4748,4756,4762,4771,4772,4781,4789,4838,4840,4841,4854,4857,4876,4877,4881,4883,4887,4896,4909,4922,4923,4926,4932,4943,4944,4957,4965,4967,4970,4976,4992,5000,5014,5016,5019,5021,5078,5090,5094,5099,5100,5102,5103,5113,5114,5126,5127,5131,5141,5149,5161,5178,5182,5183,5189,5193,5200,5218,5222,5229,5251,5259,5275,5279,5285,5293,5294,5297,5308,5340,5341,5343,5404,5421,5440,5457,5474,5476,5477,5481,5491,5501,5502,5503,5504,5505,5513,5514,5522,5523,5524,5525,5526,5527,5536,5567,5574,5581,5590,5624,5631,5632,5633,5634,5635,5638,5642,5657,5665,5667,5668,5679,5680,5681,5682,5687,5689,5692,5693,5694,5710,5713,5714,5743,5749,5782,5787,5789,5795,5797,5798,5808,5809,5814,5815,5817,5818,5832,5836,5837,5838,5840,5842,5849,5855,5856,5857,5866,5880,5881,5887,5888,5889,5917,5918,5930,5945,5951,5965,5974,5975,5998,5999,6011,6017,6021,6026,6027,6030,6032,6037,6038,6044,6053,6054,6071,6101,6103,6112,6127,6129,6133,6135,6137,6138,6140,6153,6157,6164,6166,6175,6177,6178,6179,6199,6223,6233,6235,6236,6237,6239,6240,6256,6264,6268,6269,6278,6292,6295,6296,6297,6298,6307,6321,6325,6328,6332,6333,6348,6353,6354,6360,6374,6381,6384,6385,6392,6394,6401,6412,6413,6414,6418,6419,6427,6435,6441,6463,6467,6470,6505,6507,6512,6514,6516,6522,6526,6527,6528,6535,6536,6540,6541,6547,6556,6557,6558,6561,6566,6567,6569,6573,6603,6611,6614,6623,6624,6633,6635,6640,6647,6649,6653,6654,6655,6656,6657,6658,6660,6662,6664,6670,6671,6672,6674,6681,6682,6683,6684,6691,6697,6698,6699,6700,6701,6702,6703,6706,6710,6711,6729,6735,6745,6746,6749,6750,6751,6753,6757,6758,6759,6760,6761,6772,6779,6798,6804,6805,6807,6808,6810,6815,6816,6824,6825,6828,6832,6838,6840,6857,6869,6874,6904,6942,6943,6945,6946,6947,6968,6971,6979,7014,7015,7017,7018,7029,7030,7037,7058,7066,7088,7092,7093,7096,7104,7123,7135,7140,7141,7150,7157,7158,7163,7164,7166,7167,7168,7172,7178,7179,7181,7187,7196,7198,7199,7201,7202,7203,7204,7213,7214,7220,7221,7222,7223,7224,7225,7227,7229,7232,7245,7256,7269,7284,7289,7290,7294,7295,7298,7306,7337,7357,7379,7382,7410,7423,7425,7426,7427,7438,7452,7479,7480,7497,7498,7505,7506,7507,7513,7514,7515,7516,7517,7518,7519,7532,7543,7556,7557,7560,7561,7568,7585,7586,7587,7588,7589,7605,7606,7614,7625,7627,7672,7687,7695,7705,7706,7709,7717,7723,7727,7731,7735,7736,7757,7759,7760,7764,7768,7769,7773,7779,7780,7785,7790,7823,7824,7825,7826,7894,7903,7905,7906,7950,7951,7957,7963,7965,7972,7974,7975,7988,7991,7993,7994,7996,7998,8002,8004,8017,8018,8019,8020,8023,8026,8028,8029,8034,8037,8038,8040,8041,8042,8047,8050,8051,8052,8056,8070,8078,8087,8101,8112,8120,8126,8127,8129,8132,8144,8147,8165,8167,8169,8178,8195,8212,8214,8218,8221,8223,8224,8244,8245,8251,8257,8264,8265,8271,8277,8278,8284,8287,8299,8303,8304,8305,8306,8325,8347,8348,8352,8353,8355,8362,8363,8379,8382,8385,8386,8387,8388,8389,8390,8391,8393,8395,8397,8398,8400,8401,8402,8403,8404,8405,8407,8408,8409,8410,8411,8414,8415,8416,8417,8418,8421,8422,8425,8426,8427,8428,8440,8441,8442,8443,8451,8452,8454,8455,8460,8461,8474,8476,8485,8489,8490,8492,8494,8495,8496,8502,8504,8505,8508,8509,8514,8516,8517,8518,8519,8520,8522,8549,8561,8562,8585,8586,8615,8616,8617,8618,8656,8661,\"9004\"]', '273', '2018-12-19 12:37:49', '2020-03-12 11:20:13'),
(3, 'Central Mumbai', '400011,400012,400013,400014,400015,400016,400017,400018,400019,400025,400028,400030,400031,400033', '2010-12-24', '[35,36,53,130,137,176,180,187,241,288,299,308,381,398,407,414,425,460,464,469,476,478,480,488,516,522,534,552,568,569,570,593,606,614,640,643,653,655,661,691,692,707,708,709,722,750,754,755,772,777,784,793,795,823,824,827,838,876,912,922,923,938,979,1001,1008,1066,1088,1090,1091,1099,1120,1130,1132,1140,1149,1207,1215,1222,1225,1228,1237,1261,1266,1322,1330,1346,1347,1375,1378,1433,1444,1473,1515,1540,1543,1545,1551,1566,1571,1574,1577,1597,1603,1618,1641,1642,1680,1686,1687,1693,1724,1732,1755,1758,1774,1783,1789,1811,1818,1837,1838,1885,1909,1921,1955,1967,1994,2010,2011,2013,2029,2037,2040,2125,2126,2129,2235,2236,2280,2281,2297,2371,2432,2433,2436,2441,2443,2471,2472,2538,2539,2563,2574,2601,2618,2620,2629,2647,2680,2681,2691,2692,2717,2742,2765,2766,2861,2872,2924,2935,2992,3000,3009,3053,3055,3068,3117,3155,3159,3191,3299,3311,3314,3315,3316,3318,3419,3450,3593,3607,3608,3626,3636,3663,3684,3692,3693,3694,3695,3720,3722,3723,3724,3725,3726,3740,3755,3867,3911,3947,4024,4025,4026,4030,4048,4081,4128,4129,4130,4132,4133,4141,4149,4151,4190,4198,4201,4229,4252,4284,4287,4296,4321,4369,4439,4465,4471,4550,4588,4596,4597,4598,4663,4671,4673,4678,4680,4751,4752,4753,4754,4760,4761,4776,4790,4812,4813,4816,4827,4830,4860,4871,4885,4903,4905,4913,4931,4980,5012,5119,5123,5140,5151,5153,5164,5194,5198,5199,5223,5224,5241,5245,5250,5256,5261,5276,5344,5348,5365,5366,5367,5368,5369,5370,5373,5386,5412,5415,5416,5417,5418,5419,5423,5434,5435,5441,5454,5468,5546,5554,5556,5596,5684,5709,5723,5747,5753,5758,5788,5803,5805,5806,5812,5813,5878,5904,5909,5910,5913,5923,5935,5936,5938,5939,5940,5959,5961,5989,5992,5995,5997,6013,6029,6052,6056,6060,6061,6062,6063,6066,6073,6080,6086,6089,6098,6099,6100,6108,6119,6142,6176,6197,6205,6244,6257,6299,6300,6349,6350,6399,6403,6404,6428,6429,6430,6459,6461,6462,6471,6477,6486,6488,6517,6520,6521,6523,6572,6584,6608,6609,6610,6612,6619,6620,6631,6687,6688,6689,6690,6720,6721,6722,6765,6766,6820,6823,6859,6860,6871,6887,6901,6909,6972,6973,6974,6975,6976,6985,7005,7039,7047,7048,7051,7068,7069,7075,7085,7091,7094,7095,7111,7127,7130,7132,7138,7142,7143,7147,7148,7151,7152,7160,7169,7174,7175,7185,7194,7200,7219,7231,7238,7249,7277,7281,7291,7292,7302,7303,7312,7315,7325,7326,7327,7328,7329,7330,7336,7340,7341,7406,7411,7447,7448,7449,7486,7530,7537,7544,7545,7576,7577,7604,7608,7609,7617,7628,7647,7676,7715,7743,7744,7746,7747,7749,7772,7774,7811,7813,7837,7838,7839,7842,7843,7870,7871,7918,7921,7922,7984,8060,8075,8076,8103,8104,8107,8108,8134,8141,8172,8173,8174,8175,8207,8208,8210,8213,8222,8246,8254,8255,8266,8268,8301,8302,8369,8370,8453,8464,8493,8525,8528,8531,8536,8537,8546,8547,8548,8578,8583,8584,8587,8588,8589,8590,8591,8605,8606,8607,8608,8609,8610,8611,8612,8613,8614,8619,8620,8621,8622,8637,8638,8639,8640,8641,8642,8643,8646,8647,8662,8664,\"8682\",\"8683\",\"8684\",\"8685\",\"8686\",\"8687\",\"8688\",\"8691\",\"8692\",\"8989\",\"8990\",\"8991\",\"8992\",\"8993\",\"8994\",\"9005\",\"9006\",\"9007\",\"9008\",\"9009\",\"9010\",\"9011\",\"9012\",\"9013\",\"9014\",\"9015\",\"9016\",\"9017\",\"9018\"]', '130', '2018-12-19 12:39:30', '2020-03-19 20:28:34'),
(4, 'Ghatkopar', '400022,400024,400037,400070,400071,400073,400074,400075,400077,400084,400085,400086,400087,400088,400089,400094', '2010-12-24', '[59,68,77,236,366,415,417,418,459,466,483,486,490,497,513,532,538,563,566,571,577,580,612,631,645,714,733,783,787,791,805,880,913,930,962,963,967,969,1004,1037,1101,1112,1117,1125,1126,1127,1128,1129,1133,1135,1143,1159,1160,1210,1227,1239,1248,1251,1293,1295,1296,1302,1355,1356,1376,1387,1391,1407,1417,1426,1441,1456,1500,1504,1541,1557,1558,1583,1587,1622,1634,1635,1636,1652,1677,1690,1692,1712,1713,1750,1769,1771,1831,1891,1896,1906,1929,1947,2002,2036,2071,2104,2117,2140,2201,2255,2347,2351,2373,2377,2378,2379,2380,2392,2400,2401,2409,2416,2425,2427,2431,2493,2494,2495,2497,2498,2499,2500,2505,2513,2546,2547,2577,2635,2663,2706,2708,2709,2727,2748,2753,2783,2788,2797,2826,2844,2889,2899,2915,2944,2954,2955,2956,2957,2962,2966,2971,2998,2999,3001,3003,3015,3043,3052,3126,3128,3141,3169,3243,3288,3338,3366,3367,3369,3370,3375,3377,3380,3381,3382,3383,3384,3385,3387,3389,3390,3391,3392,3393,3394,3395,3398,3399,3400,3402,3403,3404,3405,3437,3438,3439,3440,3442,3443,3467,3509,3531,3537,3538,3573,3574,3575,3673,3700,3701,3765,3882,3894,3951,3964,3965,3980,3981,3982,3983,3984,3985,3986,3987,3988,4003,4013,4108,4124,4142,4143,4173,4175,4193,4228,4267,4268,4292,4293,4300,4307,4308,4331,4332,4364,4372,4381,4382,4392,4393,4454,4503,4527,4610,4691,4704,4731,4757,4768,4826,4828,4842,4849,4858,4859,4901,4902,4941,5063,5122,5207,5211,5220,5248,5255,5257,5391,5427,5428,5437,5520,5550,5551,5557,5558,5562,5568,5584,5602,5637,5639,5640,5641,5700,5744,5759,5794,5810,5811,5825,5834,5847,5850,5851,5853,5895,5903,5963,5993,6019,6040,6041,6115,6147,6227,6270,6291,6294,6310,6311,6312,6313,6317,6318,6319,6320,6439,6478,6531,6532,6534,6617,6618,6794,6795,6796,6799,6835,6836,6837,6882,6895,6896,6897,6898,6900,6902,6903,6916,7009,7046,7108,7115,7134,7205,7206,7207,7262,7263,7313,7365,7383,7390,7503,7531,7547,7548,7549,7563,7564,7566,7567,7574,7582,7590,7597,7607,7664,7673,7701,7710,7711,7761,7762,7763,7765,7771,7782,7783,7784,7798,7799,7812,7858,7947,8033,8072,8096,8145,8146,8168,8170,8183,8247,8248,8286,8288,8310,8311,8312,8364,8365,8383,8523,8534,8539,8565,8566,8567,8568,8592,8666,8669,\"8673\"]', '59', '2018-12-19 12:41:19', '2019-08-23 05:00:03'),
(8, 'Goregaon', '400060,400062,400063,400065,400090,400102,400104', '2010-12-24', '[37,103,145,223,321,421,454,471,487,495,498,520,541,548,564,578,584,588,591,599,604,610,629,632,634,635,636,639,644,649,706,723,724,725,751,761,765,766,767,770,790,798,819,833,834,845,865,872,906,914,929,931,932,944,945,951,954,956,958,959,970,997,998,1003,1013,1016,1023,1031,1032,1049,1051,1059,1076,1077,1096,1097,1105,1107,1108,1152,1190,1192,1194,1198,1203,1204,1211,1212,1214,1219,1243,1280,1282,1294,1305,1329,1374,1385,1386,1388,1400,1416,1430,1431,1432,1448,1454,1455,1458,1461,1470,1478,1479,1482,1488,1490,1492,1494,1496,1507,1511,1516,1548,1556,1562,1581,1586,1601,1605,1606,1607,1608,1612,1614,1615,1621,1625,1627,1628,1629,1640,1649,1650,1651,1653,1655,1684,1689,1735,1739,1747,1760,1767,1777,1778,1779,1805,1815,1820,1823,1845,1850,1863,1864,1866,1868,1869,1870,1871,1876,1877,1882,1887,1893,1918,1944,1948,1954,1957,1959,1962,1969,1978,1979,1980,1990,1995,1998,2004,2009,2028,2030,2042,2044,2045,2046,2048,2076,2146,2211,2212,2261,2272,2273,2295,2312,2313,2321,2322,2329,2337,2342,2419,2421,2423,2428,2464,2465,2475,2485,2502,2504,2507,2529,2533,2541,2550,2551,2568,2569,2575,2580,2583,2586,2589,2600,2624,2630,2654,2656,2660,2661,2670,2697,2699,2701,2719,2722,2736,2754,2758,2759,2760,2768,2770,2772,2779,2781,2787,2802,2804,2808,2818,2823,2825,2832,2842,2845,2848,2862,2865,2866,2870,2873,2877,2878,2879,2892,2902,2905,2909,2917,2921,2925,2931,2936,2948,2950,2960,2972,2978,2979,2984,2986,2990,2991,3012,3016,3018,3019,3021,3027,3028,3035,3036,3039,3056,3058,3066,3070,3076,3078,3079,3096,3098,3099,3100,3101,3105,3106,3111,3112,3116,3119,3122,3125,3134,3138,3143,3145,3146,3147,3148,3152,3162,3165,3168,3180,3187,3190,3193,3196,3199,3202,3204,3219,3224,3239,3240,3246,3254,3256,3264,3287,3328,3330,3332,3339,3348,3362,3363,3372,3373,3374,3376,3401,3413,3415,3417,3421,3424,3426,3427,3428,3429,3430,3433,3444,3448,3459,3462,3463,3464,3469,3470,3471,3474,3475,3477,3478,3479,3480,3481,3482,3483,3486,3490,3491,3497,3505,3514,3520,3541,3547,3551,3554,3558,3562,3566,3577,3578,3579,3580,3581,3582,3586,3589,3590,3596,3598,3601,3612,3615,3624,3632,3649,3650,3651,3659,3666,3669,3670,3676,3680,3681,3696,3699,3721,3730,3741,3746,3757,3763,3777,3803,3806,3807,3808,3815,3828,3832,3833,3838,3840,3851,3856,3857,3865,3908,3915,3917,3918,3919,3920,3921,3922,3931,3934,3936,3955,3992,3993,3994,3995,4045,4057,4062,4073,4097,4122,4137,4145,4147,4163,4177,4188,4191,4205,4213,4215,4218,4221,4222,4223,4224,4225,4226,4227,4230,4231,4232,4243,4245,4246,4247,4248,4250,4288,4289,4299,4302,4338,4339,4361,4373,4375,4376,4383,4385,4387,4388,4389,4403,4406,4472,4473,4474,4475,4477,4478,4479,4482,4483,4484,4487,4488,4489,4490,4493,4494,4505,4506,4507,4508,4511,4513,4516,4521,4552,4566,4607,4612,4638,4639,4650,4658,4659,4662,4677,4688,4697,4700,4701,4702,4707,4721,4730,4732,4742,4764,4779,4780,4787,4799,4803,4809,4815,4835,4839,4843,4846,4851,4853,4868,4874,4878,4879,4891,4892,4894,4895,4898,4917,4918,4919,4927,4928,4933,4934,4935,4936,4937,4939,4940,4942,4947,4948,4949,4950,4951,4952,4953,4954,4960,4962,4969,4972,4986,4988,4990,4995,4996,4997,4998,5005,5006,5009,5010,5022,5026,5033,5034,5057,5086,5089,5106,5107,5115,5120,5125,5128,5129,5136,5142,5154,5165,5168,5231,5264,5271,5281,5295,5306,5307,5314,5315,5336,5338,5352,5354,5355,5374,5375,5376,5387,5388,5392,5399,5424,5426,5431,5432,5433,5442,5443,5446,5456,5464,5480,5488,5493,5500,5506,5507,5511,5512,5528,5539,5540,5543,5544,5545,5559,5571,5573,5586,5587,5593,5597,5598,5599,5601,5603,5605,5607,5608,5609,5610,5611,5613,5614,5615,5616,5617,5619,5620,5621,5622,5643,5645,5646,5647,5648,5651,5652,5653,5655,5656,5659,5666,5671,5675,5676,5677,5683,5685,5686,5697,5698,5699,5701,5703,5704,5705,5711,5719,5720,5721,5729,5730,5731,5750,5751,5752,5754,5755,5756,5757,5762,5763,5766,5773,5774,5778,5790,5792,5793,5820,5821,5822,5823,5827,5828,5829,5830,5835,5839,5862,5867,5871,5890,5897,5907,5908,5916,5925,5934,5952,5978,5979,5988,5994,6028,6057,6064,6067,6068,6069,6091,6145,6155,6159,6160,6161,6170,6188,6198,6200,6201,6213,6230,6231,6232,6234,6242,6245,6246,6247,6248,6251,6255,6258,6266,6271,6272,6289,6290,6301,6303,6308,6314,6322,6323,6337,6339,6340,6341,6342,6343,6344,6345,6352,6361,6362,6363,6370,6378,6382,6395,6396,6397,6405,6406,6407,6423,6424,6431,6432,6433,6436,6449,6450,6460,6466,6490,6491,6492,6493,6494,6496,6497,6498,6499,6500,6501,6502,6503,6515,6518,6519,6524,6525,6539,6543,6546,6549,6551,6553,6559,6560,6565,6576,6577,6581,6585,6586,6587,6606,6634,6663,6693,6694,6714,6718,6724,6763,6775,6777,6780,6781,6797,6803,6811,6812,6830,6839,6843,6872,6873,6883,6884,6885,6886,6888,6889,6890,6891,6892,6893,6906,6907,6918,6930,6931,6937,6938,6939,6963,6964,6991,6994,7002,7013,7045,7049,7061,7072,7106,7110,7112,7116,7122,7159,7176,7180,7183,7186,7193,7195,7212,7239,7253,7258,7261,7270,7285,7286,7293,7310,7311,7317,7318,7320,7332,7335,7338,7344,7366,7367,7380,7385,7399,7400,7401,7407,7408,7409,7412,7413,7414,7416,7428,7429,7430,7431,7432,7433,7434,7444,7445,7446,7450,7451,7453,7455,7456,7457,7458,7459,7460,7461,7462,7463,7464,7465,7467,7468,7469,7474,7476,7477,7478,7481,7482,7483,7484,7485,7504,7520,7526,7534,7535,7562,7565,7570,7579,7583,7584,7591,7592,7595,7596,7600,7601,7616,7620,7621,7622,7623,7631,7633,7634,7635,7636,7637,7638,7641,7642,7643,7644,7645,7662,7665,7697,7698,7708,7712,7732,7733,7738,7739,7788,7789,7792,7800,7801,7856,7865,7872,7873,7883,7887,7907,7908,7910,7913,7914,7915,7916,7930,7934,7936,7937,7938,7941,7962,7966,7967,7983,7986,7989,8014,8015,8021,8024,8039,8044,8045,8057,8058,8059,8071,8079,8081,8091,8092,8095,8099,8100,8109,8110,8111,8113,8114,8121,8142,8143,8155,8156,8157,8160,8161,8162,8171,8177,8203,8209,8236,8237,8238,8239,8240,8252,8253,8272,8297,8298,8315,8319,8321,8334,8335,8349,8351,8358,8359,8360,8361,8366,8374,8376,8378,8384,8413,8429,8434,8435,8444,8445,8450,8463,8499,8500,8507,8524,8526,8527,8529,8550,8569,8632,8633,8648,8657,8663,\"8678\",\"8680\"]', '223', '2018-12-19 13:00:08', '2019-09-23 06:05:07'),
(9, 'Malad', '400064,400067,400095,400097,400101', '2010-12-24', '[124,140,152,183,379,435,509,518,519,535,540,625,630,666,684,687,689,718,730,738,739,743,744,747,748,760,768,774,837,844,847,849,854,855,868,881,965,995,1010,1021,1092,1093,1103,1147,1163,1167,1172,1175,1183,1185,1216,1234,1236,1291,1298,1359,1389,1396,1457,1460,1468,1471,1513,1594,1598,1630,1648,1660,1669,1685,1695,1698,1703,1730,1752,1761,1781,1790,1806,1821,1829,1842,1843,1853,1857,1865,1879,1881,1883,1884,1886,1895,1902,1910,1934,1937,1960,1974,1981,1996,2000,2001,2094,2107,2109,2120,2122,2142,2147,2153,2155,2158,2224,2238,2240,2243,2257,2304,2323,2326,2328,2343,2344,2346,2357,2396,2461,2558,2562,2570,2588,2608,2621,2622,2623,2644,2645,2655,2657,2658,2664,2685,2702,2710,2711,2739,2769,2777,2805,2812,2836,2837,2841,2853,2863,2888,2891,2903,2908,2912,2920,2929,2932,2933,2937,2938,2942,2981,2983,3023,3024,3025,3026,3037,3042,3064,3074,3075,3115,3129,3135,3137,3170,3173,3175,3179,3188,3233,3253,3260,3276,3286,3295,3308,3336,3337,3341,3359,3379,3416,3425,3449,3451,3452,3453,3454,3455,3456,3457,3473,3476,3484,3485,3487,3493,3494,3495,3503,3507,3516,3519,3549,3553,3561,3600,3619,3641,3644,3645,3653,3654,3687,3697,3698,3715,3716,3727,3735,3737,3742,3745,3753,3762,3772,3783,3785,3786,3787,3788,3794,3796,3800,3801,3802,3805,3809,3811,3812,3821,3831,3847,3849,3854,3860,3862,3868,3883,3885,3899,3912,3950,3962,3963,3998,4008,4016,4027,4029,4033,4044,4063,4064,4065,4066,4067,4071,4083,4084,4086,4087,4088,4089,4090,4092,4093,4095,4104,4110,4120,4134,4135,4138,4139,4148,4154,4161,4164,4168,4180,4181,4182,4207,4208,4211,4212,4233,4234,4235,4251,4281,4286,4336,4337,4341,4345,4365,4367,4368,4384,4391,4398,4399,4407,4408,4409,4417,4420,4421,4422,4423,4428,4438,4443,4446,4453,4455,4456,4457,4469,4476,4480,4491,4492,4495,4496,4498,4500,4501,4517,4520,4524,4528,4529,4537,4541,4542,4548,4549,4551,4567,4568,4593,4595,4599,4600,4603,4609,4614,4625,4626,4630,4631,4632,4634,4635,4637,4641,4647,4664,4669,4670,4675,4710,4718,4725,4727,4734,4755,4770,4773,4778,4795,4796,4825,4852,4863,4864,4865,4866,4869,4882,4884,4889,4893,4899,4915,4920,4921,4938,4945,4968,4999,5001,5013,5023,5027,5031,5046,5060,5065,5080,5081,5101,5121,5132,5135,5137,5143,5148,5157,5158,5159,5162,5166,5167,5173,5176,5177,5180,5187,5190,5206,5214,5225,5230,5240,5242,5252,5253,5280,5282,5283,5284,5290,5291,5292,5296,5310,5313,5317,5327,5328,5334,5364,5385,5389,5390,5394,5396,5397,5398,5447,5448,5449,5455,5460,5461,5462,5469,5471,5472,5479,5482,5484,5485,5495,5496,5498,5515,5516,5529,5537,5538,5548,5549,5564,5565,5570,5572,5579,5583,5588,5612,5626,5627,5628,5629,5630,5636,5644,5649,5654,5658,5661,5669,5670,5674,5678,5688,5690,5702,5708,5712,5715,5722,5727,5732,5745,5746,5772,5775,5776,5777,5781,5833,5846,5860,5861,5864,5865,5869,5872,5879,5884,5896,5901,5902,5914,5915,5921,5922,5933,5941,5942,5950,5955,5956,5960,5962,5967,5971,5972,5973,6007,6008,6009,6010,6012,6024,6065,6105,6116,6117,6149,6150,6151,6154,6156,6158,6162,6167,6168,6171,6173,6174,6186,6190,6191,6192,6196,6204,6206,6211,6212,6214,6228,6229,6243,6267,6293,6302,6315,6324,6326,6329,6334,6338,6346,6359,6364,6369,6371,6375,6377,6379,6380,6386,6387,6388,6400,6402,6408,6410,6411,6416,6440,6464,6465,6469,6472,6473,6474,6504,6508,6509,6510,6511,6537,6538,6544,6548,6552,6554,6555,6563,6564,6570,6571,6580,6583,6591,6592,6605,6607,6621,6622,6625,6629,6645,6646,6648,6661,6666,6667,6675,6676,6679,6680,6685,6695,6696,6704,6705,6713,6715,6716,6728,6741,6762,6778,6806,6821,6826,6827,6829,6834,6844,6845,6849,6850,6855,6875,6879,6880,6894,6915,6919,6927,6928,6929,6933,6940,6990,6998,7024,7027,7033,7034,7035,7036,7044,7050,7052,7053,7054,7055,7056,7057,7059,7060,7070,7079,7087,7101,7105,7107,7109,7117,7118,7119,7121,7126,7139,7149,7153,7154,7155,7156,7165,7189,7190,7191,7208,7209,7210,7215,7217,7226,7230,7244,7247,7248,7251,7254,7255,7259,7260,7264,7265,7266,7272,7278,7279,7280,7287,7296,7297,7299,7305,7316,7319,7321,7333,7342,7343,7351,7352,7359,7360,7361,7362,7363,7368,7373,7374,7381,7384,7386,7389,7391,7403,7404,7405,7415,7424,7436,7437,7441,7442,7443,7472,7473,7487,7488,7489,7490,7491,7492,7499,7524,7525,7542,7546,7550,7551,7552,7578,7593,7602,7603,7613,7624,7629,7630,7632,7659,7661,7669,7670,7671,7678,7679,7680,7681,7682,7683,7684,7685,7688,7692,7694,7696,7707,7716,7724,7725,7726,7734,7740,7745,7750,7754,7755,7756,7770,7778,7793,7794,7795,7796,7797,7803,7829,7830,7831,7832,7833,7834,7835,7836,7849,7850,7851,7852,7854,7855,7859,7860,7861,7862,7863,7874,7875,7884,7885,7888,7889,7890,7891,7892,7893,7895,7901,7902,7909,7912,7920,7924,7926,7927,7928,7929,7935,7942,7944,7948,7949,7952,7958,7960,7961,7964,7968,7970,7971,7973,7978,7982,7990,7992,7995,7999,8000,8001,8003,8005,8006,8007,8008,8009,8011,8012,8013,8022,8025,8027,8030,8032,8035,8043,8048,8053,8061,8065,8066,8067,8068,8069,8073,8074,8082,8083,8084,8089,8090,8093,8094,8097,8098,8105,8106,8115,8116,8117,8118,8119,8128,8131,8133,8136,8137,8138,8139,8140,8148,8149,8150,8166,8176,8190,8196,8216,8232,8233,8241,8269,8270,8273,8274,8275,8276,8293,8316,8323,8324,8326,8327,8328,8354,8356,8367,8373,8419,8430,8431,8432,8433,8438,8446,8447,8465,8479,8480,8481,8483,8498,8501,8506,8521,8601,8602,8625,8626,8627,8649,8650,8652,8653,8654,8655,\"8679\",\"8681\"]', '140', '2018-12-19 13:02:16', '2019-09-23 06:16:41'),
(10, 'Mulund', '400042,400076,400078,400079,400080,400081,400082,400083', '2010-12-24', '[55,147,162,267,281,334,473,474,514,585,642,731,801,858,862,879,900,950,972,977,1156,1186,1268,1269,1306,1357,1403,1411,1421,1474,1570,1637,1638,1639,1646,1679,1731,1785,1816,1898,1922,2062,2078,2116,2152,2159,2161,2168,2203,2223,2237,2252,2260,2301,2334,2336,2367,2390,2394,2399,2402,2417,2418,2468,2686,2749,2780,2819,2838,2849,2858,2859,2871,2880,2883,2884,2904,2910,2928,2964,2980,3008,3049,3059,3110,3114,3164,3176,3208,3271,3272,3277,3300,3320,3446,3570,3571,3602,3606,3616,3617,3620,3625,3656,3711,3712,3817,3850,3887,3888,3897,3898,3933,3944,4022,4031,4098,4114,4115,4119,4140,4155,4162,4172,4194,4204,4270,4271,4272,4273,4274,4277,4278,4279,4334,4351,4352,4353,4354,4355,4356,4357,4358,4359,4370,4371,4459,4617,4706,4739,4982,4983,5047,5097,5098,5108,5109,5163,5172,5201,5202,5203,5212,5213,5217,5221,5227,5228,5238,5254,5263,5269,5289,5320,5321,5322,5323,5324,5325,5378,5379,5380,5381,5403,5463,5473,5517,5541,5542,5547,5560,5561,5591,5592,5594,5595,5600,5695,5696,5717,5785,5891,5929,5947,5949,5976,5977,6001,6121,6122,6208,6286,6287,6288,6479,6484,6529,6530,6542,6627,6727,6732,6733,6734,6743,6744,6764,6790,6791,6792,6793,6800,6853,6854,6858,6877,6878,6899,6917,6941,6944,6987,6988,6989,6992,6997,7097,7100,7114,7120,7125,7177,7188,7211,7218,7234,7240,7246,7300,7372,7392,7393,7394,7395,7396,7402,7439,7440,7470,7471,7500,7501,7521,7527,7528,7559,7572,7573,7666,7702,7703,7720,7737,7777,7786,7787,7866,7886,7923,7943,7977,7979,7987,8036,8151,8153,8154,8158,8159,8181,8182,8185,8197,8198,8199,8200,8201,8202,8249,8250,8256,8267,8280,8281,8291,8313,8314,8318,8333,8368,8371,8377,8399,8436,8437,8475,8667,8668,\"8981\",\"8982\",\"8983\",\"8984\",\"8985\",\"8986\",\"8987\"]', '473', '2018-12-19 13:03:55', '2020-02-28 08:10:48'),
(11, 'South Mumbai', '400001,400002,400003,400004,400005,400006,400007,400008,400009,400010,400020,400021,400023,400026,400027,400032,400034,400035,400036,400038,400039', '2010-12-23', '[1,5,8,10,11,15,17,20,21,22,25,27,28,31,32,38,39,43,46,47,49,50,54,56,58,63,64,72,74,78,83,85,86,89,93,97,100,104,105,109,115,117,125,126,128,133,134,141,142,149,153,159,160,163,165,166,169,174,178,186,196,199,202,203,205,208,210,212,214,215,218,219,227,229,231,233,235,239,242,245,247,249,251,253,254,257,261,263,265,266,269,271,275,277,283,284,287,291,292,295,296,300,303,305,311,313,314,316,318,331,332,339,340,344,353,356,361,364,373,374,377,387,388,390,391,394,397,401,402,404,409,410,412,413,419,420,422,424,426,429,433,437,438,439,440,441,442,443,451,452,453,455,456,457,458,461,462,463,470,472,481,492,493,499,500,507,512,515,517,521,524,525,527,528,529,530,531,537,544,545,549,555,558,559,561,562,565,567,573,575,576,582,587,594,597,598,608,609,611,613,616,617,618,620,623,633,652,654,656,660,664,665,667,668,669,672,675,677,678,681,697,701,703,704,710,713,715,716,726,737,745,749,752,758,764,769,771,775,776,778,782,785,794,796,802,803,809,810,811,812,813,814,818,820,830,832,835,836,840,848,851,856,857,860,864,866,885,892,893,904,905,918,919,920,924,925,926,927,928,936,937,940,948,960,961,968,971,973,974,975,976,978,981,989,990,999,1005,1018,1020,1025,1026,1027,1030,1036,1045,1055,1060,1070,1073,1075,1081,1082,1083,1084,1085,1086,1087,1094,1095,1098,1110,1114,1115,1116,1119,1121,1122,1123,1131,1141,1145,1148,1150,1151,1165,1169,1170,1178,1191,1217,1221,1224,1226,1233,1235,1238,1258,1259,1260,1264,1273,1285,1286,1289,1313,1314,1316,1317,1318,1328,1332,1333,1335,1342,1351,1352,1362,1369,1384,1390,1392,1393,1395,1406,1428,1476,1483,1484,1485,1486,1489,1495,1497,1506,1508,1509,1517,1520,1523,1524,1526,1529,1534,1535,1537,1538,1539,1544,1549,1550,1560,1564,1578,1588,1593,1599,1600,1604,1610,1619,1633,1659,1662,1670,1671,1672,1681,1709,1710,1715,1717,1718,1719,1723,1726,1727,1728,1744,1756,1759,1762,1772,1775,1784,1791,1794,1807,1808,1819,1826,1832,1833,1847,1848,1849,1890,1900,1901,1908,1923,1935,1946,1952,1958,1963,1970,1971,1977,1986,1989,1999,2007,2008,2012,2016,2017,2025,2043,2050,2066,2073,2077,2097,2103,2105,2106,2110,2111,2113,2114,2115,2118,2144,2148,2160,2182,2196,2207,2208,2209,2210,2219,2233,2239,2250,2259,2276,2285,2293,2318,2340,2341,2345,2348,2361,2363,2364,2365,2375,2376,2381,2382,2384,2385,2398,2410,2420,2422,2424,2434,2440,2442,2444,2445,2446,2447,2448,2451,2453,2462,2466,2467,2473,2489,2490,2537,2555,2556,2566,2572,2579,2591,2593,2595,2606,2612,2616,2617,2625,2627,2628,2638,2639,2640,2653,2668,2695,2704,2705,2715,2716,2728,2729,2732,2751,2755,2762,2796,2813,2867,2876,2907,2914,2926,2945,2959,2967,2976,2985,2994,2995,3007,3022,3057,3065,3067,3073,3082,3084,3089,3090,3091,3092,3093,3094,3095,3113,3118,3132,3139,3142,3144,3182,3203,3225,3252,3258,3259,3275,3282,3283,3291,3292,3293,3294,3298,3301,3307,3317,3344,3345,3352,3364,3365,3466,3499,3500,3506,3522,3523,3524,3535,3545,3555,3556,3611,3638,3657,3675,3738,3743,3744,3759,3764,3767,3779,3814,3824,3825,3827,3834,3844,3852,3864,3869,3881,3891,3892,3893,3896,3910,3913,3925,3946,3953,3956,3957,3958,3967,3968,3970,3971,3972,3976,3996,3999,4000,4034,4042,4043,4046,4058,4059,4061,4076,4082,4085,4091,4099,4100,4103,4112,4126,4127,4160,4171,4174,4176,4183,4196,4200,4209,4210,4265,4266,4275,4280,4309,4324,4329,4330,4396,4397,4466,4467,4468,4543,4553,4554,4555,4556,4557,4558,4559,4560,4561,4562,4563,4564,4565,4570,4571,4572,4573,4574,4575,4576,4577,4578,4579,4584,4585,4586,4587,4589,4590,4592,4594,4613,4676,4684,4716,4749,4758,4769,4777,4782,4801,4804,4805,4806,4807,4808,4810,4811,4814,4817,4819,4820,4821,4822,4823,4824,4831,4832,4833,4836,4837,4861,4862,4867,4890,4907,4955,4958,4978,4979,4981,4991,5003,5045,5070,5072,5075,5093,5130,5133,5171,5174,5205,5208,5210,5215,5216,5219,5239,5243,5244,5273,5298,5299,5300,5301,5302,5303,5311,5329,5330,5331,5332,5333,5345,5346,5349,5350,5356,5357,5360,5361,5362,5371,5395,5401,5402,5405,5406,5407,5409,5410,5411,5414,5420,5430,5444,5445,5451,5458,5459,5483,5489,5492,5508,5509,5531,5532,5533,5535,5552,5553,5589,5650,5662,5672,5673,5706,5707,5716,5718,5724,5725,5726,5733,5734,5735,5742,5760,5761,5783,5784,5801,5802,5826,5831,5841,5843,5845,5848,5852,5854,5858,5859,5876,5877,5883,5885,5892,5906,5912,5924,5927,5928,5932,5937,5944,5946,5953,5954,5969,5970,5986,5987,6016,6020,6025,6031,6034,6035,6036,6039,6046,6048,6049,6050,6051,6055,6072,6074,6077,6078,6079,6083,6088,6093,6094,6095,6096,6102,6107,6109,6110,6113,6123,6124,6126,6132,6134,6144,6146,6180,6182,6203,6207,6209,6210,6215,6216,6217,6218,6225,6226,6259,6260,6261,6262,6263,6265,6281,6282,6283,6284,6347,6365,6366,6367,6368,6389,6390,6393,6398,6417,6420,6421,6422,6425,6426,6454,6468,6475,6485,6489,6593,6594,6595,6596,6597,6598,6599,6600,6601,6602,6604,6626,6630,6632,6637,6650,6651,6652,6668,6669,6686,6730,6736,6737,6738,6739,6742,6771,6822,6831,6846,6847,6881,6910,6912,6913,6924,6932,6948,6949,6950,6951,6956,6959,6960,6961,6962,6977,6978,6986,7006,7007,7008,7064,7065,7067,7078,7083,7084,7086,7128,7129,7131,7133,7136,7137,7146,7161,7162,7170,7171,7173,7182,7184,7228,7235,7241,7243,7252,7267,7268,7288,7301,7308,7309,7322,7323,7331,7345,7346,7347,7348,7349,7350,7354,7355,7356,7364,7375,7378,7417,7422,7435,7533,7536,7538,7539,7540,7541,7553,7555,7571,7575,7618,7619,7640,7646,7648,7649,7650,7651,7652,7653,7654,7655,7656,7657,7658,7663,7686,7704,7718,7719,7722,7742,7748,7751,7752,7753,7758,7766,7767,7775,7776,7781,7802,7804,7805,7806,7807,7808,7809,7810,7814,7815,7816,7817,7818,7819,7820,7821,7822,7827,7828,7840,7841,7844,7846,7847,7848,7857,7867,7876,7877,7878,7879,7880,7881,7896,7897,7898,7899,7900,7904,7917,7946,7953,7954,7955,7956,7959,7969,7985,7997,8016,8031,8049,8077,8080,8085,8102,8122,8123,8124,8125,8130,8163,8164,8184,8194,8204,8206,8211,8219,8220,8263,8292,8294,8295,8296,8300,8307,8308,8309,8317,8329,8330,8331,8357,8372,8394,8412,8420,8423,8424,8439,8466,8467,8471,8482,8491,8510,8511,8512,8513,8515,8535,8538,8540,8541,8542,8543,8544,8545,8552,8553,8554,8556,8557,8558,8559,8560,8563,8564,8570,8571,8572,8573,8574,8575,8576,8577,8579,8580,8581,8582,8597,8598,8599,8600,8603,8604,8628,8635,8636,8644,8645,8651,8658,8659,8660,\"8677\",\"8689\",\"8988\"]', '1', '2018-12-19 13:05:45', '2020-02-29 12:01:23');

-- --------------------------------------------------------

--
-- Table structure for table `samiti`
--

CREATE TABLE `samiti` (
  `id` int(10) UNSIGNED NOT NULL,
  `name` varchar(191) COLLATE utf8mb4_unicode_ci NOT NULL,
  `samiti_year` varchar(100) COLLATE utf8mb4_unicode_ci NOT NULL,
  `valid_till` varchar(100) COLLATE utf8mb4_unicode_ci NOT NULL,
  `regions` mediumtext COLLATE utf8mb4_unicode_ci NOT NULL,
  `admin_id` mediumtext COLLATE utf8mb4_unicode_ci,
  `members` mediumtext COLLATE utf8mb4_unicode_ci NOT NULL,
  `parent_samiti` int(11) DEFAULT NULL,
  `type` varchar(150) COLLATE utf8mb4_unicode_ci DEFAULT NULL,
  `created_at` timestamp NULL DEFAULT NULL,
  `updated_at` timestamp NULL DEFAULT CURRENT_TIMESTAMP
) ENGINE=InnoDB DEFAULT CHARSET=utf8mb4 COLLATE=utf8mb4_unicode_ci;

--
-- Dumping data for table `samiti`
--

INSERT INTO `samiti` (`id`, `name`, `samiti_year`, `valid_till`, `regions`, `admin_id`, `members`, `parent_samiti`, `type`, `created_at`, `updated_at`) VALUES
(1, 'ANDHERI MAHILA SAMITI', '2018-1-01', '2020-12-31', '[\"2\"]', '0', '[{\"member\":\"139\",\"designation\":\"Manager\"}]', NULL, 'Mahila', NULL, '2020-03-19 07:52:43'),
(2, 'Andheri Yuva Samiti', '2018-01-01', '2020-01-01', '[]', '4', '[]', NULL, NULL, NULL, '2019-01-03 12:35:13'),
(8, 'Andheri Zonal Samiti', '2018-1-01', '2020-12-31', '[\"1\"]', '14', '[{\"member\":\"0\",\"designation\":\"Adyaksh\"}]', NULL, 'Zonal', NULL, '2020-03-19 07:53:03'),
(9, 'Borivali Mahila Samiti', '2018-01-01', '2020-01-01', '[]', '139', '[]', NULL, NULL, NULL, '2018-12-27 07:55:35'),
(10, 'Borivali Yuva Samiti', '2018-1-01', '2020-12-31', '[\"1\"]', '139', '[{\"member\":\"0\",\"designation\":\"Manager\"}]', NULL, 'Yuva', NULL, '2020-03-19 07:53:12'),
(11, 'Borivali Zonal Samiti', '2018-1-01', '2020-12-31', '[\"2\"]', '273', '[{\"member\":\"273\",\"designation\":\"Adyaksh\"}]', NULL, 'Zonal', NULL, '2020-03-19 07:53:34'),
(12, 'MADHYA MUMBAI MAHILA SAMITI', '2018-01-01', '2020-01-01', '[]', '35', '[]', NULL, NULL, NULL, '2018-12-27 08:17:11'),
(13, 'MADHYA MUMBAI YUVA SAMITI', '2018-01-01', '2020-01-01', '[]', '130', '[]', NULL, NULL, NULL, '2019-01-03 13:48:31'),
(15, 'Vivah Sahyog', '2018-01-01', '2020-01-01', '[]', '4', '[]', NULL, NULL, NULL, '2018-12-27 07:58:13'),
(16, 'Ghatkoper Mahila Samiti', '2018-01-01', '2020-01-01', '[]', '59', '[]', NULL, NULL, NULL, '2018-12-27 07:58:30'),
(17, 'Ghatkoper Yuva Samiti', '2018-01-01', '2020-01-01', '[]', '59', '[]', NULL, NULL, NULL, '2018-12-27 07:46:57'),
(18, 'Ghatkoper Mahila Samiti', '2016-01-01', '2018-01-01', '[]', '59', '[]', NULL, NULL, NULL, '2018-12-27 07:59:39'),
(19, 'Ghatkoper Yuva Samiti', '2016-01-01', '2018-01-01', '[]', '59', '[]', NULL, NULL, NULL, '2018-12-27 07:46:10'),
(20, 'Ghatkoper Zonal Samiti', '2016-01-01', '2018-01-01', '[]', '59', '[]', NULL, NULL, NULL, '2018-12-27 08:00:05'),
(21, 'Goregaon Mahila Samiti', '2018-01-01', '2020-01-01', '[]', '37', '[]', NULL, NULL, NULL, '2018-12-27 08:01:18'),
(22, 'Goregaon Yuva Samiti', '2016-01-01', '2018-01-01', '[]', '37', '[]', NULL, NULL, NULL, '2018-12-27 08:02:26'),
(23, 'Goregaon Zonal Samiti', '2018-1-01', '2020-12-31', '[\"8\"]', '223', '[{\"member\":\"223\",\"designation\":\"Adyaksh\"}]', NULL, 'Zonal', NULL, '2020-03-19 07:54:10'),
(25, 'Malad Mahila Samiti', '2018-01-01', '2020-01-01', '[]', '124', '[]', NULL, NULL, NULL, '2018-12-27 08:07:04'),
(26, 'Malad Yuva Samiti', '2016-01-01', '2018-01-01', '[]', '124', '[]', NULL, NULL, NULL, '2018-12-27 08:07:38'),
(27, 'Malad Zonal Samiti', '2016-01-01', '2018-01-01', '[]', '124', '[]', NULL, NULL, NULL, '2018-12-27 08:08:17'),
(29, 'Mulund Mahila Samiti', '2018-01-01', '2020-01-01', '[]', '55', '[]', NULL, NULL, NULL, '2018-12-27 08:09:01'),
(30, 'Mulund Yuva Samiti', '2018-01-01', '2020-01-01', '[]', '55', '[]', NULL, NULL, NULL, '2018-12-27 08:09:42'),
(31, 'Mulund Zonal Samiti', '2016-01-01', '2018-01-01', '[]', '55', '[]', NULL, NULL, NULL, '2018-12-27 08:10:25'),
(32, 'Nyas Mandal', '2018', '2020', '[\"1\",\"2\",\"3\",\"4\",\"8\",\"9\",\"10\",\"11\"]', '0', '[{\"member\":\"0\",\"designation\":\"adhyaksh\"}]', NULL, NULL, NULL, '2019-08-19 10:17:11'),
(33, 'DAKSHIN MUMBAI MAHILA SAMITI', '2016-01-01', '2018-01-01', '[]', '1', '[]', NULL, NULL, NULL, '2018-12-27 08:18:31'),
(34, 'DAKSHIN MUMBAI YUVA SAMITI', '2016-01-01', '2018-01-01', '[]', '6910', '[]', NULL, NULL, NULL, '2018-12-27 08:22:35'),
(35, 'DAKSHIN MUMBAI KSHETRIYA SMAITI', '2016-01-01', '2018-01-01', '[]', '1', '[]', NULL, NULL, NULL, '2018-12-27 08:19:46'),
(36, 'Vivah Sahyog', '2016-01-01', '2018-01-01', '[]', '4', '[]', NULL, NULL, NULL, '2018-12-27 08:15:13'),
(37, 'Ghatkoper Kshetriya  Samiti', '2018-1-01', '2020-12-31', '[\"4\"]', '59', '[{\"member\":\"59\",\"designation\":\"Adyaksh\"}]', NULL, 'Zonal', NULL, '2020-03-19 10:01:38'),
(38, 'Goregaon Mahila Samiti', '2016-01-01', '2018-01-01', '[]', '37', '[]', NULL, NULL, NULL, '2018-12-27 08:01:58'),
(39, 'Goregaon Yuva Samiti', '2018-01-01', '2020-01-01', '[]', '37', '[]', NULL, NULL, NULL, '2018-12-27 08:03:07'),
(40, 'Goregaon Zonal Samiti', '2016-01-01', '2018-01-01', '[]', '37', '[]', NULL, NULL, NULL, '2018-12-27 08:03:59'),
(41, 'Information Technology', '2018', '2020', '[\"1\",\"2\",\"3\",\"4\",\"8\",\"9\",\"10\",\"11\"]', '0', '[{\"member\":\"0\",\"designation\":\"adhyaksh\"}]', NULL, NULL, NULL, '2019-08-19 10:17:50'),
(42, 'Malad Mahila Samiti', '2016-01-01', '2018-01-01', '[]', '124', '[]', NULL, NULL, NULL, '2018-12-27 08:07:21'),
(43, 'Malad Yuva Samiti', '2018', '2020', '[\"9\"]', '0', '[{\"member\":\"0\",\"designation\":\"adhyaksh\"}]', NULL, NULL, NULL, '2019-08-19 10:19:02'),
(44, 'Malad Zonal Samiti', '2018-1-01', '2020-12-31', '[\"9\"]', '140', '[{\"member\":\"140\",\"designation\":\"Adyaksh\"}]', NULL, 'Zonal', NULL, '2020-03-19 07:54:28'),
(45, 'Medical Assistance Samiti', '2000-01-01', '2050-01-01', '[]', '', '[]', NULL, 'Zonal', NULL, NULL),
(47, 'Mulund Yuva Samiti', '2016-01-01', '2018-01-01', '[]', '55', '[]', NULL, NULL, NULL, '2018-12-27 08:10:03'),
(48, 'Mulund Zonal Samiti', '2018-1-01', '2020-12-31', '[\"10\"]', '473', '[{\"member\":\"473\",\"designation\":\"Adyaksh\"}]', NULL, 'Zonal', NULL, '2020-03-19 07:56:26'),
(50, 'DAKSHIN MUMBAI MAHILA SAMITI', '2018-01-01', '2020-01-01', '[]', '1', '[]', NULL, NULL, NULL, '2018-12-27 08:19:04'),
(51, 'DAKSHIN MUMBAI YUVA SAMITI', '2018-01-01', '2020-01-01', '[]', '6910', '[]', NULL, NULL, NULL, '2018-12-27 08:24:35'),
(52, 'DAKSHIN MUMBAI KSEHTRIYA SMAITI', '2018-1-01', '2020-12-31', '[\"11\"]', '1', '[{\"member\":\"1\",\"designation\":\"Adyaksh\"}]', NULL, 'Zonal', NULL, '2020-03-19 07:53:48'),
(54, 'ANDHERI MAHILA SAMITI', '2016-01-01', '2018-01-01', '[\"1\"]', '4427', '[{\"member\":\"1429\",\"designation\":\"ADYAKSH\"},{\"member\":\"5985\",\"designation\":\"SACHIV\"},{\"member\":\"4\",\"designation\":null}]', NULL, NULL, '2018-12-27 07:41:39', '2018-12-27 07:41:39'),
(55, 'MADHYA MUMBAI KSHETRIYA SAMITI', '2018-1-01', '2020-12-31', '[\"3\"]', '35', '[{\"member\":\"35\",\"designation\":\"Adyaksh\"}]', NULL, 'Zonal', '2018-12-27 08:16:39', '2020-03-19 07:54:21'),
(77, 'Ghatkopar Mahila Samiti', '2018-01-01', '2020-12-31', '[\"4\"]', 'disabled', '[{\"member\":\"2706\",\"designation\":\"Adhyaksha\"}]', NULL, 'Mahila', '2020-03-19 10:04:49', '2020-03-19 10:04:49'),
(78, 'Ghatkopar Yuva Samiti', '2018-01-01', '2020-12-31', '[\"4\"]', 'disabled', '[{\"member\":\"5437\",\"designation\":\"Adhyaksha\"}]', NULL, 'Yuva', '2020-03-19 10:08:07', '2020-03-19 10:08:07'),
(81, 'South Mumbai Yuva Samiti', '2018-1-01', '2023-12-31', '[\"11\"]', NULL, '[{\"member\":\"0\",\"designation\":null}]', 11, 'Yuva', '2020-03-19 13:15:12', '2020-03-19 13:22:27');

-- --------------------------------------------------------

--
-- Table structure for table `surnames`
--

CREATE TABLE `surnames` (
  `id` int(10) UNSIGNED NOT NULL,
  `name` varchar(191) COLLATE utf8mb4_unicode_ci NOT NULL,
  `khanp_id` varchar(191) COLLATE utf8mb4_unicode_ci NOT NULL,
  `created_at` timestamp NULL DEFAULT NULL,
  `updated_at` timestamp NULL DEFAULT NULL,
  `deleted_at` timestamp NULL DEFAULT NULL
) ENGINE=InnoDB DEFAULT CHARSET=utf8mb4 COLLATE=utf8mb4_unicode_ci;

--
-- Dumping data for table `surnames`
--

INSERT INTO `surnames` (`id`, `name`, `khanp_id`, `created_at`, `updated_at`, `deleted_at`) VALUES
(1, 'Agal', '1', NULL, NULL, NULL),
(2, 'Agiwal', '2', NULL, NULL, NULL),
(3, 'AGSOOD', '3', NULL, NULL, NULL),
(4, 'Ajmera', '4', NULL, NULL, NULL),
(5, 'Asava', '5', NULL, NULL, NULL),
(6, 'Asawa', '5', NULL, NULL, NULL),
(7, 'Atal', '6', NULL, NULL, NULL),
(8, 'Attal', '6', NULL, NULL, NULL),
(9, 'Bagla', '7', NULL, NULL, NULL),
(10, 'Bagri', '8', NULL, NULL, NULL),
(11, 'Bahedia', '9', NULL, NULL, NULL),
(12, 'Baheti', '10', NULL, NULL, NULL),
(13, 'BAHETI -  LOHIYA', '10', NULL, NULL, NULL),
(14, 'BAHETY', '10', NULL, NULL, NULL),
(15, 'Beheti', '10', NULL, NULL, NULL),
(16, 'Bajaj', '11', NULL, NULL, NULL),
(17, 'BALDI', '12', NULL, NULL, NULL),
(18, 'Baldawa', '13', NULL, NULL, NULL),
(19, 'Balduva', '13', NULL, NULL, NULL),
(20, 'Balduwa', '13', NULL, NULL, NULL),
(21, 'Bang', '14', NULL, NULL, NULL),
(22, 'Bangad', '15', NULL, NULL, NULL),
(23, 'Bangar', '15', NULL, NULL, NULL),
(24, 'Bangard', '15', NULL, NULL, NULL),
(25, 'Bangur', '15', NULL, NULL, NULL),
(26, 'BAPDOT', '16', NULL, NULL, NULL),
(27, 'Baser', '17', NULL, NULL, NULL),
(28, 'Bhadada', '18', NULL, NULL, NULL),
(29, 'BHAGAT', '19', NULL, NULL, NULL),
(30, 'Bhaiya', '20', NULL, NULL, NULL),
(31, 'BHAKKAD', '21', NULL, NULL, NULL),
(32, 'Bhala', '22', NULL, NULL, NULL),
(33, 'Bhandari', '23', NULL, NULL, NULL),
(34, 'BHANGADIYA', '24', NULL, NULL, NULL),
(35, 'BHANGARIA', '25', NULL, NULL, NULL),
(36, 'BHANGDIA', '26', NULL, NULL, NULL),
(37, 'Bhansali', '27', NULL, NULL, NULL),
(38, 'BHARANI', '28', NULL, NULL, NULL),
(39, 'Bhattad', '29', NULL, NULL, NULL),
(40, 'Bhattar', '29', NULL, NULL, NULL),
(41, 'BHATTER', '29', NULL, NULL, NULL),
(42, 'BHAWAN', '30', NULL, NULL, NULL),
(43, 'BHOOTRA', '31', NULL, NULL, NULL),
(44, 'BHURA', '32', NULL, NULL, NULL),
(45, 'Bharadia', '33', NULL, NULL, NULL),
(46, 'Bhararia', '33', NULL, NULL, NULL),
(47, 'BHURADIYA', '34', NULL, NULL, NULL),
(48, 'Bhutada', '35', NULL, NULL, NULL),
(49, 'Bhutda', '35', NULL, NULL, NULL),
(50, 'Bhutra', '35', NULL, NULL, NULL),
(51, 'BIDADA', '36', NULL, NULL, NULL),
(52, 'Bihani', '37', NULL, NULL, NULL),
(53, 'Biyani', '37', NULL, NULL, NULL),
(54, 'BINANI', '38', NULL, NULL, NULL),
(55, 'BINJANI', '39', NULL, NULL, NULL),
(56, 'BINNANI', '40', NULL, NULL, NULL),
(57, 'Birla', '41', NULL, NULL, NULL),
(58, 'BISANI', '42', NULL, NULL, NULL),
(59, 'Boob', '43', NULL, NULL, NULL),
(60, 'Chandak', '44', NULL, NULL, NULL),
(61, 'CHARKHA', '45', NULL, NULL, NULL),
(62, 'Chechani', '46', NULL, NULL, NULL),
(63, 'Chichani', '46', NULL, NULL, NULL),
(64, 'Chhaparwal', '47', NULL, NULL, NULL),
(65, 'CHINDAK', '48', NULL, NULL, NULL),
(66, 'CHITLAGIA', '49', NULL, NULL, NULL),
(67, 'CHITLANGI', '50', NULL, NULL, NULL),
(68, 'Chitlangia', '51', NULL, NULL, NULL),
(69, 'Chokhda', '52', NULL, NULL, NULL),
(70, 'Chokhra', '52', NULL, NULL, NULL),
(71, 'CHOWDHARI', '53', NULL, NULL, NULL),
(72, 'CHOWDHRI', '54', NULL, NULL, NULL),
(73, 'Dad', '55', NULL, NULL, NULL),
(74, 'Daga', '56', NULL, NULL, NULL),
(75, 'DAKHEDA', '57', NULL, NULL, NULL),
(76, 'Daliya', '58', NULL, NULL, NULL),
(77, 'DAMANI', '59', NULL, NULL, NULL),
(78, 'Dammani', '60', NULL, NULL, NULL),
(79, 'DANGARA', '61', NULL, NULL, NULL),
(80, 'DANGRA', '62', NULL, NULL, NULL),
(81, 'Darak', '63', NULL, NULL, NULL),
(82, 'Dargad', '64', NULL, NULL, NULL),
(83, 'Dargar', '65', NULL, NULL, NULL),
(84, 'DEOPURA', '66', NULL, NULL, NULL),
(85, 'Devpura', '67', NULL, NULL, NULL),
(86, 'DHIGGA', '68', NULL, NULL, NULL),
(87, 'DHOLI', '69', NULL, NULL, NULL),
(88, 'Dhoot', '70', NULL, NULL, NULL),
(89, 'Dhupad', '71', NULL, NULL, NULL),
(90, 'DHUPAR', '71', NULL, NULL, NULL),
(91, 'DHURKA', '72', NULL, NULL, NULL),
(92, 'DIGGA', '73', NULL, NULL, NULL),
(93, 'Dodia', '74', NULL, NULL, NULL),
(94, 'DODIYA', '75', NULL, NULL, NULL),
(95, 'DUDHANI', '76', NULL, NULL, NULL),
(96, 'DUJARI', '77', NULL, NULL, NULL),
(97, 'FAFAT', '78', NULL, NULL, NULL),
(98, 'FALOD', '79', NULL, NULL, NULL),
(99, 'FALOR', '80', NULL, NULL, NULL),
(100, 'FALORE', '81', NULL, NULL, NULL),
(101, 'FOFALIA', '82', NULL, NULL, NULL),
(102, 'FOPHALIA', '83', NULL, NULL, NULL),
(103, 'FUMRA', '84', NULL, NULL, NULL),
(104, 'GADAIYA', '85', NULL, NULL, NULL),
(105, 'Gaggad', '86', NULL, NULL, NULL),
(106, 'Gaggar', '87', NULL, NULL, NULL),
(107, 'Gandhi', '88', NULL, NULL, NULL),
(108, 'Gagrani', '89', NULL, NULL, NULL),
(109, 'Gattani', '90', NULL, NULL, NULL),
(110, 'GHURKA', '91', NULL, NULL, NULL),
(111, 'GHURKHA', '92', NULL, NULL, NULL),
(112, 'Gilda', '93', NULL, NULL, NULL),
(113, 'GODANI', '94', NULL, NULL, NULL),
(114, 'GUPTA', '95', NULL, NULL, NULL),
(115, 'Heda', '96', NULL, NULL, NULL),
(116, 'HINGAR', '97', NULL, NULL, NULL),
(117, 'HOLANI', '98', NULL, NULL, NULL),
(118, 'HURAKAT', '99', NULL, NULL, NULL),
(119, 'Hurkart', '100', NULL, NULL, NULL),
(120, 'Hurkat', '100', NULL, NULL, NULL),
(121, 'Inani', '101', NULL, NULL, NULL),
(122, 'Innani', '101', NULL, NULL, NULL),
(123, 'Jagetia', '102', NULL, NULL, NULL),
(124, 'Jagetiya', '103', NULL, NULL, NULL),
(125, 'Jaislmeria', '104', NULL, NULL, NULL),
(126, 'JAITHLIYA', '105', NULL, NULL, NULL),
(127, 'Jajoo', '106', NULL, NULL, NULL),
(128, 'Jaju', '106', NULL, NULL, NULL),
(129, 'Jakhetia', '107', NULL, NULL, NULL),
(130, 'Jakhetiya', '107', NULL, NULL, NULL),
(131, 'Jakhotia', '107', NULL, NULL, NULL),
(132, 'JAKHOTIYA', '107', NULL, NULL, NULL),
(133, 'JHAKHOTIA', '107', NULL, NULL, NULL),
(134, 'JAYMALANI', '108', NULL, NULL, NULL),
(135, 'JETHA', '109', NULL, NULL, NULL),
(136, 'Jethalia', '110', NULL, NULL, NULL),
(137, 'Jethaliya', '111', NULL, NULL, NULL),
(138, 'Jhanwar', '112', NULL, NULL, NULL),
(139, 'Jhawar', '112', NULL, NULL, NULL),
(140, 'KAAHAALYA', '113', NULL, NULL, NULL),
(141, 'Kabra', '114', NULL, NULL, NULL),
(142, 'Kabre', '114', NULL, NULL, NULL),
(143, 'Kacholia', '115', NULL, NULL, NULL),
(144, 'KACHOLIYA', '115', NULL, NULL, NULL),
(145, 'Kahale', '116', NULL, NULL, NULL),
(146, 'KALA', '117', NULL, NULL, NULL),
(147, 'KALANI', '118', NULL, NULL, NULL),
(148, 'Kalantri', '119', NULL, NULL, NULL),
(149, 'KALYANI', '120', NULL, NULL, NULL),
(150, 'KANDHARI', '121', NULL, NULL, NULL),
(151, 'Kakani', '122', NULL, NULL, NULL),
(152, 'Kankani', '122', NULL, NULL, NULL),
(153, 'KARNANI', '123', NULL, NULL, NULL),
(154, 'Karwa', '124', NULL, NULL, NULL),
(155, 'Karyalay', '125', NULL, NULL, NULL),
(156, 'Kasat', '126', NULL, NULL, NULL),
(157, 'KATOR', '127', NULL, NULL, NULL),
(158, 'KAYAL', '128', NULL, NULL, NULL),
(159, 'Kela', '129', NULL, NULL, NULL),
(160, 'KELA', '130', NULL, NULL, NULL),
(161, 'KHADLOYA', '131', NULL, NULL, NULL),
(162, 'KHARLOYA', '132', NULL, NULL, NULL),
(163, 'KHATO', '133', NULL, NULL, NULL),
(164, 'KHATOR', '134', NULL, NULL, NULL),
(165, 'Khatod', '135', NULL, NULL, NULL),
(166, 'Khemani', '136', NULL, NULL, NULL),
(167, 'KOGTA', '137', NULL, NULL, NULL),
(168, 'Kothari', '138', NULL, NULL, NULL),
(169, 'Ladda', '139', NULL, NULL, NULL),
(170, 'Laddha', '139', NULL, NULL, NULL),
(171, 'LADHA', '139', NULL, NULL, NULL),
(172, 'Lahoti', '140', NULL, NULL, NULL),
(173, 'LAHOTIA', '140', NULL, NULL, NULL),
(174, 'Lakhani', '141', NULL, NULL, NULL),
(175, 'Lakhotia', '142', NULL, NULL, NULL),
(176, 'LAKHOTIYA', '142', NULL, NULL, NULL),
(177, 'Lathi', '143', NULL, NULL, NULL),
(178, 'Laturia', '144', NULL, NULL, NULL),
(179, 'Lavti', '145', NULL, NULL, NULL),
(180, 'LOHIA', '146', NULL, NULL, NULL),
(181, 'Lohiya', '147', NULL, NULL, NULL),
(182, 'LOYA', '148', NULL, NULL, NULL),
(183, 'MACHAR', '149', NULL, NULL, NULL),
(184, 'Machhar', '150', NULL, NULL, NULL),
(185, 'Maheshwari', '151', NULL, NULL, NULL),
(186, 'Malani', '152', NULL, NULL, NULL),
(187, 'MALIWAL', '153', NULL, NULL, NULL),
(188, 'Mall', '154', NULL, NULL, NULL),
(189, 'Mallad', '155', NULL, NULL, NULL),
(190, 'Maloo', '156', NULL, NULL, NULL),
(191, 'Malu', '156', NULL, NULL, NULL),
(192, 'Malapani', '157', NULL, NULL, NULL),
(193, 'Malpani', '157', NULL, NULL, NULL),
(194, 'Manal', '158', NULL, NULL, NULL),
(195, 'MANDAL', '159', NULL, NULL, NULL),
(196, 'MANDAN', '160', NULL, NULL, NULL),
(197, 'Mandhana', '161', NULL, NULL, NULL),
(198, 'MANDHANE', '161', NULL, NULL, NULL),
(199, 'Mandhania', '161', NULL, NULL, NULL),
(200, 'MANDHANYA', '161', NULL, NULL, NULL),
(201, 'Mandhnia', '161', NULL, NULL, NULL),
(202, 'Manudhane', '161', NULL, NULL, NULL),
(203, 'Mandora', '162', NULL, NULL, NULL),
(204, 'MANDORE', '162', NULL, NULL, NULL),
(205, 'Mandovara', '162', NULL, NULL, NULL),
(206, 'Mandovra', '162', NULL, NULL, NULL),
(207, 'Mandowara', '162', NULL, NULL, NULL),
(208, 'MANDOWRA', '162', NULL, NULL, NULL),
(209, 'Maniar', '163', NULL, NULL, NULL),
(210, 'MANIHAR', '163', NULL, NULL, NULL),
(211, 'Maniyar', '163', NULL, NULL, NULL),
(212, 'Mantri', '164', NULL, NULL, NULL),
(213, 'Marda', '165', NULL, NULL, NULL),
(214, 'MAROO', '166', NULL, NULL, NULL),
(215, 'MARU', '167', NULL, NULL, NULL),
(216, 'Mehra', '168', NULL, NULL, NULL),
(217, 'MEMANI', '169', NULL, NULL, NULL),
(218, 'MERCHANT', '170', NULL, NULL, NULL),
(219, 'MILAK', '171', NULL, NULL, NULL),
(220, 'MIMANI', '172', NULL, NULL, NULL),
(221, 'Modani', '173', NULL, NULL, NULL),
(222, 'Modi', '174', NULL, NULL, NULL),
(223, 'Mody', '175', NULL, NULL, NULL),
(224, 'MOHATA', '176', NULL, NULL, NULL),
(225, 'MOHATTA', '177', NULL, NULL, NULL),
(226, 'Mohta', '178', NULL, NULL, NULL),
(227, 'MOHTTA', '179', NULL, NULL, NULL),
(228, 'MOLASARIA', '180', NULL, NULL, NULL),
(229, 'Moona', '181', NULL, NULL, NULL),
(230, 'MOONDRA', '182', NULL, NULL, NULL),
(231, 'MOOTHA', '183', NULL, NULL, NULL),
(232, 'Muchhal', '184', NULL, NULL, NULL),
(233, 'Mundada', '185', NULL, NULL, NULL),
(234, 'MUNDARA', '185', NULL, NULL, NULL),
(235, 'Mundhara', '185', NULL, NULL, NULL),
(236, 'Mundhra', '185', NULL, NULL, NULL),
(237, 'Mundra', '185', NULL, NULL, NULL),
(238, 'MUNGAD', '186', NULL, NULL, NULL),
(239, 'MURKE', '187', NULL, NULL, NULL),
(240, 'NAGLIYA', '188', NULL, NULL, NULL),
(241, 'Nagori', '189', NULL, NULL, NULL),
(242, 'NAMDHARANI', '190', NULL, NULL, NULL),
(243, 'NANGALIYA', '191', NULL, NULL, NULL),
(244, 'NATHANI', '192', NULL, NULL, NULL),
(245, 'NATTHANI', '193', NULL, NULL, NULL),
(246, 'Naugaja', '194', NULL, NULL, NULL),
(247, 'Naulakha', '195', NULL, NULL, NULL),
(248, 'Naval', '196', NULL, NULL, NULL),
(249, 'Navandar', '197', NULL, NULL, NULL),
(250, 'NAVNDER', '197', NULL, NULL, NULL),
(251, 'Nawal', '198', NULL, NULL, NULL),
(252, 'Newar', '199', NULL, NULL, NULL),
(253, 'NEWAR', '200', NULL, NULL, NULL),
(254, 'Nolakha', '201', NULL, NULL, NULL),
(255, 'NUWAL', '202', NULL, NULL, NULL),
(256, 'Nyati', '203', NULL, NULL, NULL),
(257, 'PACHISIA', '204', NULL, NULL, NULL),
(258, 'PADIWAL', '205', NULL, NULL, NULL),
(259, 'PALLOD', '206', NULL, NULL, NULL),
(260, 'Palod', '206', NULL, NULL, NULL),
(261, 'PANDIT', '207', NULL, NULL, NULL),
(262, 'Panpalia', '208', NULL, NULL, NULL),
(263, 'PARIWAL', '209', NULL, NULL, NULL),
(264, 'PARTANI', '210', NULL, NULL, NULL),
(265, 'PASARI', '211', NULL, NULL, NULL),
(266, 'Patwari', '212', NULL, NULL, NULL),
(267, 'PERIWAL', '213', NULL, NULL, NULL),
(268, 'PHALOD', '214', NULL, NULL, NULL),
(269, 'Phaphat', '215', NULL, NULL, NULL),
(270, 'PHOPHALIA', '216', NULL, NULL, NULL),
(271, 'PHOPHALIYA', '217', NULL, NULL, NULL),
(272, 'PHOPHLIYA', '218', NULL, NULL, NULL),
(273, 'Parwal', '219', NULL, NULL, NULL),
(274, 'PORWAL', '219', NULL, NULL, NULL),
(275, 'Pugalia', '220', NULL, NULL, NULL),
(276, 'Puglia', '221', NULL, NULL, NULL),
(277, 'PUNGALIA', '222', NULL, NULL, NULL),
(278, 'PUNGALIYA', '223', NULL, NULL, NULL),
(279, 'Randar', '224', NULL, NULL, NULL),
(280, 'RANDER', '224', NULL, NULL, NULL),
(281, 'Rathi', '225', NULL, NULL, NULL),
(282, 'SAAWAL', '226', NULL, NULL, NULL),
(283, 'Saboo', '227', NULL, NULL, NULL),
(284, 'Sabu', '227', NULL, NULL, NULL),
(285, 'SADANI', '228', NULL, NULL, NULL),
(286, 'Samaria', '229', NULL, NULL, NULL),
(287, 'SAMARIYA', '230', NULL, NULL, NULL),
(288, 'Samdani', '231', NULL, NULL, NULL),
(289, 'Samdhani', '232', NULL, NULL, NULL),
(290, 'Sangthan', '233', NULL, NULL, NULL),
(291, 'Sanwal', '234', NULL, NULL, NULL),
(292, 'Sarda', '235', NULL, NULL, NULL),
(293, 'Sawal', '236', NULL, NULL, NULL),
(294, 'SAWNA', '237', NULL, NULL, NULL),
(295, 'Sevak', '238', NULL, NULL, NULL),
(296, 'Sharda', '239', NULL, NULL, NULL),
(297, 'Sharma', '240', NULL, NULL, NULL),
(298, 'SIKAVAT', '241', NULL, NULL, NULL),
(299, 'Sikchi', '242', NULL, NULL, NULL),
(300, 'SINGHI', '243', NULL, NULL, NULL),
(301, 'Sodani', '244', NULL, NULL, NULL),
(302, 'Sodhani', '244', NULL, NULL, NULL),
(303, 'Somani', '245', NULL, NULL, NULL),
(304, 'Soni', '246', NULL, NULL, NULL),
(305, 'SUKHANI', '247', NULL, NULL, NULL),
(306, 'Taori', '248', NULL, NULL, NULL),
(307, 'Tapadia', '249', NULL, NULL, NULL),
(308, 'TAPADIYA', '249', NULL, NULL, NULL),
(309, 'Taparia', '249', NULL, NULL, NULL),
(310, 'Tawani', '250', NULL, NULL, NULL),
(311, 'Tawari', '251', NULL, NULL, NULL),
(312, 'Tawri', '251', NULL, NULL, NULL),
(313, 'Tela', '252', NULL, NULL, NULL),
(314, 'THIRANI', '253', NULL, NULL, NULL),
(315, 'Tilotia', '254', NULL, NULL, NULL),
(316, 'Toshniwal', '255', NULL, NULL, NULL),
(317, 'Totala', '256', NULL, NULL, NULL),
(318, 'Totla', '256', NULL, NULL, NULL),
(319, 'Tuwani', '257', NULL, NULL, NULL),
(320, 'Zanwar', '258', NULL, NULL, NULL),
(321, 'Zawar', '259', NULL, NULL, NULL);

-- --------------------------------------------------------

--
-- Table structure for table `upkhanp`
--

CREATE TABLE `upkhanp` (
  `id` int(10) UNSIGNED NOT NULL,
  `khanp_id` varchar(191) COLLATE utf8mb4_unicode_ci NOT NULL,
  `name` varchar(191) COLLATE utf8mb4_unicode_ci NOT NULL,
  `created_at` timestamp NULL DEFAULT NULL,
  `updated_at` timestamp NULL DEFAULT NULL
) ENGINE=InnoDB DEFAULT CHARSET=utf8mb4 COLLATE=utf8mb4_unicode_ci;

--
-- Dumping data for table `upkhanp`
--

INSERT INTO `upkhanp` (`id`, `khanp_id`, `name`, `created_at`, `updated_at`) VALUES
(1, '1', 'Agiwal', NULL, NULL),
(2, '2', 'Agsood', NULL, NULL),
(3, '3', 'Ajmera', NULL, NULL),
(4, '1', 'Agal', NULL, NULL),
(5, '2', 'AGIWAL', NULL, NULL),
(6, '3', 'AGSOOD', NULL, NULL),
(7, '4', 'AJMERA', NULL, NULL),
(8, '4', 'KAUDAYA', NULL, NULL),
(9, '4', 'KULTHYA', NULL, NULL),
(10, '4', 'KOOKDYA', NULL, NULL),
(11, '4', 'RAI', NULL, NULL),
(12, '4', 'RANDEETA', NULL, NULL),
(13, '4', 'GHAUL', NULL, NULL),
(14, '4', 'GAULESARYA', NULL, NULL),
(15, '4', 'BHAGAT', NULL, NULL),
(16, '4', 'BHOOGTYA', NULL, NULL),
(17, '4', 'DABAUKDYA', NULL, NULL),
(18, '4', 'DODA', NULL, NULL),
(19, '4', 'MANKYA', NULL, NULL),
(20, '4', 'VINAYAKYA', NULL, NULL),
(21, '4', 'NAUSARYA', NULL, NULL),
(22, '4', 'POSARYA', NULL, NULL),
(23, '4', 'KHARAD', NULL, NULL),
(24, '4', 'KHOOCHYA', NULL, NULL),
(25, '4', 'PADHAVA', NULL, NULL),
(26, '5', 'ASAVA', NULL, NULL),
(27, '5', 'VYAPATI', NULL, NULL),
(28, '5', 'NAAG', NULL, NULL),
(29, '5', 'MANDOVRA', NULL, NULL),
(30, '6', 'ATAL', NULL, NULL),
(31, '6', 'GAUTTHNIWAL', NULL, NULL),
(32, '6', 'MARAUTHIA', NULL, NULL),
(33, '10', 'BAHETI', NULL, NULL),
(34, '10', 'ROONVDHA', NULL, NULL),
(35, '10', 'NAADAAGADDH', NULL, NULL),
(36, '10', 'LEEKASAANYA', NULL, NULL),
(37, '10', 'AAMRAPAAL', NULL, NULL),
(38, '10', 'WEDCHIWAL', NULL, NULL),
(39, '10', 'BIDADA', NULL, NULL),
(40, '10', 'KILLAL', NULL, NULL),
(41, '10', 'ROOYA', NULL, NULL),
(42, '10', 'CHARKHA', NULL, NULL),
(43, '10', 'ROODYA', NULL, NULL),
(44, '10', 'SINGHDYA', NULL, NULL),
(45, '10', 'TUMDYA', NULL, NULL),
(46, '10', 'JHATIRIA', NULL, NULL),
(47, '10', 'RADHANI', NULL, NULL),
(48, '10', 'BADHANI', NULL, NULL),
(49, '10', 'SESANI', NULL, NULL),
(50, '10', 'SAKRANI', NULL, NULL),
(51, '10', 'GODANI', NULL, NULL),
(52, '10', 'RAMANI', NULL, NULL),
(53, '10', 'BUGTAL', NULL, NULL),
(54, '10', 'BABTAULA', NULL, NULL),
(55, '10', 'LOIWAL', NULL, NULL),
(56, '10', 'BAROTYA', NULL, NULL),
(57, '10', 'BEDIWAL', NULL, NULL),
(58, '10', 'ROODHA', NULL, NULL),
(59, '10', 'KHADLOYA', NULL, NULL),
(60, '10', 'KASEDA', NULL, NULL),
(61, '10', 'SAHRA', NULL, NULL),
(62, '10', 'HAMIRPU', NULL, NULL),
(63, '11', 'BAJAJ', NULL, NULL),
(64, '11', 'ROLYA', NULL, NULL),
(65, '11', 'MARCHOONYA', NULL, NULL),
(66, '11', 'BAHEDAYA', NULL, NULL),
(67, '11', 'RAMAVAT', NULL, NULL),
(68, '11', 'CHAAMAR', NULL, NULL),
(69, '11', 'DHARUKA', NULL, NULL),
(70, '11', 'GAVDOOKA', NULL, NULL),
(71, '11', 'GATOOKA', NULL, NULL),
(72, '11', 'GODAVAT', NULL, NULL),
(73, '11', 'LAKHAVAT', NULL, NULL),
(74, '11', 'GANDHA', NULL, NULL),
(75, '11', 'KISTOORIA', NULL, NULL),
(76, '12', 'BALDI', NULL, NULL),
(78, '13', 'BALDUA', NULL, NULL),
(79, '13', 'PADWAR', NULL, NULL),
(80, '13', 'PERIWAL RAGHAVANI', NULL, NULL),
(81, '13', 'KALANI', NULL, NULL),
(82, '13', 'WEDIWAL', NULL, NULL),
(83, '14', 'BANG', NULL, NULL),
(84, '14', 'CHHETARKA', NULL, NULL),
(85, '14', 'SAANWALKA', NULL, NULL),
(86, '14', 'SOBHAWAT', NULL, NULL),
(87, '14', 'MOTAWAT', NULL, NULL),
(88, '14', 'THARAWAT', NULL, NULL),
(89, '14', 'PANSARI', NULL, NULL),
(90, '14', 'PATWARI', NULL, NULL),
(91, '15', 'BANGARAD', NULL, NULL),
(92, '15', 'BANGAD', NULL, NULL),
(93, '15', 'TAPARIA', NULL, NULL),
(94, '23', 'BHANDARI', NULL, NULL),
(95, '23', 'KALA', NULL, NULL),
(96, '23', 'GORA', NULL, NULL),
(97, '23', 'BHAKAWA', NULL, NULL),
(98, '23', 'BHOOKYA', NULL, NULL),
(99, '23', 'GOKANYA', NULL, NULL),
(100, '23', 'GULCHAK', NULL, NULL),
(101, '23', 'LATTHI', NULL, NULL),
(102, '23', 'RAI', NULL, NULL),
(103, '23', 'MIRCHYA', NULL, NULL),
(104, '23', 'NERSANYA', NULL, NULL),
(105, '23', 'NANESAR', NULL, NULL),
(106, '27', 'BHANSALI', NULL, NULL),
(107, '29', 'BHATTAR', NULL, NULL),
(108, '29', 'SOONDHA', NULL, NULL),
(109, '29', 'LADDAD', NULL, NULL),
(110, '29', 'HALAD', NULL, NULL),
(111, '29', 'KELA', NULL, NULL),
(112, '29', 'KAHRA', NULL, NULL),
(113, '29', 'BISANI', NULL, NULL),
(114, '29', 'BEESA', NULL, NULL),
(115, '29', 'BALWANI', NULL, NULL),
(116, '29', 'RAMANI', NULL, NULL),
(117, '29', 'JETTHA', NULL, NULL),
(118, '29', 'GANDHI', NULL, NULL),
(119, '29', 'BICHHOO', NULL, NULL),
(120, '29', 'GANDHI', NULL, NULL),
(121, '29', 'BHALLAD', NULL, NULL),
(122, '29', 'MOOHANDAASOT', NULL, NULL),
(123, '29', 'MAHARA', NULL, NULL),
(124, '29', 'PITHANI', NULL, NULL),
(125, '29', 'PUGLYA', NULL, NULL),
(126, '33', 'BHURADIA', NULL, NULL),
(127, '33', 'KAUTHARI', NULL, NULL),
(128, '33', 'BAMBU', NULL, NULL),
(129, '33', 'BHOOGDYA', NULL, NULL),
(130, '35', 'BHUTRA', NULL, NULL),
(131, '35', 'CHAACHYA', NULL, NULL),
(132, '35', 'DEVGATANI', NULL, NULL),
(133, '35', 'DEVDATANI', NULL, NULL),
(134, '35', 'CHAUDHARI', NULL, NULL),
(135, '36', 'BIDADA', NULL, NULL),
(136, '36', 'KILLAL', NULL, NULL),
(137, '37', 'BIYANI', NULL, NULL),
(138, '37', 'BIHANI', NULL, NULL),
(139, '37', 'SARAF', NULL, NULL),
(140, '37', 'LOHIA', NULL, NULL),
(141, '37', 'PIHANI', NULL, NULL),
(142, '37', 'BACHHANI', NULL, NULL),
(143, '37', 'PITTHANI', NULL, NULL),
(144, '37', 'GUJARKA', NULL, NULL),
(145, '37', 'BAHADKA', NULL, NULL),
(146, '37', 'LALANI', NULL, NULL),
(147, '37', 'PASARI', NULL, NULL),
(148, '37', 'LAUIKA', NULL, NULL),
(149, '37', 'PAAPDYA', NULL, NULL),
(150, '37', 'GAUBRIYA', NULL, NULL),
(151, '41', 'BIRLA', NULL, NULL),
(152, '41', 'DHOORYA', NULL, NULL),
(153, '41', 'GATTHYA', NULL, NULL),
(154, '41', 'GHOOBRYA', NULL, NULL),
(155, '41', 'GARURYA', NULL, NULL),
(156, '41', 'GAURYA', NULL, NULL),
(157, '41', 'BADALIA', NULL, NULL),
(158, '43', 'BOOB', NULL, NULL),
(159, '43', 'BORDHA', NULL, NULL),
(160, '44', 'CHANDAK', NULL, NULL),
(161, '44', 'GAURANI', NULL, NULL),
(162, '44', 'MULTANI', NULL, NULL),
(163, '44', 'MUKNANI', NULL, NULL),
(164, '44', 'MIMANI', NULL, NULL),
(165, '44', 'MADHANI', NULL, NULL),
(166, '44', 'PRAGNANI', NULL, NULL),
(167, '44', 'PRAHLADANI', NULL, NULL),
(168, '44', 'PUGALIA', NULL, NULL),
(169, '44', 'PATWA', NULL, NULL),
(170, '44', 'BIJHANI', NULL, NULL),
(171, '44', 'BHISHANI', NULL, NULL),
(172, '44', 'BHAIYA', NULL, NULL),
(173, '44', 'SAAGRA', NULL, NULL),
(174, '44', 'SANWAL', NULL, NULL),
(175, '44', 'SUKHANI', NULL, NULL),
(176, '44', 'SUNDARANI', NULL, NULL),
(177, '44', 'JOGAD', NULL, NULL),
(178, '46', 'CHECHANI', NULL, NULL),
(179, '46', 'DUDANI', NULL, NULL),
(180, '46', 'KACHAULYA', NULL, NULL),
(181, '46', 'KALKYA', NULL, NULL),
(182, '46', 'RAI', NULL, NULL),
(183, '46', 'KHAD', NULL, NULL),
(184, '47', 'CHHAPARWAL', NULL, NULL),
(185, '47', 'DUJARA', NULL, NULL),
(186, '47', 'DUSAJ', NULL, NULL),
(187, '52', 'CHOKHDA', NULL, NULL),
(188, '55', 'DAD', NULL, NULL),
(189, '55', 'THEPDYA', NULL, NULL),
(190, '55', 'DADRYA', NULL, NULL),
(191, '56', 'DAGA', NULL, NULL),
(192, '56', 'DUNDA', NULL, NULL),
(193, '56', 'KARNANI', NULL, NULL),
(194, '56', 'KESAAWAT', NULL, NULL),
(195, '56', 'KANHANI', NULL, NULL),
(196, '56', 'BHOJANI', NULL, NULL),
(197, '56', 'BITTHANI', NULL, NULL),
(198, '56', 'GAURANI', NULL, NULL),
(199, '56', 'DAMANI', NULL, NULL),
(200, '56', 'DARAAVRYA', NULL, NULL),
(201, '56', 'NHAAR', NULL, NULL),
(202, '56', 'MENYA', NULL, NULL),
(203, '56', 'MUKNANI', NULL, NULL),
(204, '56', 'MAJITTHYA', NULL, NULL),
(205, '56', 'MADHANI', NULL, NULL),
(206, '56', 'MADIA', NULL, NULL),
(207, '56', 'MAUD', NULL, NULL),
(208, '56', 'MAANDAA', NULL, NULL),
(209, '56', 'KANANI', NULL, NULL),
(210, '63', 'DARAK', NULL, NULL),
(211, '63', 'HALDYA', NULL, NULL),
(212, '63', 'MARCHOONYA', NULL, NULL),
(213, '63', 'KOTHARI', NULL, NULL),
(214, '63', 'CHAUDHARI', NULL, NULL),
(215, '67', 'DEVPURA', NULL, NULL),
(216, '67', 'KANSUBIWAL', NULL, NULL),
(217, '70', 'DHOOT', NULL, NULL),
(218, '71', 'DHUPAD', NULL, NULL),
(219, '85', 'GADAIYA', NULL, NULL),
(220, '85', 'CHAUDHARI', NULL, NULL),
(221, '85', 'HINGRAD', NULL, NULL),
(222, '89', 'GAGRANI', NULL, NULL),
(223, '89', 'GAGGAR', NULL, NULL),
(224, '89', 'BAAWECHYA', NULL, NULL),
(225, '89', 'DODAYA', NULL, NULL),
(226, '89', 'KALA', NULL, NULL),
(227, '89', 'GAHEYA', NULL, NULL),
(228, '90', 'GATTANI', NULL, NULL),
(229, '90', 'MALLAK', NULL, NULL),
(230, '90', 'TOPIWALA', NULL, NULL),
(231, '90', 'SAAKARIA', NULL, NULL),
(232, '90', 'SANKAR', NULL, NULL),
(233, '90', 'MILAKA', NULL, NULL),
(234, '93', 'GILDA', NULL, NULL),
(235, '93', 'GAHLADA', NULL, NULL),
(236, '93', 'GOGAL', NULL, NULL),
(237, '93', 'MOOTHA', NULL, NULL),
(238, '93', 'MODI', NULL, NULL),
(239, '96', 'HEDA', NULL, NULL),
(240, '100', 'HURKAT', NULL, NULL),
(241, '100', 'BHOLANI', NULL, NULL),
(242, '100', 'KAYAAL', NULL, NULL),
(243, '100', 'CHAUDHARI', NULL, NULL),
(244, '101', 'INANI', NULL, NULL),
(245, '101', 'NAGWAADYA', NULL, NULL),
(246, '106', 'JAJU', NULL, NULL),
(247, '106', 'SAMDANI', NULL, NULL),
(248, '106', 'SINGI', NULL, NULL),
(249, '106', 'TULAVATYA', NULL, NULL),
(250, '106', 'KAYAAL', NULL, NULL),
(251, '106', 'JAJNAUTYA', NULL, NULL),
(252, '107', 'JAKHOTIA', NULL, NULL),
(253, '107', 'HAULANI', NULL, NULL),
(254, '107', 'BHUWANIWAL', NULL, NULL),
(255, '112', 'JHAWAR', NULL, NULL),
(256, '112', 'GAAHALWAL', NULL, NULL),
(257, '112', 'NAGLA', NULL, NULL),
(258, '112', 'NAUSARYA', NULL, NULL),
(259, '112', 'PAUSARYA', NULL, NULL),
(260, '112', 'KHARAD', NULL, NULL),
(261, '112', 'KHUCHYA', NULL, NULL),
(262, '112', 'KHEEBJYA', NULL, NULL),
(263, '112', 'THEENGA', NULL, NULL),
(264, '112', 'MUWANI', NULL, NULL),
(265, '112', 'MEEVANYA', NULL, NULL),
(266, '112', 'MEMANI', NULL, NULL),
(267, '112', 'JHALRIA', NULL, NULL),
(268, '112', 'BHAGAT', NULL, NULL),
(269, '112', 'DANI', NULL, NULL),
(270, '112', 'CHAUDHARI', NULL, NULL),
(271, '112', 'SOMANI - JHAWAR', NULL, NULL),
(272, '113', 'KAAHAALYA', NULL, NULL),
(273, '113', 'CHAHAADAKA', NULL, NULL),
(274, '113', 'BAHAADKA', NULL, NULL),
(275, '114', 'KABRA', NULL, NULL),
(276, '114', 'MAANDMYAA', NULL, NULL),
(277, '114', 'PAALDYAA', NULL, NULL),
(278, '114', 'AATTHAARYA', NULL, NULL),
(279, '114', 'BHAGAT', NULL, NULL),
(280, '114', 'SINGI', NULL, NULL),
(281, '114', 'DHAUL', NULL, NULL),
(282, '114', 'KOTHARI', NULL, NULL),
(283, '114', 'MAANNMYA', NULL, NULL),
(284, '115', 'KACHAULYA', NULL, NULL),
(285, '115', 'RAI', NULL, NULL),
(286, '115', 'ROOP', NULL, NULL),
(287, '115', 'SAUN', NULL, NULL),
(288, '115', 'PHOOL', NULL, NULL),
(289, '115', 'NAVEERA', NULL, NULL),
(290, '118', 'KALANI', NULL, NULL),
(291, '118', 'MOORKYA', NULL, NULL),
(292, '118', 'GATANI', NULL, NULL),
(293, '118', 'KALANTRI', NULL, NULL),
(294, '118', 'KULAKSHYA', NULL, NULL),
(295, '119', 'KALANTRI', NULL, NULL),
(296, '119', 'MACHHAR', NULL, NULL),
(297, '112', 'KANKANI', NULL, NULL),
(298, '112', 'SAMBHRYA', NULL, NULL),
(299, '112', 'NARANIWAL', NULL, NULL),
(300, '112', 'CHODDHYA', NULL, NULL),
(301, '124', 'KARWA', NULL, NULL),
(302, '124', 'KAAGYA', NULL, NULL),
(303, '124', 'KAAHOR', NULL, NULL),
(304, '124', 'KOYA', NULL, NULL),
(305, '124', 'KEEYA', NULL, NULL),
(306, '124', 'KILAL', NULL, NULL),
(307, '124', 'KALANKI', NULL, NULL),
(308, '126', 'KASAT', NULL, NULL),
(309, '126', 'KATSOORA', NULL, NULL),
(310, '126', 'SURJAN', NULL, NULL),
(311, '126', 'KHOGTA', NULL, NULL),
(312, '135', 'KHATWAD', NULL, NULL),
(313, '135', 'MALANI', NULL, NULL),
(314, '135', 'MAULASARYA', NULL, NULL),
(315, '135', 'TODA', NULL, NULL),
(316, '135', 'MUCHHAL', NULL, NULL),
(317, '135', 'TUWANI', NULL, NULL),
(318, '135', 'LOTHA', NULL, NULL),
(319, '135', 'KHAD', NULL, NULL),
(320, '135', 'KAALYA', NULL, NULL),
(321, '135', 'LAUSALYA', NULL, NULL),
(322, '135', 'GANDHI', NULL, NULL),
(323, '135', 'GAHLADA', NULL, NULL),
(324, '135', 'SARAF', NULL, NULL),
(325, '135', 'NARESNYA', NULL, NULL),
(326, '135', 'PAHAADKA', NULL, NULL),
(327, '135', 'BHUTIA', NULL, NULL),
(328, '135', 'BHURIA', NULL, NULL),
(329, '135', 'BHALA', NULL, NULL),
(330, '139', 'LADDHA', NULL, NULL),
(331, '139', 'MODI', NULL, NULL),
(332, '139', 'MOONJI', NULL, NULL),
(333, '139', 'AATTHASANYA', NULL, NULL),
(334, '139', 'BHAKRODYA', NULL, NULL),
(335, '139', 'HEENGYA', NULL, NULL),
(336, '139', 'DAGDAA', NULL, NULL),
(337, '139', 'DHARANI', NULL, NULL),
(338, '139', 'JOLA', NULL, NULL),
(339, '139', 'CHAUDHARI', NULL, NULL),
(340, '139', 'DAAGDYA', NULL, NULL),
(341, '140', 'NULL', NULL, NULL),
(342, '140', 'LAHOTI', NULL, NULL),
(343, '140', 'VISAHAR', NULL, NULL),
(344, '140', 'KOOYA', NULL, NULL),
(345, '140', 'KAHA', NULL, NULL),
(346, '142', 'LAKOTIA', NULL, NULL),
(347, '142', 'JUGRAMA', NULL, NULL),
(348, '142', 'BHAIYA', NULL, NULL),
(349, '142', 'MOTTHDYA', NULL, NULL),
(350, '142', 'MAUNANA', NULL, NULL),
(351, '142', 'PARASRAM', NULL, NULL),
(352, '142', 'RAAICE', NULL, NULL),
(353, '156', 'MALOO', NULL, NULL),
(354, '156', 'SABOO', NULL, NULL),
(355, '156', 'GHIA', NULL, NULL),
(356, '156', 'TELA', NULL, NULL),
(357, '156', 'CHAUDHARI', NULL, NULL),
(358, '156', 'LOIWAL', NULL, NULL),
(359, '157', 'MALPANI', NULL, NULL),
(360, '157', 'MOOTHHA', NULL, NULL),
(361, '157', 'MODI', NULL, NULL),
(362, '157', 'JOONHARI', NULL, NULL),
(363, '157', 'BHURA', NULL, NULL),
(364, '157', 'LOOLANI', NULL, NULL),
(365, '157', 'LAULAN', NULL, NULL),
(366, '161', 'MANUDHANYA', NULL, NULL),
(367, '161', 'MANUDHANA', NULL, NULL),
(368, '161', 'MANDHANIA', NULL, NULL),
(369, '161', 'MANDHANA', NULL, NULL),
(370, '161', 'CHAUDHARI', NULL, NULL),
(371, '161', 'SYAAHAR', NULL, NULL),
(372, '161', 'GHARDOLYA', NULL, NULL),
(373, '161', 'SOOM', NULL, NULL),
(374, '161', 'SINGI', NULL, NULL),
(375, '161', 'HEERA', NULL, NULL),
(376, '162', 'MANDOVRA', NULL, NULL),
(377, '162', 'MATESARIA', NULL, NULL),
(378, '162', 'DHAULESARIA', NULL, NULL),
(379, '162', 'KESASARIA', NULL, NULL),
(380, '162', 'TELA', NULL, NULL),
(381, '163', 'MANIYAR', NULL, NULL),
(382, '163', 'PASARI', NULL, NULL),
(383, '163', 'BARDHU', NULL, NULL),
(384, '163', 'MAAIYA', NULL, NULL),
(385, '163', 'KHARNALYA', NULL, NULL),
(386, '163', 'MANKYA', NULL, NULL),
(387, '164', 'MANTRI', NULL, NULL),
(388, '173', 'MODANI', NULL, NULL),
(389, '173', 'BUMB', NULL, NULL),
(390, '173', 'MAHDANA', NULL, NULL),
(391, '173', 'MAHNANA', NULL, NULL),
(392, '173', 'MODI', NULL, NULL),
(393, '185', 'MUNDHRA', NULL, NULL),
(394, '185', 'MORANI', NULL, NULL),
(395, '185', 'MODI', NULL, NULL),
(396, '185', 'MAHALANA', NULL, NULL),
(397, '185', 'SESANI', NULL, NULL),
(398, '185', 'SAMBHARYA', NULL, NULL),
(399, '185', 'SAKRANI', NULL, NULL),
(400, '185', 'BHAKRANI', NULL, NULL),
(401, '185', 'BHARANI', NULL, NULL),
(402, '185', 'BHAURANI', NULL, NULL),
(403, '185', 'GAURANI', NULL, NULL),
(404, '185', 'ULAANI', NULL, NULL),
(405, '185', 'DODAYA', NULL, NULL),
(406, '185', 'DDHYAYA', NULL, NULL),
(407, '185', 'CHAMDYA', NULL, NULL),
(408, '185', 'CHAVAKYA', NULL, NULL),
(409, '185', 'ATERNYA', NULL, NULL),
(410, '185', 'PASARI', NULL, NULL),
(411, '185', 'CHHOTAPASARI', NULL, NULL),
(412, '185', 'PRAHLADANI', NULL, NULL),
(413, '185', 'KOTHARI', NULL, NULL),
(414, '185', 'WAREEFA', NULL, NULL),
(415, '185', 'CHAUDHARI', NULL, NULL),
(416, '185', 'BAWRI', NULL, NULL),
(417, '185', 'DAMMALKA', NULL, NULL),
(418, '185', 'GAVLANI', NULL, NULL),
(419, '185', 'ALDIA', NULL, NULL),
(420, '185', 'BALDIA', NULL, NULL),
(421, '195', 'NAULAKHA', NULL, NULL),
(422, '195', 'NAUGAJA', NULL, NULL),
(423, '196', 'NAVAL', NULL, NULL),
(424, '196', 'KHUNVAL', NULL, NULL),
(425, '196', 'MALIWAL', NULL, NULL),
(426, '197', 'NAVANDHAR', NULL, NULL),
(427, '197', 'DHARANI', NULL, NULL),
(428, '197', 'DHIRANI', NULL, NULL),
(429, '197', 'DHAARANI', NULL, NULL),
(430, '197', 'DHIRAN', NULL, NULL),
(431, '197', 'DUDDHANI', NULL, NULL),
(432, '197', 'MAUDANI', NULL, NULL),
(433, '197', 'MIMANI', NULL, NULL),
(434, '197', 'DHANANI', NULL, NULL),
(435, '197', 'PANANI', NULL, NULL),
(436, '197', 'SYAHARA', NULL, NULL),
(437, '197', 'RAI', NULL, NULL),
(438, '197', 'GANDHI', NULL, NULL),
(439, '203', 'NYAATI', NULL, NULL),
(440, '203', 'NILANKTRA', NULL, NULL),
(441, '203', 'FOFALIA', NULL, NULL),
(442, '203', 'DANDI', NULL, NULL),
(443, '206', 'PALOD', NULL, NULL),
(444, '206', 'CHITLANGIA', NULL, NULL),
(445, '206', 'RAVTYA', NULL, NULL),
(446, '206', 'LOSALYA', NULL, NULL),
(447, '206', 'JUJESARYA', NULL, NULL),
(448, '206', 'GAHALDA', NULL, NULL),
(449, '206', 'PACHISIA', NULL, NULL),
(450, '206', 'BHAKKAD', NULL, NULL),
(451, '206', 'KELA', NULL, NULL),
(452, '206', 'SETHI', NULL, NULL),
(453, '206', 'CHAVTA', NULL, NULL),
(454, '206', 'MAUNDA', NULL, NULL),
(455, '206', 'FOGIWAL', NULL, NULL),
(456, '206', 'JAITHALIA', NULL, NULL),
(457, '206', 'WAAPDOTA', NULL, NULL),
(458, '206', 'DODYA', NULL, NULL),
(459, '206', 'MOONJIWAL', NULL, NULL),
(460, '206', 'MAROO', NULL, NULL),
(461, '206', 'FAUSLYA', NULL, NULL),
(462, '210', 'PARTANI', NULL, NULL),
(463, '210', 'POONDPALYA', NULL, NULL),
(464, '210', 'DAAGDYA', NULL, NULL),
(465, '210', 'PANPALIYA', NULL, NULL),
(466, '219', 'PORWAL', NULL, NULL),
(467, '219', 'PARWAL', NULL, NULL),
(468, '219', 'DAAGDYA', NULL, NULL),
(469, '225', 'SHREE CHANDANI', NULL, NULL),
(470, '225', 'SAALHANI', NULL, NULL),
(471, '225', 'SAWANTANI', NULL, NULL),
(472, '225', 'SANGANI', NULL, NULL),
(473, '225', 'SADANI', NULL, NULL),
(474, '225', 'SATLANI', NULL, NULL),
(475, '225', 'SAHTANI', NULL, NULL),
(476, '225', 'SAHNI', NULL, NULL),
(477, '225', 'SALGANI', NULL, NULL),
(478, '225', 'SAMANI', NULL, NULL),
(479, '225', 'SUKHANI', NULL, NULL),
(480, '225', 'SUKHDEVANI', NULL, NULL),
(481, '225', 'SUJANI', NULL, NULL),
(482, '225', 'SIHANI', NULL, NULL),
(483, '225', 'KARNANI', NULL, NULL),
(484, '225', 'KALAANI', NULL, NULL),
(485, '225', 'KRAMSANI', NULL, NULL),
(486, '225', 'KAUKANI', NULL, NULL),
(487, '225', 'KHETANI', NULL, NULL),
(488, '225', 'KHEMANI', NULL, NULL),
(489, '225', 'GALWANI', NULL, NULL),
(490, '225', 'GIRDHARANI', NULL, NULL),
(491, '225', 'GAGANI', NULL, NULL),
(492, '225', 'GEGNI', NULL, NULL),
(493, '225', 'GOLMANI', NULL, NULL),
(494, '225', 'GOYDANI', NULL, NULL),
(495, '225', 'GOPALANI', NULL, NULL),
(496, '225', 'GUL', NULL, NULL),
(497, '235', 'SARDA', NULL, NULL),
(498, '235', 'NARAD', NULL, NULL),
(499, '235', 'KHARAD', NULL, NULL),
(500, '235', 'KELA', NULL, NULL),
(501, '235', 'MOONJIWAL', NULL, NULL),
(502, '235', 'KOTHARI', NULL, NULL),
(503, '235', 'KANUGO', NULL, NULL),
(504, '235', 'CHAUDHARI', NULL, NULL),
(505, '235', 'BHALEEKA', NULL, NULL),
(506, '235', 'PATWA', NULL, NULL),
(507, '235', 'DADLYA', NULL, NULL),
(508, '235', 'BHANGDYA', NULL, NULL),
(509, '235', 'SETH', NULL, NULL),
(510, '235', 'SETHI', NULL, NULL),
(511, '235', 'RAMDEV', NULL, NULL),
(512, '242', 'SIKCHI', NULL, NULL),
(513, '242', 'SEELAR', NULL, NULL),
(514, '242', 'SEELANI', NULL, NULL),
(515, '244', 'SODHANI', NULL, NULL),
(516, '244', 'DANTAAL', NULL, NULL),
(517, '244', 'DHOLI', NULL, NULL),
(518, '244', 'DAKHEDA', NULL, NULL),
(519, '244', 'HADKUTIA', NULL, NULL),
(520, '245', 'SOMANI', NULL, NULL),
(521, '245', 'ASOPA', NULL, NULL),
(522, '245', 'RAI', NULL, NULL),
(523, '245', 'KODYAKA', NULL, NULL),
(524, '245', 'KUDAAL', NULL, NULL),
(525, '245', 'MARDA', NULL, NULL),
(526, '245', 'MANANI', NULL, NULL),
(527, '245', 'KAYAAL', NULL, NULL),
(528, '245', 'PAANTYA', NULL, NULL),
(529, '245', 'MAKAD', NULL, NULL),
(530, '245', 'SHAHA', NULL, NULL),
(531, '245', 'BAGRI', NULL, NULL),
(532, '245', 'PARSAWAT', NULL, NULL),
(533, '245', 'WALEPOTA', NULL, NULL),
(534, '245', 'GYANEPOTA', NULL, NULL),
(535, '245', 'GENANI', NULL, NULL),
(536, '245', 'KASERA', NULL, NULL),
(537, '245', 'THIRANI', NULL, NULL),
(538, '245', 'KHADAWALA', NULL, NULL),
(539, '245', 'JHAWAR', NULL, NULL),
(540, '245', 'SOMANI', NULL, NULL),
(541, '246', 'SONI', NULL, NULL),
(542, '246', 'SUGRA', NULL, NULL),
(543, '246', 'NUGRA', NULL, NULL),
(544, '246', 'RAMAVAT', NULL, NULL),
(545, '246', 'BHANAVAT', NULL, NULL),
(546, '246', 'KOTHARI', NULL, NULL),
(547, '249', 'TAPARIA', NULL, NULL),
(548, '249', 'CHHACHHYA', NULL, NULL),
(549, '249', 'MUNGRAD', NULL, NULL),
(550, '251', 'TAWARI', NULL, NULL),
(551, '251', 'GORANI', NULL, NULL),
(552, '251', 'BHAKRAICE', NULL, NULL),
(553, '251', 'BHOJANI', NULL, NULL),
(554, '251', 'GURKANI', NULL, NULL),
(555, '251', 'KHETANI', NULL, NULL),
(556, '251', 'MOHTA', NULL, NULL),
(557, '255', 'TOSHNIWAL', NULL, NULL),
(558, '255', 'NAGAURI', NULL, NULL),
(559, '255', 'BHIJYAJI', NULL, NULL),
(560, '255', 'MODI', NULL, NULL),
(561, '255', 'MOONJI', NULL, NULL),
(562, '255', 'DAAMA', NULL, NULL),
(563, '255', 'NEWAR', NULL, NULL),
(564, '255', 'DAAMDI', NULL, NULL),
(565, '255', 'LAMBU', NULL, NULL),
(566, '255', 'SINGI', NULL, NULL),
(567, '255', 'DAAS', NULL, NULL),
(568, '255', 'DGAA', NULL, NULL),
(569, '255', 'JHALRIYA', NULL, NULL),
(570, '255', 'JENARIYA', NULL, NULL),
(571, '255', 'BHAKRODYA', NULL, NULL),
(572, '255', 'KOTHARI', NULL, NULL),
(573, '256', 'TOTLA', NULL, NULL),
(574, '256', 'BADHAKA', NULL, NULL),
(575, '256', 'NAGLA', NULL, NULL),
(576, '256', 'PATWARI', NULL, NULL),
(577, '256', 'TELA', NULL, NULL);

-- --------------------------------------------------------

--
-- Table structure for table `venue`
--

CREATE TABLE `venue` (
  `id` int(10) UNSIGNED NOT NULL,
  `name` varchar(191) COLLATE utf8mb4_unicode_ci NOT NULL,
  `capacity` varchar(191) COLLATE utf8mb4_unicode_ci NOT NULL,
  `rent` varchar(191) COLLATE utf8mb4_unicode_ci NOT NULL,
  `contactperson` varchar(191) COLLATE utf8mb4_unicode_ci NOT NULL,
  `contactnumber` varchar(191) COLLATE utf8mb4_unicode_ci NOT NULL,
  `actual_address` varchar(191) COLLATE utf8mb4_unicode_ci DEFAULT NULL,
  `address` mediumtext COLLATE utf8mb4_unicode_ci NOT NULL,
  `lat` varchar(191) COLLATE utf8mb4_unicode_ci NOT NULL,
  `lang` varchar(191) COLLATE utf8mb4_unicode_ci NOT NULL,
  `created_at` timestamp NULL DEFAULT NULL,
  `updated_at` timestamp NULL DEFAULT NULL
) ENGINE=InnoDB DEFAULT CHARSET=utf8mb4 COLLATE=utf8mb4_unicode_ci;

--
-- Dumping data for table `venue`
--

INSERT INTO `venue` (`id`, `name`, `capacity`, `rent`, `contactperson`, `contactnumber`, `actual_address`, `address`, `lat`, `lang`, `created_at`, `updated_at`) VALUES
(4, 'SHANMUKHNANDA HALL', '900', '4000', 'Sanjayji', '+919324825801', 'KING CIRCLE', 'Sri Shanmukhananda Fine Arts & Sangeetha Sabha, Sion, Mumbai, Maharashtra, India', '19.0312124', '72.85993770000005', '2019-04-24 11:04:03', '2019-04-24 11:04:03'),
(5, 'Maheshwari Bhavan, Girgaum', '100', '1', 'Sanjayji', '09324825801', '603 JAGANNATH SHANKAR SETH MARG, GIRGAUM, MUMBAI - 400 002', 'maheshwari pragati mandal, Marine Lines, Mumbai, Maharashtra, India', '18.9443663', '72.8241696', '2019-05-27 09:20:10', '2019-10-17 09:21:40'),
(6, 'MPM Bhavan Andheri', '400', '1', 'Sanjayji', '777', 'Maheshwari Pragati mandal, Andheri', 'Maheshwari Pragati Mandal, Mhada Colony, Andheri West, Mumbai, Maharashtra, India', '19.1492583', '72.8307393', '2019-05-31 09:08:01', '2019-05-31 09:08:01'),
(7, 'RAVINDRA NATYA MANDIR', '500', '1', 'ABC', '777', 'PRABHADEVI', 'Ravindra Natya Mandir, Prabhadevi, Mumbai, Maharashtra, India', '19.0152613', '72.83057589999999', '2019-05-31 09:10:00', '2019-05-31 09:10:00'),
(8, 'TUNGARESHWAR', '100', '1', 'ABC', '777', 'VASAI ROAD (EAST)', 'Tungareshwar Temple Gate, Tungareshwar Road, Golani Naka, Vasai East, sativli, Maharashtra, India', '19.4105887', '72.87943300000006', '2019-05-31 09:13:22', '2019-05-31 09:13:22'),
(9, 'BANGAR SEVA SADAN', '100', '1', 'ABC', '777', 'BANGAR SEVA SADAN, BANGAR NAGAR, GOREGAON', 'Bangur Nagar, Goregaon West, Mumbai, Maharashtra, India', '19.1655348', '72.83234629999993', '2019-05-31 09:20:33', '2019-05-31 09:20:33'),
(10, 'GHATKOPAR BHAVAN,', '100', '1', 'ABC', '777', 'MAHESHWARI BHAVAN, GHATKOPAR', 'Maheshwari Bhawan, Baristar Nath Road, Shanti Nagar, Garodia Nagar, Ghatkopar East, Mumbai, Maharashtra, India', '19.0740734', '72.90806520000001', '2019-05-31 09:23:44', '2019-10-10 13:35:38'),
(13, 'BANGUR NAGAR GOREGAON', '100', '1', 'SANDEEPJI PARWAL', '98203 15045', 'GROUND Bangur Nagar, Goregaon West, Mumbai, Maharashtra, India', 'Bangur Nagar, Goregaon West, Mumbai, Maharashtra, India', '19.1655348', '72.83234629999993', '2019-09-10 12:34:27', '2019-12-09 11:06:39'),
(19, 'BHANDUP', '100', '1', 'RAKESH BHTTAD', '+91 93210 30784', 'DREAMS MALL', 'Dreams Mall, Bhandup, Bhandup East, Mumbai, Maharashtra, India', '19.1454225', '72.93567110000004', '2019-09-11 10:18:51', '2019-09-11 10:18:51'),
(20, 'Coming Soon', '100', '400', 'Coming Soon', '98203 15045', 'Mumbai', 'Mumbai, Maharashtra, India', '19.0759837', '72.87765590000004', '2019-10-10 10:53:56', '2019-12-10 12:13:37'),
(21, 'Malad', '800', '400', 'Smt. Shrmila Dilipji Jhawar', '9324233820', 'A-1301, IVY TOWERS, VASANT VALLEY, NEAR DINDOSHI BUS DEPOT, MALAD EAST', 'Vasant Valley Complex, Malad, Dindoshi, Malad East, Mumbai, Maharashtra, India', '19.1769695', '72.86271039999997', '2019-10-10 11:00:51', '2019-10-10 11:00:51'),
(22, 'MPM Mumbai', '800', '100', 'Arpit Devpura', '9820275443', 'Mumbai', 'Maheshwari Pragati Mandal, Jss Road, Marine Lines East, Bhangwadi, Marine Lines, Mumbai, Maharashtra, India', '18.9461572', '72.82765530000006', '2019-12-10 12:39:24', '2019-12-10 12:39:24'),
(23, 'Nepal', '100', '800', 'Saroj Soni', '9820533586', 'Nepal', 'Nepal', '28.394857', '84.124008', '2019-12-12 11:01:45', '2019-12-12 11:01:45'),
(24, 'Srilanka', '800', '200', 'Sunil Kabra', '9820116672', 'Srilanka', 'Sri Lanka', '7.873053999999999', '80.77179699999999', '2019-12-12 11:05:59', '2019-12-12 11:05:59'),
(25, 'Europe', '900', '1', 'Venkatesh Bajaj', '7718877742', 'Europe', 'Europa-Park, Europa-Park-Straße, Rust, Germany', '48.2660194', '7.7220076', '2020-02-24 08:03:37', '2020-02-24 08:03:37'),
(26, 'Lower Parel (W)', '100', '1', 'Suresh Jaju', '9619950044', 'Lotus Enpar Residency, Hanuman lane, Lower Parel West, Lower Parel, Mumbai, Maharashtra, India', 'Lotus Enpar Residency, Hanuman lane, Lower Parel West, Lower Parel, Mumbai, Maharashtra, India', '19.0032534', '72.8248833', '2020-02-25 09:35:11', '2020-02-25 09:35:11'),
(27, 'Manglaya Bhavan , Borivali', '100', '1', 'Rashmi Jajoo', '9969758943', 'Maa Mangalaya Bhawan, Eksar Village, Eksar, Borivali West, Mumbai, Maharashtra, India', 'Maa Mangalaya Bhawan, Eksar Village, Eksar, Borivali West, Mumbai, Maharashtra, India', '19.2361675', '72.8402989', '2020-02-25 10:45:00', '2020-02-25 10:45:00');

-- --------------------------------------------------------

--
-- Table structure for table `videos`
--

CREATE TABLE `videos` (
  `id` int(11) NOT NULL,
  `video_title` varchar(255) NOT NULL,
  `youtube_id` text NOT NULL,
  `created_at` timestamp NULL DEFAULT NULL,
  `updated_at` timestamp NOT NULL DEFAULT CURRENT_TIMESTAMP,
  `status` enum('1','0') NOT NULL DEFAULT '1'
) ENGINE=InnoDB DEFAULT CHARSET=latin1;

--
-- Dumping data for table `videos`
--

INSERT INTO `videos` (`id`, `video_title`, `youtube_id`, `created_at`, `updated_at`, `status`) VALUES
(4, 'Taparia Sarthak Jeevan', 'NVE0GX42Iyw', '2019-09-09 00:00:00', '2019-09-09 07:02:47', '1'),
(5, 'Shyam Soni', 'DnRIqXdL1b8', '2019-09-09 00:00:00', '2019-09-09 07:29:24', '1'),
(6, 'Entrepreneurship Conclave', 'mXDDVYDffjk', '2019-09-09 00:00:00', '2019-09-09 08:00:30', '1'),
(7, 'Brihad Sneh Milan 2020', 'PEhNFWnqQmE', '2019-12-09 00:00:00', '2019-12-09 13:05:13', '1');

--
-- Indexes for dumped tables
--

--
-- Indexes for table `brochures`
--
ALTER TABLE `brochures`
  ADD PRIMARY KEY (`id`);

--
-- Indexes for table `brochures_bkp`
--
ALTER TABLE `brochures_bkp`
  ADD PRIMARY KEY (`id`);

--
-- Indexes for table `company_info`
--
ALTER TABLE `company_info`
  ADD PRIMARY KEY (`id`);

--
-- Indexes for table `downloads`
--
ALTER TABLE `downloads`
  ADD PRIMARY KEY (`id`);

--
-- Indexes for table `event`
--
ALTER TABLE `event`
  ADD PRIMARY KEY (`id`);

--
-- Indexes for table `event_bkp`
--
ALTER TABLE `event_bkp`
  ADD PRIMARY KEY (`id`);

--
-- Indexes for table `event_interested_user`
--
ALTER TABLE `event_interested_user`
  ADD PRIMARY KEY (`id`);

--
-- Indexes for table `family`
--
ALTER TABLE `family`
  ADD PRIMARY KEY (`id`);

--
-- Indexes for table `galleries`
--
ALTER TABLE `galleries`
  ADD PRIMARY KEY (`id`);

--
-- Indexes for table `khanp`
--
ALTER TABLE `khanp`
  ADD PRIMARY KEY (`id`);

--
-- Indexes for table `members`
--
ALTER TABLE `members`
  ADD PRIMARY KEY (`id`);

--
-- Indexes for table `migrations`
--
ALTER TABLE `migrations`
  ADD PRIMARY KEY (`id`);

--
-- Indexes for table `new_registration`
--
ALTER TABLE `new_registration`
  ADD PRIMARY KEY (`id`);

--
-- Indexes for table `obituaries`
--
ALTER TABLE `obituaries`
  ADD PRIMARY KEY (`id`);

--
-- Indexes for table `otp_verify`
--
ALTER TABLE `otp_verify`
  ADD PRIMARY KEY (`id`);

--
-- Indexes for table `qualification`
--
ALTER TABLE `qualification`
  ADD PRIMARY KEY (`id`);

--
-- Indexes for table `qualification_category`
--
ALTER TABLE `qualification_category`
  ADD PRIMARY KEY (`id`);

--
-- Indexes for table `regions`
--
ALTER TABLE `regions`
  ADD PRIMARY KEY (`id`);

--
-- Indexes for table `samiti`
--
ALTER TABLE `samiti`
  ADD PRIMARY KEY (`id`);

--
-- Indexes for table `surnames`
--
ALTER TABLE `surnames`
  ADD PRIMARY KEY (`id`);

--
-- Indexes for table `upkhanp`
--
ALTER TABLE `upkhanp`
  ADD PRIMARY KEY (`id`);

--
-- Indexes for table `venue`
--
ALTER TABLE `venue`
  ADD PRIMARY KEY (`id`);

--
-- Indexes for table `videos`
--
ALTER TABLE `videos`
  ADD PRIMARY KEY (`id`);

--
-- AUTO_INCREMENT for dumped tables
--

--
-- AUTO_INCREMENT for table `brochures`
--
ALTER TABLE `brochures`
  MODIFY `id` int(10) UNSIGNED NOT NULL AUTO_INCREMENT, AUTO_INCREMENT=48;
--
-- AUTO_INCREMENT for table `brochures_bkp`
--
ALTER TABLE `brochures_bkp`
  MODIFY `id` int(10) UNSIGNED NOT NULL AUTO_INCREMENT, AUTO_INCREMENT=46;
--
-- AUTO_INCREMENT for table `company_info`
--
ALTER TABLE `company_info`
  MODIFY `id` int(11) NOT NULL AUTO_INCREMENT, AUTO_INCREMENT=2;
--
-- AUTO_INCREMENT for table `downloads`
--
ALTER TABLE `downloads`
  MODIFY `id` int(10) UNSIGNED NOT NULL AUTO_INCREMENT, AUTO_INCREMENT=6;
--
-- AUTO_INCREMENT for table `event`
--
ALTER TABLE `event`
  MODIFY `id` int(10) UNSIGNED NOT NULL AUTO_INCREMENT, AUTO_INCREMENT=71;
--
-- AUTO_INCREMENT for table `event_bkp`
--
ALTER TABLE `event_bkp`
  MODIFY `id` int(10) UNSIGNED NOT NULL AUTO_INCREMENT, AUTO_INCREMENT=52;
--
-- AUTO_INCREMENT for table `event_interested_user`
--
ALTER TABLE `event_interested_user`
  MODIFY `id` int(11) NOT NULL AUTO_INCREMENT, AUTO_INCREMENT=3;
--
-- AUTO_INCREMENT for table `family`
--
ALTER TABLE `family`
  MODIFY `id` int(10) UNSIGNED NOT NULL AUTO_INCREMENT, AUTO_INCREMENT=121;
--
-- AUTO_INCREMENT for table `galleries`
--
ALTER TABLE `galleries`
  MODIFY `id` int(10) UNSIGNED NOT NULL AUTO_INCREMENT, AUTO_INCREMENT=5;
--
-- AUTO_INCREMENT for table `khanp`
--
ALTER TABLE `khanp`
  MODIFY `id` int(10) UNSIGNED NOT NULL AUTO_INCREMENT, AUTO_INCREMENT=260;
--
-- AUTO_INCREMENT for table `members`
--
ALTER TABLE `members`
  MODIFY `id` int(10) UNSIGNED NOT NULL AUTO_INCREMENT, AUTO_INCREMENT=9005;
--
-- AUTO_INCREMENT for table `migrations`
--
ALTER TABLE `migrations`
  MODIFY `id` int(10) UNSIGNED NOT NULL AUTO_INCREMENT, AUTO_INCREMENT=81;
--
-- AUTO_INCREMENT for table `new_registration`
--
ALTER TABLE `new_registration`
  MODIFY `id` int(10) UNSIGNED NOT NULL AUTO_INCREMENT, AUTO_INCREMENT=138;
--
-- AUTO_INCREMENT for table `obituaries`
--
ALTER TABLE `obituaries`
  MODIFY `id` int(10) UNSIGNED NOT NULL AUTO_INCREMENT, AUTO_INCREMENT=7;
--
-- AUTO_INCREMENT for table `otp_verify`
--
ALTER TABLE `otp_verify`
  MODIFY `id` int(10) UNSIGNED NOT NULL AUTO_INCREMENT, AUTO_INCREMENT=78;
--
-- AUTO_INCREMENT for table `qualification`
--
ALTER TABLE `qualification`
  MODIFY `id` int(11) NOT NULL AUTO_INCREMENT, AUTO_INCREMENT=76;
--
-- AUTO_INCREMENT for table `qualification_category`
--
ALTER TABLE `qualification_category`
  MODIFY `id` int(11) NOT NULL AUTO_INCREMENT, AUTO_INCREMENT=12;
--
-- AUTO_INCREMENT for table `regions`
--
ALTER TABLE `regions`
  MODIFY `id` int(10) UNSIGNED NOT NULL AUTO_INCREMENT, AUTO_INCREMENT=12;
--
-- AUTO_INCREMENT for table `samiti`
--
ALTER TABLE `samiti`
  MODIFY `id` int(10) UNSIGNED NOT NULL AUTO_INCREMENT, AUTO_INCREMENT=82;
--
-- AUTO_INCREMENT for table `surnames`
--
ALTER TABLE `surnames`
  MODIFY `id` int(10) UNSIGNED NOT NULL AUTO_INCREMENT, AUTO_INCREMENT=322;
--
-- AUTO_INCREMENT for table `upkhanp`
--
ALTER TABLE `upkhanp`
  MODIFY `id` int(10) UNSIGNED NOT NULL AUTO_INCREMENT, AUTO_INCREMENT=578;
--
-- AUTO_INCREMENT for table `venue`
--
ALTER TABLE `venue`
  MODIFY `id` int(10) UNSIGNED NOT NULL AUTO_INCREMENT, AUTO_INCREMENT=28;
--
-- AUTO_INCREMENT for table `videos`
--
ALTER TABLE `videos`
  MODIFY `id` int(11) NOT NULL AUTO_INCREMENT, AUTO_INCREMENT=8;
